{"id":218,"date":"2013-08-12T04:04:07","date_gmt":"2013-08-12T04:04:07","guid":{"rendered":"http:\/\/crystalralaksmi.com\/eesti\/?page_id=218"},"modified":"2019-07-30T13:12:51","modified_gmt":"2019-07-30T10:12:51","slug":"esmakordne-konsultatsioon","status":"publish","type":"page","link":"https:\/\/crystalralaksmi.com\/eesti\/teenused\/esmakordne-konsultatsioon\/","title":{"rendered":"Esmakordne konsultatsioon"},"content":{"rendered":"<p>[et_pb_section fb_built=&#8221;1&#8243; admin_label=&#8221;Section&#8221; _builder_version=&#8221;3.22.3&#8243; saved_tabs=&#8221;all&#8221; global_module=&#8221;225116&#8243;][et_pb_row _builder_version=&#8221;3.25&#8243; background_size=&#8221;initial&#8221; background_position=&#8221;top_left&#8221; background_repeat=&#8221;repeat&#8221;][et_pb_column type=&#8221;4_4&#8243; _builder_version=&#8221;3.25.3&#8243;][et_pb_post_title meta=&#8221;off&#8221; featured_image=&#8221;off&#8221; _builder_version=&#8221;3.25.3&#8243; title_font=&#8221;Poppins|600|||||||&#8221; custom_margin=&#8221;||0px|||&#8221;][\/et_pb_post_title][et_pb_divider color=&#8221;#57ca85&#8243; divider_weight=&#8221;5px&#8221; _builder_version=&#8221;3.25.3&#8243; width=&#8221;14%&#8221;][\/et_pb_divider][\/et_pb_column][\/et_pb_row][\/et_pb_section][et_pb_section fb_built=&#8221;1&#8243; _builder_version=&#8221;3.22&#8243;][et_pb_row _builder_version=&#8221;3.25&#8243; background_size=&#8221;initial&#8221; background_position=&#8221;top_left&#8221; background_repeat=&#8221;repeat&#8221;][et_pb_column type=&#8221;4_4&#8243; _builder_version=&#8221;3.25&#8243; custom_padding=&#8221;|||&#8221; custom_padding__hover=&#8221;|||&#8221;][et_pb_text _builder_version=&#8221;3.0.74&#8243; background_size=&#8221;initial&#8221; background_position=&#8221;top_left&#8221; background_repeat=&#8221;repeat&#8221;]<\/p>\n<p style=\"text-align: justify;\"><strong><a href=\"https:\/\/crystalralaksmi.com\/eesti\/wp-content\/uploads\/2013\/08\/alohacrystalplumerias1.jpg\"><img loading=\"lazy\" decoding=\"async\" class=\"alignleft wp-image-4112 size-medium\" src=\"https:\/\/crystalralaksmi.com\/eesti\/wp-content\/uploads\/2013\/08\/alohacrystalplumerias1-274x300.jpg\" alt=\"\" width=\"274\" height=\"300\" \/><\/a>Kui sa v\u00f5tad minuga \u00fchendust, anna teada mis on sinu probleem ja mida sa tunned, et mina saaksin sulle panustada?\u00a0<\/strong><\/p>\n<p style=\"text-align: justify;\">Kui sa ei tea mida teenustest v\u00f5i toodetest v\u00f5i s\u00fcndmustest valida, siis ma v\u00f5in sulle ise oma men\u00fc\u00fcd tutvustada.<\/p>\n<p style=\"text-align: justify;\"><strong>Kui sa tunned, et sooviksid teha pikemat ja s\u00fcgavamat t\u00f6\u00f6d iseendaga, siis ma soovitan alustada kaardistamise sessiooniga, mis annab \u00fclevaate kus sa oma elus oled ja mida sooviksid muuta.\u00a0<\/strong><\/p>\n<p style=\"text-align: justify;\">Kui sa soovid vaid \u00fchte seanssi, siis vaatame mida saame teha \u00e4ra koheselt nende teemadega mis su s\u00fcdamel on. Vali siis m\u00f5ni teenus, mis sinuga heliseb ja v\u00f5ta \u00fchendust!<\/p>\n<p style=\"text-align: justify;\"><strong>Minu aastatepikkune kogemus n\u00e4itab, et k\u00f5ik ei pruugi alati olla nii nagu paistab<\/strong>. Kui sa n\u00e4iteks tuled minu juurde ning sul on rahaprobleem, siis meil on vaja kaardistada ja leida \u00fclesse kus on see veakood. V\u00e4ga sageli on \u00fcks teema seotud teisega.<\/p>\n<p style=\"text-align: justify;\">V\u00e4ga sagedane on n\u00e4iteks, et v\u00e4hene raha on seotud madala enesehinnanguga ja enesev\u00e4\u00e4rtustamisega, v\u00e4ga n\u00f5rk v\u00f5ime oma \u00f5iguste eest seista ja ei omata otsest kontakti oma sisemise potensiaaliga, v\u00f5imete, ja talentidega. Neil v\u00f5ivad ka olla pahad harjumused ja mitte toetavad keskkonnad. Kui tunned end halvasti, siis see peegeldab v\u00e4lismaailmast tagasi ja sedamoodi on ka raske leida armsamaid. Lisaks v\u00f5ib kannatada tervis ja siis pole motivatsiooni midagi teha ja t\u00f6\u00f6tada. Selle tulemusena ei tule ka \u00a0raha sisse!<\/p>\n<p style=\"text-align: justify;\">Ma kasutan k\u00f5iki oma v\u00f5imeid &#8211; selgelt n\u00e4gemine, selgelt kuulmine, selgelt tundmine, selgelt haistminie jne. Ma h\u00e4\u00e4lestun sinule ja sinu elule ja su kehale just nii palju kui sa sooviksid. Ma saan sageli pilte, visioone, s\u00f5nu ja maitseid, l\u00f5hnu ja lugusid, et sinuga seda t\u00e4pselt jagada. <strong>Selleks, et see saaks tulla ka sinu teadmisest, ma k\u00fcsin sinult k\u00fcsimusi<\/strong>, mis v\u00f5ivad sul aidata aru saada keerdkohtadest ja tulla tagasi iseenda juurde koju. Kui sa seda jagad sel moel, siis sa integreerid selle t\u00e4ielikult oma teadmisega.<\/p>\n<p style=\"text-align: justify;\">Ma eelistan t\u00f6\u00f6tada terviklikult vaadates sinu mentaalset, keha ja vaimu &#8211; k\u00f5iki osasid \u00fcheaegselt. Parimad tulemused mis ma olen saanud, on olnud klientidega, kes on p\u00fchendanud ennast mitmetele seanssidele \u00fcksteise j\u00e4rgi. Ma tavaliselt soovitan miinimum 4 sessiooni, kuid sina tead k\u00f5ige paremini, mida sul on vaja.<\/p>\n<p style=\"text-align: justify;\"><strong>Mida sina tunnetad sul vaja on?\u00a0<\/strong><\/p>\n<p style=\"text-align: justify;\"><strong>V\u00f5ib-olla see mida sina vajad on vaid \u00fcks sessioon, sest h\u00f5lmab endas k\u00f5ike?<\/strong><\/p>\n<p style=\"text-align: justify;\"><strong>Ma julgustan sind j\u00e4rgnema oma teadmisele ja sellest mind teavitama!<\/strong><\/p>\n<p style=\"text-align: justify;\"><strong>Minu \u00fcks v\u00f5imalikest l\u00e4henemistest 4 seansi puhul:<\/strong><\/p>\n<p style=\"text-align: justify;\">1. Kaardistada kus sa oled ja mida sooviksid muuta, paneme sinu sihtm\u00e4rgid koos paika.<\/p>\n<p style=\"text-align: justify;\">2. Vastavalt sinu kaardile, hakkame su keha, meelt ja vaimu \u00fcmber muundama ja see v\u00f5ib v\u00f5tta \u00fcks sessioon \u00fche teema peale.<\/p>\n<p style=\"text-align: justify;\">Palun k\u00e4i l\u00e4bi mu teenused ja tooted ja leia need, mis on sinuga resonneeruvad ja mis on sulle kasulikud!<\/p>\n<p style=\"text-align: justify;\">Mainin ka siin teemasid millele v\u00f5iks fookuse panna:<\/p>\n<ul style=\"text-align: justify;\">\n<li>\n<p align=\"JUSTIFY\">\u00c4revus ja stress<\/p>\n<\/li>\n<li>\n<p align=\"JUSTIFY\">Igat sorti f\u00fc\u00fcsiline ja emotsionaalne valu<\/p>\n<\/li>\n<li>\n<p align=\"JUSTIFY\">Liigeste probleemid<\/p>\n<\/li>\n<li>\n<p align=\"JUSTIFY\">N\u00e4o ja keha vananemine<\/p>\n<\/li>\n<li>\n<p align=\"JUSTIFY\">Peavalud<\/p>\n<\/li>\n<li>\n<p align=\"JUSTIFY\">Immuunsusega seotud probleemid<\/p>\n<\/li>\n<li>\n<p align=\"JUSTIFY\">Muskulatuur ja selgroo probleemid<\/p>\n<\/li>\n<li>\n<p align=\"JUSTIFY\">Kaalu t\u00f5stmine v\u00f5i langetamine<\/p>\n<\/li>\n<li>\n<p align=\"JUSTIFY\">Silman\u00e4gemise parandamine<\/p>\n<\/li>\n<li>\n<p align=\"JUSTIFY\">L\u00e4bip\u00f5lemine<\/p>\n<\/li>\n<li>\n<p align=\"JUSTIFY\">Ebakindlus<\/p>\n<\/li>\n<li>\n<p align=\"JUSTIFY\">Suhte probleemid<\/p>\n<\/li>\n<li>Vaesuse illusioon<\/li>\n<li>\n<p align=\"JUSTIFY\">Ohvrimeelsus<\/p>\n<\/li>\n<li>\n<p align=\"JUSTIFY\">K\u00f5rguse\/s\u00fcgavuse ja vee kartus<\/p>\n<\/li>\n<li>\n<p align=\"JUSTIFY\">Klaustrofoobia<\/p>\n<\/li>\n<li>\n<p align=\"JUSTIFY\">Suitsetamine<\/p>\n<\/li>\n<li>\n<p align=\"JUSTIFY\">\u00dcles\u00f6\u00f6mine<\/p>\n<\/li>\n<li>H\u00fcperventilatsioon<\/li>\n<li>\n<p align=\"JUSTIFY\">Trauma ja shokk<\/p>\n<\/li>\n<li>L\u00fcmfiprobleemid<\/li>\n<li>\n<p align=\"JUSTIFY\">Seksuaalsed mittetoimivad mustrid<\/p>\n<\/li>\n<li>\n<p align=\"JUSTIFY\">Heli ja akustika probleemid<\/p>\n<\/li>\n<li>\n<p align=\"JUSTIFY\">Harkn\u00e4\u00e4rme ja muud probleemid<\/p>\n<\/li>\n<\/ul>\n<p style=\"text-align: justify;\"><strong>Tere tulemast! Olgu meil koos l\u00f5bus!<\/strong><\/p>\n<p style=\"text-align: justify;\">Sessioone saab teha online, kohapeal (seal kus ma paiknen) v\u00f5i kaudselt. Olen teinud ka palju kehaseansse l\u00e4bi skype-i. M\u00f5nikord on tulemused isegi paremad olnud kui oleks olnud f\u00fc\u00fcsiliselt kohal.<\/p>\n<p style=\"text-align: center;\"><a href=\"https:\/\/crystalralaksmi.com\/eesti\/wp-content\/uploads\/2015\/07\/3Viljandiringevega.jpg\"><img loading=\"lazy\" decoding=\"async\" class=\"size-thumbnail wp-image-2755 aligncenter\" src=\"https:\/\/crystalralaksmi.com\/eesti\/wp-content\/uploads\/2015\/07\/3Viljandiringevega-150x150.jpg\" alt=\"3Viljandiringevega\" width=\"150\" height=\"150\" \/><\/a>Grupis\u00fcndmus Viljandis suvel 2015<\/p>\n<p style=\"text-align: center;\">\n<p>[\/et_pb_text][\/et_pb_column][\/et_pb_row][\/et_pb_section]<\/p>\n<span class=\"et_bloom_bottom_trigger\"><\/span>","protected":false},"excerpt":{"rendered":"<p>Kui sa v\u00f5tad minuga \u00fchendust, anna teada mis on sinu probleem ja mida sa tunned, et mina saaksin sulle panustada?\u00a0 Kui sa ei tea mida teenustest v\u00f5i toodetest v\u00f5i s\u00fcndmustest [&hellip;]<\/p>\n","protected":false},"author":1,"featured_media":224793,"parent":215,"menu_order":0,"comment_status":"closed","ping_status":"closed","template":"","meta":{"_acf_changed":false,"_et_pb_use_builder":"on","_et_pb_old_content":"<p style=\"text-align: justify;\"><strong><a href=\"https:\/\/crystalralaksmi.com\/eesti\/wp-content\/uploads\/2013\/08\/alohacrystalplumerias1.jpg\"><img class=\"alignleft wp-image-4112 size-medium\" src=\"https:\/\/crystalralaksmi.com\/eesti\/wp-content\/uploads\/2013\/08\/alohacrystalplumerias1-274x300.jpg\" alt=\"\" width=\"274\" height=\"300\" \/><\/a>Kui sa v\u00f5tad minuga \u00fchendust, anna teada mis on sinu probleem ja mida sa tunned, et mina saaksin sulle panustada?\u00a0<\/strong><\/p><p style=\"text-align: justify;\">Kui sa ei tea mida teenustest v\u00f5i toodetest v\u00f5i s\u00fcndmustest valida, siis ma v\u00f5in sulle ise oma men\u00fc\u00fcd tutvustada.<\/p><p style=\"text-align: justify;\"><strong>Kui sa tunned, et sooviksid teha pikemat ja s\u00fcgavamat t\u00f6\u00f6d iseendaga, siis ma soovitan alustada kaardistamise sessiooniga, mis annab \u00fclevaate kus sa oma elus oled ja mida sooviksid muuta.\u00a0<\/strong><\/p><p style=\"text-align: justify;\">Kui sa soovid vaid \u00fchte seanssi, siis vaatame mida saame teha \u00e4ra koheselt nende teemadega mis su s\u00fcdamel on. Vali siis m\u00f5ni teenus, mis sinuga heliseb ja v\u00f5ta \u00fchendust!<\/p><p style=\"text-align: justify;\"><strong>Minu aastatepikkune kogemus n\u00e4itab, et k\u00f5ik ei pruugi alati olla nii nagu paistab<\/strong>. Kui sa n\u00e4iteks tuled minu juurde ning sul on rahaprobleem, siis meil on vaja kaardistada ja leida \u00fclesse kus on see veakood. V\u00e4ga sageli on \u00fcks teema seotud teisega.<\/p><p style=\"text-align: justify;\">V\u00e4ga sagedane on n\u00e4iteks, et v\u00e4hene raha on seotud madala enesehinnanguga ja enesev\u00e4\u00e4rtustamisega, v\u00e4ga n\u00f5rk v\u00f5ime oma \u00f5iguste eest seista ja ei omata otsest kontakti oma sisemise potensiaaliga, v\u00f5imete, ja talentidega. Neil v\u00f5ivad ka olla pahad harjumused ja mitte toetavad keskkonnad. Kui tunned end halvasti, siis see peegeldab v\u00e4lismaailmast tagasi ja sedamoodi on ka raske leida armsamaid. Lisaks v\u00f5ib kannatada tervis ja siis pole motivatsiooni midagi teha ja t\u00f6\u00f6tada. Selle tulemusena ei tule ka \u00a0raha sisse!<\/p><p style=\"text-align: justify;\">Ma kasutan k\u00f5iki oma v\u00f5imeid - selgelt n\u00e4gemine, selgelt kuulmine, selgelt tundmine, selgelt haistminie jne. Ma h\u00e4\u00e4lestun sinule ja sinu elule ja su kehale just nii palju kui sa sooviksid. Ma saan sageli pilte, visioone, s\u00f5nu ja maitseid, l\u00f5hnu ja lugusid, et sinuga seda t\u00e4pselt jagada. <strong>Selleks, et see saaks tulla ka sinu teadmisest, ma k\u00fcsin sinult k\u00fcsimusi<\/strong>, mis v\u00f5ivad sul aidata aru saada keerdkohtadest ja tulla tagasi iseenda juurde koju. Kui sa seda jagad sel moel, siis sa integreerid selle t\u00e4ielikult oma teadmisega.<\/p><p style=\"text-align: justify;\">Ma eelistan t\u00f6\u00f6tada terviklikult vaadates sinu mentaalset, keha ja vaimu - k\u00f5iki osasid \u00fcheaegselt. Parimad tulemused mis ma olen saanud, on olnud klientidega, kes on p\u00fchendanud ennast mitmetele seanssidele \u00fcksteise j\u00e4rgi. Ma tavaliselt soovitan miinimum 4 sessiooni, kuid sina tead k\u00f5ige paremini, mida sul on vaja.<\/p><p style=\"text-align: justify;\"><strong>Mida sina tunnetad sul vaja on?\u00a0<\/strong><\/p><p style=\"text-align: justify;\"><strong>V\u00f5ib-olla see mida sina vajad on vaid \u00fcks sessioon, sest h\u00f5lmab endas k\u00f5ike?<\/strong><\/p><p style=\"text-align: justify;\"><strong>Ma julgustan sind j\u00e4rgnema oma teadmisele ja sellest mind teavitama!<\/strong><\/p><p style=\"text-align: justify;\"><strong>Minu \u00fcks v\u00f5imalikest l\u00e4henemistest 4 seansi puhul:<\/strong><\/p><p style=\"text-align: justify;\">1. Kaardistada kus sa oled ja mida sooviksid muuta, paneme sinu sihtm\u00e4rgid koos paika.<\/p><p style=\"text-align: justify;\">2. Vastavalt sinu kaardile, hakkame su keha, meelt ja vaimu \u00fcmber muundama ja see v\u00f5ib v\u00f5tta \u00fcks sessioon \u00fche teema peale.<\/p><p style=\"text-align: justify;\">Palun k\u00e4i l\u00e4bi mu teenused ja tooted ja leia need, mis on sinuga resonneeruvad ja mis on sulle kasulikud!<\/p><p style=\"text-align: justify;\">Mainin ka siin teemasid millele v\u00f5iks fookuse panna:<\/p><ul style=\"text-align: justify;\"><li><p align=\"JUSTIFY\">\u00c4revus ja stress<\/p><\/li><li><p align=\"JUSTIFY\">Igat sorti f\u00fc\u00fcsiline ja emotsionaalne valu<\/p><\/li><li><p align=\"JUSTIFY\">Liigeste probleemid<\/p><\/li><li><p align=\"JUSTIFY\">N\u00e4o ja keha vananemine<\/p><\/li><li><p align=\"JUSTIFY\">Peavalud<\/p><\/li><li><p align=\"JUSTIFY\">Immuunsusega seotud probleemid<\/p><\/li><li><p align=\"JUSTIFY\">Muskulatuur ja selgroo probleemid<\/p><\/li><li><p align=\"JUSTIFY\">Kaalu t\u00f5stmine v\u00f5i langetamine<\/p><\/li><li><p align=\"JUSTIFY\">Silman\u00e4gemise parandamine<\/p><\/li><li><p align=\"JUSTIFY\">L\u00e4bip\u00f5lemine<\/p><\/li><li><p align=\"JUSTIFY\">Ebakindlus<\/p><\/li><li><p align=\"JUSTIFY\">Suhte probleemid<\/p><\/li><li>Vaesuse illusioon<\/li><li><p align=\"JUSTIFY\">Ohvrimeelsus<\/p><\/li><li><p align=\"JUSTIFY\">K\u00f5rguse\/s\u00fcgavuse ja vee kartus<\/p><\/li><li><p align=\"JUSTIFY\">Klaustrofoobia<\/p><\/li><li><p align=\"JUSTIFY\">Suitsetamine<\/p><\/li><li><p align=\"JUSTIFY\">\u00dcles\u00f6\u00f6mine<\/p><\/li><li>H\u00fcperventilatsioon<\/li><li><p align=\"JUSTIFY\">Trauma ja shokk<\/p><\/li><li>L\u00fcmfiprobleemid<\/li><li><p align=\"JUSTIFY\">Seksuaalsed mittetoimivad mustrid<\/p><\/li><li><p align=\"JUSTIFY\">Heli ja akustika probleemid<\/p><\/li><li><p align=\"JUSTIFY\">Harkn\u00e4\u00e4rme ja muud probleemid<\/p><\/li><\/ul><p style=\"text-align: justify;\"><strong>Tere tulemast! Olgu meil koos l\u00f5bus!<\/strong><\/p><p style=\"text-align: justify;\">Sessioone saab teha online, kohapeal (seal kus ma paiknen) v\u00f5i kaudselt. Olen teinud ka palju kehaseansse l\u00e4bi skype-i. M\u00f5nikord on tulemused isegi paremad olnud kui oleks olnud f\u00fc\u00fcsiliselt kohal.<\/p><p style=\"text-align: center;\"><a href=\"https:\/\/crystalralaksmi.com\/eesti\/wp-content\/uploads\/2015\/07\/3Viljandiringevega.jpg\"><img class=\"size-thumbnail wp-image-2755 aligncenter\" src=\"https:\/\/crystalralaksmi.com\/eesti\/wp-content\/uploads\/2015\/07\/3Viljandiringevega-150x150.jpg\" alt=\"3Viljandiringevega\" width=\"150\" height=\"150\" \/><\/a>Grupis\u00fcndmus Viljandis suvel 2015<\/p><p style=\"text-align: center;\">\u00a0<\/p>","_et_gb_content_width":"","footnotes":""},"class_list":["post-218","page","type-page","status-publish","has-post-thumbnail","hentry"],"acf":[],"_links":{"self":[{"href":"https:\/\/crystalralaksmi.com\/eesti\/wp-json\/wp\/v2\/pages\/218","targetHints":{"allow":["GET"]}}],"collection":[{"href":"https:\/\/crystalralaksmi.com\/eesti\/wp-json\/wp\/v2\/pages"}],"about":[{"href":"https:\/\/crystalralaksmi.com\/eesti\/wp-json\/wp\/v2\/types\/page"}],"author":[{"embeddable":true,"href":"https:\/\/crystalralaksmi.com\/eesti\/wp-json\/wp\/v2\/users\/1"}],"replies":[{"embeddable":true,"href":"https:\/\/crystalralaksmi.com\/eesti\/wp-json\/wp\/v2\/comments?post=218"}],"version-history":[{"count":2,"href":"https:\/\/crystalralaksmi.com\/eesti\/wp-json\/wp\/v2\/pages\/218\/revisions"}],"predecessor-version":[{"id":225281,"href":"https:\/\/crystalralaksmi.com\/eesti\/wp-json\/wp\/v2\/pages\/218\/revisions\/225281"}],"up":[{"embeddable":true,"href":"https:\/\/crystalralaksmi.com\/eesti\/wp-json\/wp\/v2\/pages\/215"}],"wp:featuredmedia":[{"embeddable":true,"href":"https:\/\/crystalralaksmi.com\/eesti\/wp-json\/wp\/v2\/media\/224793"}],"wp:attachment":[{"href":"https:\/\/crystalralaksmi.com\/eesti\/wp-json\/wp\/v2\/media?parent=218"}],"curies":[{"name":"wp","href":"https:\/\/api.w.org\/{rel}","templated":true}]}}