{"id":224785,"date":"2013-07-10T18:51:51","date_gmt":"2013-07-10T18:51:51","guid":{"rendered":"http:\/\/crystalralaksmi.com\/eesti\/?page_id=21"},"modified":"2021-09-17T18:58:06","modified_gmt":"2021-09-17T15:58:06","slug":"tootedpakkumised","status":"publish","type":"page","link":"https:\/\/crystalralaksmi.com\/eesti\/tootedpakkumised\/","title":{"rendered":"Programmid"},"content":{"rendered":"<p>[et_pb_section fb_built=&#8221;1&#8243; admin_label=&#8221;Section&#8221; _builder_version=&#8221;4.9.0&#8243; custom_padding=&#8221;||0px|||&#8221; global_module=&#8221;225116&#8243; saved_tabs=&#8221;all&#8221;][\/et_pb_section][et_pb_section fb_built=&#8221;1&#8243; _builder_version=&#8221;3.22&#8243;][et_pb_row _builder_version=&#8221;3.25&#8243; background_size=&#8221;initial&#8221; background_position=&#8221;top_left&#8221; background_repeat=&#8221;repeat&#8221;][et_pb_column type=&#8221;4_4&#8243; _builder_version=&#8221;3.25&#8243; custom_padding=&#8221;|||&#8221; custom_padding__hover=&#8221;|||&#8221;][et_pb_text _builder_version=&#8221;3.27.4&#8243; background_size=&#8221;initial&#8221; background_position=&#8221;top_left&#8221; background_repeat=&#8221;repeat&#8221;]<\/p>\n<p style=\"text-align: justify;\"><strong>RAHAMAGNET 1<\/strong><\/p>\n<p style=\"text-align: justify;\">on neile, kes soovivad luua uut platvormi iseendale ja oma finantsreaalsusele k\u00fcllusega seoses ja just k\u00f5ige sellega seoses mis puudutab raha.\u00a0<strong>Me k\u00f5ik tahame raha ja jookseme selle j\u00e4rgi, kuid kui palju oleme tegelikult ise valmis \u00e4ra tegema ja panustama, et seda suhet muuta? Kui paljud meist seisatavad hetkeks, et k\u00fcsida kas see toimib ja kui ei toimi, miks ei toimi?<\/strong><\/p>\n<p style=\"text-align: justify;\"><strong>Rahamagnet paneb su k\u00fclluse j\u00e4lle t\u00e4iega voolama!<\/strong><\/p>\n<p style=\"text-align: justify;\">M\u00e4rtsi keskel 2013 kui saabusin Mehhikosse, Cancuni, siis panin t\u00e4hele, et enamus mu klientidest olid rahah\u00e4das. Siis m\u00f5tlesingi, et peaks ju olema v\u00f5imalus teha mingi v\u00e4ike toode, mis v\u00f5ib juba suuri muudatusi luua. M\u00f5tte toel s\u00fcndis\u00a0<strong>Rahamagnet 1<\/strong>. See oli uus ja p\u00f5nev algus, mis alustas terve rea erinevaid s\u00fcndmuseid ja l\u00f5i veelgi rohkem k\u00fcllust, ning mitte ainult mulle, vaid ka k\u00f5igile, kes olid rahamagneti endale ostnud.<\/p>\n<p style=\"text-align: justify;\">Loe sellest l\u00e4hemalt siinsest postitusest\u00a0<a href=\"https:\/\/crystalralaksmi.com\/eesti\/2013\/08\/kuidas-uks-5-eurone-toode-voib-muuta-maailma\/\">Kuidas \u00fcks 5 eurone toode v\u00f5ib muuta maailma?<\/a><\/p>\n<p style=\"text-align: justify;\">Senikaua kuni see leht saab \u00fchendatud paypali ja pangalingiga, siis on sul v\u00f5imalus lugeda juhendit kuidas rahamagnet soetada sellele kaardile klikates. Kui sa oled panga\u00fclekande \u00e4ra teinud, saad oma postkasti (soovitavalt suure mahutuvsega) lingid, kuidas tootele ligi saada.<\/p>\n<p style=\"text-align: justify;\"><img loading=\"lazy\" decoding=\"async\" class=\"alignleft\" src=\"https:\/\/crystalralaksmi.com\/eesti\/wp-content\/uploads\/2013\/08\/rahamagnet1-150x150.jpg\" alt=\"rahamagnet1\" width=\"150\" height=\"150\" \/><\/p>\n<p style=\"text-align: justify;\"><strong>See link on salastatud ja teistega, kes pole toodet soetanud mitte jagada. Jagada v\u00f5ite a<\/strong><strong>ga ostmise v\u00f5imalust. Kui jagate selle lihtsalt tasuta edasi, ei too see toode teile k\u00fcllust, vaid hakkab seda v\u00e4hendama, sest k\u00e4itute puuduse illusioonist l\u00e4htuvalt. See on lihtsalt universumi seadus.\u00a0<\/strong><\/p>\n<p style=\"text-align: justify;\">Toote ostjad saavad ka liituda Rahamagnetite Facebooki lehega.\u00a0Imelist k\u00fcllust k\u00f5igile! Crystal Ra Laksmi<\/p>\n<p style=\"text-align: justify;\"><strong>RAHAMAGNET 2<\/strong><\/p>\n<p style=\"text-align: justify;\">See toode s\u00fcndis m\u00f5ned kuud peale\u00a0<strong>Rahamagnet 1-te.<\/strong>\u00a0Kuna inimesed hakkasid esimesest \u00e4ra v\u00e4sima (soovitus on seda kuulata v\u00e4hemalt kaks korda p\u00e4evas) siis hakati vaikselt k\u00fcsima, kas ma saan midagi uut v\u00e4lja pakkuda. Nii s\u00fcndiski Rahamagnet number 2, mis annab veelgi s\u00fcgavamalt n\u00e4pun\u00e4iteid mida teha ja kuidas oma igap\u00e4evas toimida, et rohkem k\u00fcllust ligi t\u00f5mmata.<\/p>\n<p style=\"text-align: justify;\">Seda toodet soovitan osta kuskil ca 1 kuu p\u00e4rast peale esimest ostu, v\u00f5i siis k\u00f5ik kolm korraga.<\/p>\n<p style=\"text-align: justify;\">Juhised toote soetamiseks leiad lisatud kaardilt.<\/p>\n<p style=\"text-align: justify;\">Loe ka kuidas \u00fcks\u00a0<strong><em><a href=\"https:\/\/crystalralaksmi.com\/eesti\/2013\/08\/kuidas-uks-5-eurone-toode-voib-muuta-maailma\/\">5 eurone toode v\u00f5ib muuta maailma?<\/a><\/em><\/strong><\/p>\n<p style=\"text-align: justify;\"><a href=\"https:\/\/crystalralaksmi.com\/eesti\/wp-content\/uploads\/2013\/08\/rahamagnet2.jpg\"><img loading=\"lazy\" decoding=\"async\" src=\"https:\/\/crystalralaksmi.com\/eesti\/wp-content\/uploads\/2013\/08\/rahamagnet2-150x150.jpg\" alt=\"rahamagnet2\" width=\"150\" height=\"150\" \/><\/a><\/p>\n<p style=\"text-align: justify;\"><strong>RAHAMAGNET 3<\/strong><\/p>\n<p style=\"text-align: justify;\">s\u00fcndis samal ajal kui t\u00f6\u00f6tlesime rahamagnet 2-te. \u00a0See s\u00fcndis magnetitega m\u00e4ngust ja oli v\u00e4ga p\u00f5nev, sest see oli niiv\u00f5rd imelihtne. Kui see filmitud sai, hakkasin seda siin Mehhikos olles taas kord proovile panema. 1,5 kuud hiljem on minu tulemused j\u00e4rgnevad:<\/p>\n<p style=\"text-align: justify;\">1. Sain siia tulekuks lisaraha piletitele, kuna m\u00fc\u00fcsin eripakkumisena Rahamagnet 2 ja 3 ning sain lisaks ca 200 eurot reisiraha.<\/p>\n<p style=\"text-align: justify;\">2. Seej\u00e4rel sain v\u00e4ga hea soodsa pakkumisena elada kohas, kus \u00fcks \u00f6\u00f6 maksis vaid 10 dollarit. Sedasi elasin pea 1,5 kuud.<\/p>\n<p style=\"text-align: justify;\">3. Kuna minu tuppa interneti levi ei ulatunud, sain v\u00f5imaluse minna omanike kontorisse ja seal piiramatult t\u00f6\u00f6tada (omanikud olid ise \u00e4ra).<\/p>\n<p style=\"text-align: justify;\">4. Sain mitmeid \u00f5htus\u00f6\u00f6gikutseid.<\/p>\n<p style=\"text-align: justify;\">5. Leidsin 4-5 uut s\u00fcdames\u00f5pra eluks.<\/p>\n<p style=\"text-align: justify;\">6. Mind kutsuti kohalike kirjanike klubisse liikmeks.<\/p>\n<p style=\"text-align: justify;\">7. Sain pakkumise valvata 3 maja \u00a0j\u00e4rgneva 3 kuu jooksul, ehk hoidsin kokku ca 1000 dollarit.<\/p>\n<p style=\"text-align: justify;\">8. Sain mitmeid kliente kuna tegin \u00fchele inimesele siin AuraTransformatsiooni. Tema soovitas mind paljudele oma kontaktidele.<\/p>\n<p style=\"text-align: justify;\">9. Minu kunagine \u00e4ripartner v\u00f5ib tulla uurima v\u00f5imalust siia teha uus \u00e4riprojekt koost\u00f6\u00f6s minuga.<\/p>\n<p style=\"text-align: justify;\">10. Mind kutsuti laulma ja esinema.<\/p>\n<p style=\"text-align: justify;\">11. Mangod sajavad lausa iga p\u00e4ev puu otsast alla mu toidulauale. Mahlased ja suured!<\/p>\n<p style=\"text-align: justify;\">12. Saan iga p\u00e4ev k\u00e4ia ookeanis ja teha Organic Stretchingut.<\/p>\n<p style=\"text-align: justify;\">13. Mulle tuli uus elumissiooni idee<\/p>\n<p style=\"text-align: justify;\">14. Sain oma ideele koheselt kaks vabatahtlikku teksti redigeerijat<\/p>\n<p style=\"text-align: justify;\">15. Sain tasuta purjetada<\/p>\n<p style=\"text-align: justify;\">16. Sain n\u00e4ha delfiine ookeanis<\/p>\n<p style=\"text-align: justify;\">17. Minu \u00fcks blogipostitus avaldati \u00fches Eesti online naisteajakirjas!<\/p>\n<p style=\"text-align: justify;\">18. S\u00fcndis minu uus tervendusmooduli osa StretchDance in the Sea! (VenitusTants Meres)<\/p>\n<p style=\"text-align: justify;\">19. Olen kaalus ca 10 kg alla v\u00f5tnud, mu keha on trimmis, pruun ja sale<\/p>\n<p style=\"text-align: justify;\">Tunnen, et olen t\u00e4iesti iseenda maagia ja elut\u00f6\u00f6ga kontaktis ja k\u00f5ik loob koost\u00f6\u00f6s minuga! Olen \u00fcmbritsetud lahketest inimestest igal sammul.<\/p>\n<p style=\"text-align: justify;\"><strong>Ja nii edasi ja nii edasi. Tekkis huvi? Vaata kaarti ja telli!<\/strong><\/p>\n<p style=\"text-align: justify;\"><a href=\"https:\/\/crystalralaksmi.com\/eesti\/wp-content\/uploads\/2013\/08\/Rahamagnet-3-kaart.jpg\"><img loading=\"lazy\" decoding=\"async\" src=\"https:\/\/crystalralaksmi.com\/eesti\/wp-content\/uploads\/2013\/08\/Rahamagnet-3-kaart-150x150.jpg\" alt=\"Rahamagnet 3 kaart\" width=\"150\" height=\"150\" \/><\/a><\/p>\n<p style=\"text-align: justify;\"><strong>ETTEV\u00d5TLUSJOOGA 6 KUU PAKETT<\/strong><\/p>\n<p style=\"text-align: justify;\">Veel m\u00fc\u00fcgis soodushinnaga 135 eurot kuni 31. augustini.\u00a0Ettev\u00f5tlusjoogas saad nippe kuidas v\u00e4hese kapitaliga alustada oma \u00e4ri, olgu siis online v\u00f5i offline. On olemas nii praktilised kui ka sotsiaalmeedia ja interneti nipid kui ka vaimsed ja ps\u00fchholoogilised nipid.<\/p>\n<p style=\"text-align: justify;\">Kui soovid liituda, v\u00f5ta \u00fchendust minuga isiklikult kontaktivormi kaudu v\u00f5i l\u00e4bi Facebooki.<\/p>\n<p style=\"text-align: justify;\"><strong>KIIRTEE ISEENDASSE SEIKLUS<\/strong><\/p>\n<p style=\"text-align: justify;\"><strong>6 kuuline online kursus<\/strong><\/p>\n<p style=\"text-align: justify;\">See on vaimseid ja terviklikke nippe t\u00e4is online kursus 6 kuuks. K\u00e4ime l\u00e4bi peamised teemad nagu suhted, seksuaalsus, tervis, elu\u00fclesanne ja k\u00fcllus. Peale seda kursust on sinu elukvaliteedi t\u00f5us garanteeritud, aga seda ainult juhul kui sa valid selle ja teed selle l\u00e4bi.<\/p>\n<p style=\"text-align: justify;\"><strong>M\u00fc\u00fcgis alates 1. septembrist, maksab 599 eurot 6-ks kuuks.\u00a0<\/strong><\/p>\n<p style=\"text-align: justify;\"><strong><a href=\"https:\/\/crystalralaksmi.com\/eesti\/wp-content\/uploads\/2013\/08\/picasa-gekko-plain.jpg\"><img loading=\"lazy\" decoding=\"async\" class=\"alignleft size-thumbnail wp-image-187\" src=\"https:\/\/crystalralaksmi.com\/eesti\/wp-content\/uploads\/2013\/08\/picasa-gekko-plain-150x150.jpg\" alt=\"picasa gekko plain\" width=\"150\" height=\"150\" \/><\/a>SEIKLUSKOOLITUS HAWAIILE<\/strong><\/p>\n<p style=\"text-align: justify;\"><strong>Novembris, Detsembris 2013 ja Jaanuaris 2014<\/strong><\/p>\n<p style=\"text-align: justify;\">10 p\u00e4eva Big Islandil. Elu seiklus miljoni dollari kogemustega. Vihmametsad, laava jalutusk\u00e4ik, metsikute delfiinidega ujumine, iseendasse sukeldumine, ookean, plumeriad, p\u00e4ike ja aloha. Su elu pole peale seda seiklust kunagi enam see mis enne! Crystal viib sind kohtadesse kuhu tavaturistina kunagi ei satu! Crystal viib sind ka v\u00e4esamba kohtadesse ning vana Lemuuria p\u00fchapaikadesse. V\u00f5imalus vabaneda vee ja uppumis ning s\u00fcgavushirmust igaveseks!<\/p>\n<p style=\"text-align: justify;\"><strong>M\u00fc\u00fck on alanud &#8211; \u00fchte gruppi maksimaalselt 10 inimest, paketi maksumus k\u00f5ik hinnas ca 3800 eurot. \u00a0Viimane aeg esmaseks makseks (1000 eurot) on 1. september.<\/strong><\/p>\n<p style=\"text-align: justify;\"><strong>ONLINE KOOLITUS\u00a0<\/strong><\/p>\n<p style=\"text-align: justify;\"><strong>14. august skypis kell 21-22.30<\/strong><\/p>\n<p style=\"text-align: justify;\"><strong>S\u00f5numid Kristall ja Kuldenergiatelt Mehhikost<\/strong><\/p>\n<p style=\"text-align: justify;\">Maksumus 20 eurot, info on pealehel s\u00fcndmuste all!<\/p>\n<p style=\"text-align: justify;\">\n<p>[\/et_pb_text][\/et_pb_column][\/et_pb_row][\/et_pb_section]<\/p>\n<span class=\"et_bloom_bottom_trigger\"><\/span>","protected":false},"excerpt":{"rendered":"<p>RAHAMAGNET 1 on neile, kes soovivad luua uut platvormi iseendale ja oma finantsreaalsusele k\u00fcllusega seoses ja just k\u00f5ige sellega seoses mis puudutab raha.\u00a0Me k\u00f5ik tahame raha ja jookseme selle j\u00e4rgi, [&hellip;]<\/p>\n","protected":false},"author":1,"featured_media":224786,"parent":0,"menu_order":0,"comment_status":"closed","ping_status":"closed","template":"","meta":{"_acf_changed":false,"_et_pb_use_builder":"on","_et_pb_old_content":"<p style=\"text-align: justify;\"><strong>RAHAMAGNET 1<\/strong><\/p><p style=\"text-align: justify;\">on neile, kes soovivad luua uut platvormi iseendale ja oma finantsreaalsusele k\u00fcllusega seoses ja just k\u00f5ige sellega seoses mis puudutab raha.\u00a0<strong>Me k\u00f5ik tahame raha ja jookseme selle j\u00e4rgi, kuid kui palju oleme tegelikult ise valmis \u00e4ra tegema ja panustama, et seda suhet muuta? Kui paljud meist seisatavad hetkeks, et k\u00fcsida kas see toimib ja kui ei toimi, miks ei toimi?<\/strong><\/p><p style=\"text-align: justify;\"><strong>Rahamagnet paneb su k\u00fclluse j\u00e4lle t\u00e4iega voolama!<\/strong><\/p><p style=\"text-align: justify;\">M\u00e4rtsi keskel 2013 kui saabusin Mehhikosse, Cancuni, siis panin t\u00e4hele, et enamus mu klientidest olid rahah\u00e4das. Siis m\u00f5tlesingi, et peaks ju olema v\u00f5imalus teha mingi v\u00e4ike toode, mis v\u00f5ib juba suuri muudatusi luua. M\u00f5tte toel s\u00fcndis\u00a0<strong>Rahamagnet 1<\/strong>. See oli uus ja p\u00f5nev algus, mis alustas terve rea erinevaid s\u00fcndmuseid ja l\u00f5i veelgi rohkem k\u00fcllust, ning mitte ainult mulle, vaid ka k\u00f5igile, kes olid rahamagneti endale ostnud.<\/p><p style=\"text-align: justify;\">Loe sellest l\u00e4hemalt siinsest postitusest\u00a0<a href=\"https:\/\/crystalralaksmi.com\/eesti\/2013\/08\/kuidas-uks-5-eurone-toode-voib-muuta-maailma\/\">Kuidas \u00fcks 5 eurone toode v\u00f5ib muuta maailma?<\/a><\/p><p style=\"text-align: justify;\">Senikaua kuni see leht saab \u00fchendatud paypali ja pangalingiga, siis on sul v\u00f5imalus lugeda juhendit kuidas rahamagnet soetada sellele kaardile klikates. Kui sa oled panga\u00fclekande \u00e4ra teinud, saad oma postkasti (soovitavalt suure mahutuvsega) lingid, kuidas tootele ligi saada.<\/p><p style=\"text-align: justify;\"><img class=\"alignleft\" src=\"https:\/\/crystalralaksmi.com\/eesti\/wp-content\/uploads\/2013\/08\/rahamagnet1-150x150.jpg\" alt=\"rahamagnet1\" width=\"150\" height=\"150\" \/><\/p><p style=\"text-align: justify;\"><strong>See link on salastatud ja teistega, kes pole toodet soetanud mitte jagada. Jagada v\u00f5ite a<\/strong><strong>ga ostmise v\u00f5imalust. Kui jagate selle lihtsalt tasuta edasi, ei too see toode teile k\u00fcllust, vaid hakkab seda v\u00e4hendama, sest k\u00e4itute puuduse illusioonist l\u00e4htuvalt. See on lihtsalt universumi seadus.\u00a0<\/strong><\/p><p style=\"text-align: justify;\">Toote ostjad saavad ka liituda Rahamagnetite Facebooki lehega.\u00a0Imelist k\u00fcllust k\u00f5igile! Crystal Ra Laksmi<\/p><p style=\"text-align: justify;\"><strong>RAHAMAGNET 2<\/strong><\/p><p style=\"text-align: justify;\">See toode s\u00fcndis m\u00f5ned kuud peale\u00a0<strong>Rahamagnet 1-te.<\/strong>\u00a0Kuna inimesed hakkasid esimesest \u00e4ra v\u00e4sima (soovitus on seda kuulata v\u00e4hemalt kaks korda p\u00e4evas) siis hakati vaikselt k\u00fcsima, kas ma saan midagi uut v\u00e4lja pakkuda. Nii s\u00fcndiski Rahamagnet number 2, mis annab veelgi s\u00fcgavamalt n\u00e4pun\u00e4iteid mida teha ja kuidas oma igap\u00e4evas toimida, et rohkem k\u00fcllust ligi t\u00f5mmata.<\/p><p style=\"text-align: justify;\">Seda toodet soovitan osta kuskil ca 1 kuu p\u00e4rast peale esimest ostu, v\u00f5i siis k\u00f5ik kolm korraga.<\/p><p style=\"text-align: justify;\">Juhised toote soetamiseks leiad lisatud kaardilt.<\/p><p style=\"text-align: justify;\">Loe ka kuidas \u00fcks\u00a0<strong><em><a href=\"https:\/\/crystalralaksmi.com\/eesti\/2013\/08\/kuidas-uks-5-eurone-toode-voib-muuta-maailma\/\">5 eurone toode v\u00f5ib muuta maailma?<\/a><\/em><\/strong><\/p><p style=\"text-align: justify;\"><a href=\"https:\/\/crystalralaksmi.com\/eesti\/wp-content\/uploads\/2013\/08\/rahamagnet2.jpg\"><img src=\"https:\/\/crystalralaksmi.com\/eesti\/wp-content\/uploads\/2013\/08\/rahamagnet2-150x150.jpg\" alt=\"rahamagnet2\" width=\"150\" height=\"150\" \/><\/a><\/p><p style=\"text-align: justify;\"><strong>RAHAMAGNET 3<\/strong><\/p><p style=\"text-align: justify;\">s\u00fcndis samal ajal kui t\u00f6\u00f6tlesime rahamagnet 2-te. \u00a0See s\u00fcndis magnetitega m\u00e4ngust ja oli v\u00e4ga p\u00f5nev, sest see oli niiv\u00f5rd imelihtne. Kui see filmitud sai, hakkasin seda siin Mehhikos olles taas kord proovile panema. 1,5 kuud hiljem on minu tulemused j\u00e4rgnevad:<\/p><p style=\"text-align: justify;\">1. Sain siia tulekuks lisaraha piletitele, kuna m\u00fc\u00fcsin eripakkumisena Rahamagnet 2 ja 3 ning sain lisaks ca 200 eurot reisiraha.<\/p><p style=\"text-align: justify;\">2. Seej\u00e4rel sain v\u00e4ga hea soodsa pakkumisena elada kohas, kus \u00fcks \u00f6\u00f6 maksis vaid 10 dollarit. Sedasi elasin pea 1,5 kuud.<\/p><p style=\"text-align: justify;\">3. Kuna minu tuppa interneti levi ei ulatunud, sain v\u00f5imaluse minna omanike kontorisse ja seal piiramatult t\u00f6\u00f6tada (omanikud olid ise \u00e4ra).<\/p><p style=\"text-align: justify;\">4. Sain mitmeid \u00f5htus\u00f6\u00f6gikutseid.<\/p><p style=\"text-align: justify;\">5. Leidsin 4-5 uut s\u00fcdames\u00f5pra eluks.<\/p><p style=\"text-align: justify;\">6. Mind kutsuti kohalike kirjanike klubisse liikmeks.<\/p><p style=\"text-align: justify;\">7. Sain pakkumise valvata 3 maja \u00a0j\u00e4rgneva 3 kuu jooksul, ehk hoidsin kokku ca 1000 dollarit.<\/p><p style=\"text-align: justify;\">8. Sain mitmeid kliente kuna tegin \u00fchele inimesele siin AuraTransformatsiooni. Tema soovitas mind paljudele oma kontaktidele.<\/p><p style=\"text-align: justify;\">9. Minu kunagine \u00e4ripartner v\u00f5ib tulla uurima v\u00f5imalust siia teha uus \u00e4riprojekt koost\u00f6\u00f6s minuga.<\/p><p style=\"text-align: justify;\">10. Mind kutsuti laulma ja esinema.<\/p><p style=\"text-align: justify;\">11. Mangod sajavad lausa iga p\u00e4ev puu otsast alla mu toidulauale. Mahlased ja suured!<\/p><p style=\"text-align: justify;\">12. Saan iga p\u00e4ev k\u00e4ia ookeanis ja teha Organic Stretchingut.<\/p><p style=\"text-align: justify;\">13. Mulle tuli uus elumissiooni idee<\/p><p style=\"text-align: justify;\">14. Sain oma ideele koheselt kaks vabatahtlikku teksti redigeerijat<\/p><p style=\"text-align: justify;\">15. Sain tasuta purjetada<\/p><p style=\"text-align: justify;\">16. Sain n\u00e4ha delfiine ookeanis<\/p><p style=\"text-align: justify;\">17. Minu \u00fcks blogipostitus avaldati \u00fches Eesti online naisteajakirjas!<\/p><p style=\"text-align: justify;\">18. S\u00fcndis minu uus tervendusmooduli osa StretchDance in the Sea! (VenitusTants Meres)<\/p><p style=\"text-align: justify;\">19. Olen kaalus ca 10 kg alla v\u00f5tnud, mu keha on trimmis, pruun ja sale<\/p><p style=\"text-align: justify;\">Tunnen, et olen t\u00e4iesti iseenda maagia ja elut\u00f6\u00f6ga kontaktis ja k\u00f5ik loob koost\u00f6\u00f6s minuga! Olen \u00fcmbritsetud lahketest inimestest igal sammul.<\/p><p style=\"text-align: justify;\"><strong>Ja nii edasi ja nii edasi. Tekkis huvi? Vaata kaarti ja telli!<\/strong><\/p><p style=\"text-align: justify;\"><a href=\"https:\/\/crystalralaksmi.com\/eesti\/wp-content\/uploads\/2013\/08\/Rahamagnet-3-kaart.jpg\"><img src=\"https:\/\/crystalralaksmi.com\/eesti\/wp-content\/uploads\/2013\/08\/Rahamagnet-3-kaart-150x150.jpg\" alt=\"Rahamagnet 3 kaart\" width=\"150\" height=\"150\" \/><\/a><\/p><p style=\"text-align: justify;\"><strong>ETTEV\u00d5TLUSJOOGA 6 KUU PAKETT<\/strong><\/p><p style=\"text-align: justify;\">Veel m\u00fc\u00fcgis soodushinnaga 135 eurot kuni 31. augustini.\u00a0Ettev\u00f5tlusjoogas saad nippe kuidas v\u00e4hese kapitaliga alustada oma \u00e4ri, olgu siis online v\u00f5i offline. On olemas nii praktilised kui ka sotsiaalmeedia ja interneti nipid kui ka vaimsed ja ps\u00fchholoogilised nipid.<\/p><p style=\"text-align: justify;\">Kui soovid liituda, v\u00f5ta \u00fchendust minuga isiklikult kontaktivormi kaudu v\u00f5i l\u00e4bi Facebooki.<\/p><p style=\"text-align: justify;\"><strong>KIIRTEE ISEENDASSE SEIKLUS<\/strong><\/p><p style=\"text-align: justify;\"><strong>6 kuuline online kursus<\/strong><\/p><p style=\"text-align: justify;\">See on vaimseid ja terviklikke nippe t\u00e4is online kursus 6 kuuks. K\u00e4ime l\u00e4bi peamised teemad nagu suhted, seksuaalsus, tervis, elu\u00fclesanne ja k\u00fcllus. Peale seda kursust on sinu elukvaliteedi t\u00f5us garanteeritud, aga seda ainult juhul kui sa valid selle ja teed selle l\u00e4bi.<\/p><p style=\"text-align: justify;\"><strong>M\u00fc\u00fcgis alates 1. septembrist, maksab 599 eurot 6-ks kuuks.\u00a0<\/strong><\/p><p style=\"text-align: justify;\"><strong><a href=\"https:\/\/crystalralaksmi.com\/eesti\/wp-content\/uploads\/2013\/08\/picasa-gekko-plain.jpg\"><img class=\"alignleft size-thumbnail wp-image-187\" src=\"https:\/\/crystalralaksmi.com\/eesti\/wp-content\/uploads\/2013\/08\/picasa-gekko-plain-150x150.jpg\" alt=\"picasa gekko plain\" width=\"150\" height=\"150\" \/><\/a>SEIKLUSKOOLITUS HAWAIILE<\/strong><\/p><p style=\"text-align: justify;\"><strong>Novembris, Detsembris 2013 ja Jaanuaris 2014<\/strong><\/p><p style=\"text-align: justify;\">10 p\u00e4eva Big Islandil. Elu seiklus miljoni dollari kogemustega. Vihmametsad, laava jalutusk\u00e4ik, metsikute delfiinidega ujumine, iseendasse sukeldumine, ookean, plumeriad, p\u00e4ike ja aloha. Su elu pole peale seda seiklust kunagi enam see mis enne! Crystal viib sind kohtadesse kuhu tavaturistina kunagi ei satu! Crystal viib sind ka v\u00e4esamba kohtadesse ning vana Lemuuria p\u00fchapaikadesse. V\u00f5imalus vabaneda vee ja uppumis ning s\u00fcgavushirmust igaveseks!<\/p><p style=\"text-align: justify;\"><strong>M\u00fc\u00fck on alanud - \u00fchte gruppi maksimaalselt 10 inimest, paketi maksumus k\u00f5ik hinnas ca 3800 eurot. \u00a0Viimane aeg esmaseks makseks (1000 eurot) on 1. september.<\/strong><\/p><p style=\"text-align: justify;\"><strong>ONLINE KOOLITUS\u00a0<\/strong><\/p><p style=\"text-align: justify;\"><strong>14. august skypis kell 21-22.30<\/strong><\/p><p style=\"text-align: justify;\"><strong>S\u00f5numid Kristall ja Kuldenergiatelt Mehhikost<\/strong><\/p><p style=\"text-align: justify;\">Maksumus 20 eurot, info on pealehel s\u00fcndmuste all!<\/p><p style=\"text-align: justify;\">\u00a0<\/p>","_et_gb_content_width":"","footnotes":""},"class_list":["post-224785","page","type-page","status-publish","has-post-thumbnail","hentry"],"acf":[],"_links":{"self":[{"href":"https:\/\/crystalralaksmi.com\/eesti\/wp-json\/wp\/v2\/pages\/224785","targetHints":{"allow":["GET"]}}],"collection":[{"href":"https:\/\/crystalralaksmi.com\/eesti\/wp-json\/wp\/v2\/pages"}],"about":[{"href":"https:\/\/crystalralaksmi.com\/eesti\/wp-json\/wp\/v2\/types\/page"}],"author":[{"embeddable":true,"href":"https:\/\/crystalralaksmi.com\/eesti\/wp-json\/wp\/v2\/users\/1"}],"replies":[{"embeddable":true,"href":"https:\/\/crystalralaksmi.com\/eesti\/wp-json\/wp\/v2\/comments?post=224785"}],"version-history":[{"count":5,"href":"https:\/\/crystalralaksmi.com\/eesti\/wp-json\/wp\/v2\/pages\/224785\/revisions"}],"predecessor-version":[{"id":225818,"href":"https:\/\/crystalralaksmi.com\/eesti\/wp-json\/wp\/v2\/pages\/224785\/revisions\/225818"}],"wp:featuredmedia":[{"embeddable":true,"href":"https:\/\/crystalralaksmi.com\/eesti\/wp-json\/wp\/v2\/media\/224786"}],"wp:attachment":[{"href":"https:\/\/crystalralaksmi.com\/eesti\/wp-json\/wp\/v2\/media?parent=224785"}],"curies":[{"name":"wp","href":"https:\/\/api.w.org\/{rel}","templated":true}]}}