{"id":225810,"date":"2021-09-16T07:59:41","date_gmt":"2021-09-16T04:59:41","guid":{"rendered":"https:\/\/crystalralaksmi.com\/eesti\/?page_id=225810"},"modified":"2021-09-16T08:00:19","modified_gmt":"2021-09-16T05:00:19","slug":"keha-meele-vaimu-sugavpuhastus-ja-taaskaivitus","status":"publish","type":"page","link":"https:\/\/crystalralaksmi.com\/eesti\/keha-meele-vaimu-sugavpuhastus-ja-taaskaivitus\/","title":{"rendered":"Keha-, Meele-, Vaimu s\u00fcgavpuhastus ja taask\u00e4ivitus Wildfitiga"},"content":{"rendered":"<p>Sul on v\u00f5imalus valida sellega tegeleda kas t\u00e4iesti individuaalselt ja personaalselt Crystal Ra-ga v\u00f5i siis valida tema 90-p\u00e4evane Wildfiti v\u00e4ljakutse, mis toimub grupicoachingu formaadis.<\/p>\n<p><strong>A) Individuaalsete seanssidena on miinimum paketiks 90 p\u00e4eva ja selle hinnaks on 1500 eurot<\/strong> mis v\u00f5imalusel makstakse k\u00f5ik korraga v\u00f5i siis kolme 600 eurose maksega\u00a0 (siis hind 1800 eurot kokku). See sisaldab kokku 29 tunni ajalist online k\u00f5ne 1-1le Crystal Ra-ga ja isiklikke personaalseid \u00fclesandeid igal n\u00e4dalal.<\/p>\n<p><strong>B) Grupicoachingu seansina on miinimum paketiks ka 90 p\u00e4eva ja selle j\u00e4rgnevaks hinnaks on 900 eurot<\/strong> kogumaksena v\u00f5i siis\u00a0 kolme 400 eurose maksega (siis hind 1200 eurot kokku). See sisaldab kokku 29 tunni ajalist online k\u00f5ne koos grupi coachinguga ja ka FB grupis osalust.<\/p>\n<p>Senikaua kuni Crystal Ra alustab korporatiivsete gruppide tegemisega &#8211; on gruppidel teatud suurus ja kui sa soovid kindel olla et sulle on garanteeritud ja soovitud grupis koht, vaata kohe j\u00e4rgneva lingi alumisest osast ka ettemaksu maksmise v\u00f5imalust &#8211; mis garanteerib sulle koha antud soovitud grupis. Peale makset emaili oma soov ka wildfitcrystalra@gmail.com aadressile.<\/p>\n<p>Antud programmi kohta v\u00f5id lisa <strong><a href=\"https:\/\/infinite-activation.mykajabi.com\/get-wildfit-est\">lugeda siit:\u00a0<\/a><\/strong><\/p>\n<p>J\u00e4rgmised Wildfiti coachingu grupid alustavad &#8211; <strong>4 oktoober 2021, 3. jaanuar 2022, 4. aprill 2022 ja 5 september 2022<\/strong><\/p>\n<p><strong>Koha kindlustamise ettemaksu saad<\/strong><a href=\"https:\/\/infinite-activation.mykajabi.com\/offers\/XrNgCo2f\/checkout\"> teha siit:\u00a0<\/a><\/p>\n<span class=\"et_bloom_bottom_trigger\"><\/span>","protected":false},"excerpt":{"rendered":"<p>Sul on v\u00f5imalus valida sellega tegeleda kas t\u00e4iesti individuaalselt ja personaalselt Crystal Ra-ga v\u00f5i siis valida tema 90-p\u00e4evane Wildfiti v\u00e4ljakutse, mis toimub grupicoachingu formaadis. A) Individuaalsete seanssidena on miinimum paketiks [&hellip;]<\/p>\n","protected":false},"author":5,"featured_media":0,"parent":0,"menu_order":0,"comment_status":"closed","ping_status":"closed","template":"","meta":{"_acf_changed":false,"_et_pb_use_builder":"","_et_pb_old_content":"","_et_gb_content_width":"","footnotes":""},"class_list":["post-225810","page","type-page","status-publish","hentry"],"acf":[],"_links":{"self":[{"href":"https:\/\/crystalralaksmi.com\/eesti\/wp-json\/wp\/v2\/pages\/225810","targetHints":{"allow":["GET"]}}],"collection":[{"href":"https:\/\/crystalralaksmi.com\/eesti\/wp-json\/wp\/v2\/pages"}],"about":[{"href":"https:\/\/crystalralaksmi.com\/eesti\/wp-json\/wp\/v2\/types\/page"}],"author":[{"embeddable":true,"href":"https:\/\/crystalralaksmi.com\/eesti\/wp-json\/wp\/v2\/users\/5"}],"replies":[{"embeddable":true,"href":"https:\/\/crystalralaksmi.com\/eesti\/wp-json\/wp\/v2\/comments?post=225810"}],"version-history":[{"count":2,"href":"https:\/\/crystalralaksmi.com\/eesti\/wp-json\/wp\/v2\/pages\/225810\/revisions"}],"predecessor-version":[{"id":225812,"href":"https:\/\/crystalralaksmi.com\/eesti\/wp-json\/wp\/v2\/pages\/225810\/revisions\/225812"}],"wp:attachment":[{"href":"https:\/\/crystalralaksmi.com\/eesti\/wp-json\/wp\/v2\/media?parent=225810"}],"curies":[{"name":"wp","href":"https:\/\/api.w.org\/{rel}","templated":true}]}}