{"id":240,"date":"2013-08-12T05:13:07","date_gmt":"2013-08-12T05:13:07","guid":{"rendered":"http:\/\/crystalralaksmi.com\/eesti\/?page_id=240"},"modified":"2019-07-30T13:32:55","modified_gmt":"2019-07-30T10:32:55","slug":"terviklik-arinoustamine","status":"publish","type":"page","link":"https:\/\/crystalralaksmi.com\/eesti\/teenused\/terviklik-arinoustamine\/","title":{"rendered":"Terviklik \u00e4rin\u00f5ustamine"},"content":{"rendered":"<p>[et_pb_section fb_built=&#8221;1&#8243; admin_label=&#8221;Section&#8221; _builder_version=&#8221;3.22.3&#8243; saved_tabs=&#8221;all&#8221; global_module=&#8221;225116&#8243;][et_pb_row _builder_version=&#8221;3.25&#8243; background_size=&#8221;initial&#8221; background_position=&#8221;top_left&#8221; background_repeat=&#8221;repeat&#8221;][et_pb_column type=&#8221;4_4&#8243; _builder_version=&#8221;3.25.3&#8243;][et_pb_post_title meta=&#8221;off&#8221; featured_image=&#8221;off&#8221; _builder_version=&#8221;3.25.3&#8243; title_font=&#8221;Poppins|600|||||||&#8221; custom_margin=&#8221;||0px|||&#8221;][\/et_pb_post_title][et_pb_divider color=&#8221;#57ca85&#8243; divider_weight=&#8221;5px&#8221; _builder_version=&#8221;3.25.3&#8243; width=&#8221;14%&#8221;][\/et_pb_divider][\/et_pb_column][\/et_pb_row][\/et_pb_section][et_pb_section fb_built=&#8221;1&#8243; _builder_version=&#8221;3.22&#8243;][et_pb_row _builder_version=&#8221;3.25&#8243; background_size=&#8221;initial&#8221; background_position=&#8221;top_left&#8221; background_repeat=&#8221;repeat&#8221;][et_pb_column type=&#8221;4_4&#8243; _builder_version=&#8221;3.25&#8243; custom_padding=&#8221;|||&#8221; custom_padding__hover=&#8221;|||&#8221;][et_pb_text _builder_version=&#8221;3.0.74&#8243; background_size=&#8221;initial&#8221; background_position=&#8221;top_left&#8221; background_repeat=&#8221;repeat&#8221;]<\/p>\n<p style=\"text-align: justify;\">See sessioon on kellelegi, kes vajab terviklikku l\u00e4henemist oma \u00e4rile. Meie \u00e4ri on tegelikult meie olemuse pikendus, ning k\u00f5ik probleemid mis v\u00e4ljenduvad \u00e4ris on juuripidi meis peidus. Kui me leiame selle pildi \u00fclesse, siis kaob ka peegeleffekt v\u00e4lises maailmas.<\/p>\n<p style=\"text-align: justify;\">On v\u00f5imalus saada n\u00f5u mitmel moel, kas online v\u00f5i p\u00e4ris elus.<\/p>\n<p style=\"text-align: justify;\">P\u00e4ris elus tulen sinu \u00e4risse kohale. Veedan seal natuke aega, et t\u00e4hele panna, mis seal toimub. Annan sulle tagasisidet koheselt kui olen oma t\u00e4helepanekud kokku kogunud. K\u00fcsin siis sinult k\u00fcsimusi ja me saamegi hakata lahti harutama erinevaid teemasid sinu \u00e4riga.<\/p>\n<p style=\"text-align: justify;\"><strong>Kas sul on \u00e4ri? Kas sa jooksed vahest kinni?\u00a0<\/strong><\/p>\n<p style=\"text-align: justify;\"><strong>Kas blokid v\u00f5ivad olla seotud sellega kuidas sa m\u00f5tled, mida sa usud v\u00f5i mis su harjumused on?\u00a0<\/strong><\/p>\n<p style=\"text-align: justify;\"><strong>Kuidas su kodu v\u00e4lja n\u00e4eb?<\/strong><\/p>\n<p style=\"text-align: justify;\"><strong>Millised on sinu suhted iseenda ja teistega?<\/strong><\/p>\n<p style=\"text-align: justify;\">M\u00f5ned kliendid on saanud peale seda seanssi rohkem \u00e4riv\u00f5imalusi, lepinguid, uusi kliente, rohkem raha, loomingulisust ning v\u00f5imet lahendada probleeme kergelt ja voolavalt. M\u00f5nede jaoks toimib see juba tunni jooksul kui olen olnud nende \u00e4rides uurimusretkel. Kui sooviksid saada kogu paketti, siis soovitan Crystal Poppinsi paketti (seal lisandub ka v\u00f5imalus oma kodu muundada ja oma isiklikke suhteid ning mis soove veel on).<\/p>\n<p style=\"text-align: justify;\">\n<p>[\/et_pb_text][\/et_pb_column][\/et_pb_row][\/et_pb_section]<\/p>\n<span class=\"et_bloom_bottom_trigger\"><\/span>","protected":false},"excerpt":{"rendered":"<p>See sessioon on kellelegi, kes vajab terviklikku l\u00e4henemist oma \u00e4rile. Meie \u00e4ri on tegelikult meie olemuse pikendus, ning k\u00f5ik probleemid mis v\u00e4ljenduvad \u00e4ris on juuripidi meis peidus. Kui me leiame [&hellip;]<\/p>\n","protected":false},"author":1,"featured_media":0,"parent":215,"menu_order":0,"comment_status":"closed","ping_status":"closed","template":"","meta":{"_acf_changed":false,"_et_pb_use_builder":"on","_et_pb_old_content":"<p style=\"text-align: justify;\">See sessioon on kellelegi, kes vajab terviklikku l\u00e4henemist oma \u00e4rile. Meie \u00e4ri on tegelikult meie olemuse pikendus, ning k\u00f5ik probleemid mis v\u00e4ljenduvad \u00e4ris on juuripidi meis peidus. Kui me leiame selle pildi \u00fclesse, siis kaob ka peegeleffekt v\u00e4lises maailmas.<\/p><p style=\"text-align: justify;\">On v\u00f5imalus saada n\u00f5u mitmel moel, kas online v\u00f5i p\u00e4ris elus.<\/p><p style=\"text-align: justify;\">P\u00e4ris elus tulen sinu \u00e4risse kohale. Veedan seal natuke aega, et t\u00e4hele panna, mis seal toimub. Annan sulle tagasisidet koheselt kui olen oma t\u00e4helepanekud kokku kogunud. K\u00fcsin siis sinult k\u00fcsimusi ja me saamegi hakata lahti harutama erinevaid teemasid sinu \u00e4riga.<\/p><p style=\"text-align: justify;\"><strong>Kas sul on \u00e4ri? Kas sa jooksed vahest kinni?\u00a0<\/strong><\/p><p style=\"text-align: justify;\"><strong>Kas blokid v\u00f5ivad olla seotud sellega kuidas sa m\u00f5tled, mida sa usud v\u00f5i mis su harjumused on?\u00a0<\/strong><\/p><p style=\"text-align: justify;\"><strong>Kuidas su kodu v\u00e4lja n\u00e4eb?<\/strong><\/p><p style=\"text-align: justify;\"><strong>Millised on sinu suhted iseenda ja teistega?<\/strong><\/p><p style=\"text-align: justify;\">M\u00f5ned kliendid on saanud peale seda seanssi rohkem \u00e4riv\u00f5imalusi, lepinguid, uusi kliente, rohkem raha, loomingulisust ning v\u00f5imet lahendada probleeme kergelt ja voolavalt. M\u00f5nede jaoks toimib see juba tunni jooksul kui olen olnud nende \u00e4rides uurimusretkel. Kui sooviksid saada kogu paketti, siis soovitan Crystal Poppinsi paketti (seal lisandub ka v\u00f5imalus oma kodu muundada ja oma isiklikke suhteid ning mis soove veel on).<\/p><p style=\"text-align: justify;\">\u00a0<\/p>","_et_gb_content_width":"","footnotes":""},"class_list":["post-240","page","type-page","status-publish","hentry"],"acf":[],"_links":{"self":[{"href":"https:\/\/crystalralaksmi.com\/eesti\/wp-json\/wp\/v2\/pages\/240","targetHints":{"allow":["GET"]}}],"collection":[{"href":"https:\/\/crystalralaksmi.com\/eesti\/wp-json\/wp\/v2\/pages"}],"about":[{"href":"https:\/\/crystalralaksmi.com\/eesti\/wp-json\/wp\/v2\/types\/page"}],"author":[{"embeddable":true,"href":"https:\/\/crystalralaksmi.com\/eesti\/wp-json\/wp\/v2\/users\/1"}],"replies":[{"embeddable":true,"href":"https:\/\/crystalralaksmi.com\/eesti\/wp-json\/wp\/v2\/comments?post=240"}],"version-history":[{"count":2,"href":"https:\/\/crystalralaksmi.com\/eesti\/wp-json\/wp\/v2\/pages\/240\/revisions"}],"predecessor-version":[{"id":225309,"href":"https:\/\/crystalralaksmi.com\/eesti\/wp-json\/wp\/v2\/pages\/240\/revisions\/225309"}],"up":[{"embeddable":true,"href":"https:\/\/crystalralaksmi.com\/eesti\/wp-json\/wp\/v2\/pages\/215"}],"wp:attachment":[{"href":"https:\/\/crystalralaksmi.com\/eesti\/wp-json\/wp\/v2\/media?parent=240"}],"curies":[{"name":"wp","href":"https:\/\/api.w.org\/{rel}","templated":true}]}}