{"id":242,"date":"2013-08-12T06:08:55","date_gmt":"2013-08-12T06:08:55","guid":{"rendered":"http:\/\/crystalralaksmi.com\/eesti\/?page_id=242"},"modified":"2019-07-30T13:12:08","modified_gmt":"2019-07-30T10:12:08","slug":"crystal-poppins","status":"publish","type":"page","link":"https:\/\/crystalralaksmi.com\/eesti\/teenused\/crystal-poppins\/","title":{"rendered":"Crystal Poppins &#8211; sinu kodus elav transformaator!"},"content":{"rendered":"<p>[et_pb_section fb_built=&#8221;1&#8243; admin_label=&#8221;Section&#8221; _builder_version=&#8221;3.22.3&#8243; saved_tabs=&#8221;all&#8221; global_module=&#8221;225116&#8243;][et_pb_row _builder_version=&#8221;3.25&#8243; background_size=&#8221;initial&#8221; background_position=&#8221;top_left&#8221; background_repeat=&#8221;repeat&#8221;][et_pb_column type=&#8221;4_4&#8243; _builder_version=&#8221;3.25.3&#8243;][et_pb_post_title meta=&#8221;off&#8221; featured_image=&#8221;off&#8221; _builder_version=&#8221;3.25.3&#8243; title_font=&#8221;Poppins|600|||||||&#8221; custom_margin=&#8221;||0px|||&#8221;][\/et_pb_post_title][et_pb_divider color=&#8221;#57ca85&#8243; divider_weight=&#8221;5px&#8221; _builder_version=&#8221;3.25.3&#8243; width=&#8221;14%&#8221;][\/et_pb_divider][\/et_pb_column][\/et_pb_row][\/et_pb_section][et_pb_section fb_built=&#8221;1&#8243; _builder_version=&#8221;3.22&#8243;][et_pb_row _builder_version=&#8221;3.25&#8243; background_size=&#8221;initial&#8221; background_position=&#8221;top_left&#8221; background_repeat=&#8221;repeat&#8221;][et_pb_column type=&#8221;4_4&#8243; _builder_version=&#8221;3.25&#8243; custom_padding=&#8221;|||&#8221; custom_padding__hover=&#8221;|||&#8221;][et_pb_text _builder_version=&#8221;3.0.74&#8243; background_size=&#8221;initial&#8221; background_position=&#8221;top_left&#8221; background_repeat=&#8221;repeat&#8221;]<\/p>\n<p style=\"text-align: justify;\"><a href=\"https:\/\/crystalralaksmi.com\/wp-content\/uploads\/2013\/04\/hawaiicrystal.jpg\"><img loading=\"lazy\" decoding=\"async\" class=\"alignleft\" src=\"https:\/\/crystalralaksmi.com\/wp-content\/uploads\/2013\/04\/hawaiicrystal-150x150.jpg\" alt=\"hawaiicrystal\" width=\"150\" height=\"150\" \/><\/a><\/p>\n<p style=\"text-align: justify;\"><strong>TELLI CRYSTAL POPPINS!<\/strong><\/p>\n<p style=\"text-align: justify;\">Olen valmis tegema koost\u00f6\u00f6d inimestega, kes soovivad muutuda ja teha \u00a0selle jaoks vastavaid valikuid. Kui sa valid minuga koost\u00f6\u00f6d teha, siis pead p\u00fchenduma muutustele. Kui mitte, siis sa ei saa neid tulemusi, mida sa ootasid. Mitte midagi ei ole garanteeritud, aga universaalsed seadused toimivad nagu maagia kui sa vastu v\u00f5tad!<\/p>\n<p style=\"text-align: justify;\"><strong>Crystali kompetents:\u00a0<\/strong><\/p>\n<p style=\"text-align: justify;\"><strong>* Tervendustehnikad &#8211; AuraTransformatsioon\u2122, Veeteraapia Wantra, kogemusp\u00f5hine uue aja tantra, venitustants vees,\u00a0 vabastav hingamine, hirmudest vabastamine, Sisemise perekonna tervendamine, \u00e4ri holistika\u00a0 jpt.<\/strong><\/p>\n<p style=\"text-align: justify;\"><strong>* Antropoloogia &#8211; kuidas k\u00e4ituda ja suhelda erinevates kultuurides\u00a0<\/strong><\/p>\n<p style=\"text-align: justify;\"><strong>* Konflikti lahendamine &#8211; tean v\u00f5tmeid mis on konfliktide probleemideks. Kui saame need v\u00f5tmed kasutusse v\u00f5tta, siis saame k\u00f5ik konfliktid lahendatud!<\/strong><\/p>\n<p style=\"text-align: justify;\"><strong>* Lahke suhtlemine &#8211; Kuidas suhelda lahkelt k\u00f5igiga oma elus?\u00a0<\/strong><\/p>\n<p style=\"text-align: justify;\"><strong>* Kuidas kohtamas k\u00e4ia. Mis on saladused, et saada meest v\u00f5i naist \u00fcheks \u00f6\u00f6ks v\u00f5i terveks eluks?<\/strong><\/p>\n<p style=\"text-align: justify;\"><strong>* V\u00f5tmed ja saladused j\u00e4tkusuutlikeks suheteks!<\/strong><\/p>\n<p style=\"text-align: justify;\"><strong>* Tantristlik teadlikkus alates ABCst kuni edasij\u00f5udnute rituaalideni ( pean olema f\u00fc\u00fcsiliselt kohal, et sind juhendada), ei sisalda seksi.<\/strong><\/p>\n<p style=\"text-align: justify;\"><strong>* Sinu eraseiklusjuht Hawaiil, Mehhikos, Norras v\u00f5i Eestis. V\u00f5i sina \u00fctled mulle oma sihtkoha, teen uurimust\u00f6\u00f6d ja panen kokku erilise seikluse!<\/strong><\/p>\n<p style=\"text-align: justify;\"><strong>* Veeteraapia sessioonid soojas vees<\/strong><\/p>\n<p style=\"text-align: justify;\"><strong>* Seksuaalsete probleemide tervendusseansid (keha-meel-vaim)<\/strong><\/p>\n<p style=\"text-align: justify;\"><strong>* T\u00f6\u00f6 ja motivatsioon<\/strong><\/p>\n<p style=\"text-align: justify;\"><strong>* Asukoht ja keskkond<\/strong><\/p>\n<p style=\"text-align: justify;\"><strong>* Maja ja elukeskkonna puhastamine\u00a0<\/strong><\/p>\n<p style=\"text-align: justify;\"><strong>* Ole rohkem sina, olles kontaktis oma loomej\u00f5uga!<\/strong><\/p>\n<p style=\"text-align: justify;\"><strong>* Terviklik \u00e4rin\u00f5ustaja &#8211; mul on olnud oma firma alates aastast 2007 Eestis, samuti oli oma firma natuke aega Norras ja ka Mehhikos ning n\u00fc\u00fcd on koos abikaasaga USA-s ning olen teinud pidevalt v\u00e4iksemaid v\u00f5i suuremaid \u00e4riprojekte, ning oskan \u00e4rile l\u00e4heneda terviklikult &#8211; n\u00e4ha ka seda mida tavaliselt ei n\u00e4hta, mis v\u00f5ib probleemide puhul osutuda \u00fclioluliseks.\u00a0<\/strong><\/p>\n<p style=\"text-align: justify;\"><strong>* Transformeerivad kehaseansid igap\u00e4evaselt<\/strong><\/p>\n<p style=\"text-align: justify;\"><strong>* Sa \u00f5pid suudlema tundmatust<\/strong><\/p>\n<p style=\"text-align: justify;\"><strong>* \u00d5pid voolama elus<\/strong><\/p>\n<p style=\"text-align: justify;\"><strong>* \u00d5pid kuidas integreerida elemente seestpoolt v\u00e4ljapoole!<\/strong><\/p>\n<p style=\"text-align: center;\"><strong>K\u00fcsimused sulle:<\/strong><\/p>\n<p style=\"text-align: center;\"><strong>* Kuidas t\u00f5mmata veelgi rohkem k\u00fcllust oma ellu?\u00a0<\/strong><\/p>\n<p style=\"text-align: center;\"><strong>* Kuidas teada saada mis su missioon siin elus on?<\/strong><\/p>\n<p style=\"text-align: center;\"><strong>* Kuidas kasutada oma talente t\u00e4ielikult?\u00a0<\/strong><\/p>\n<p style=\"text-align: justify;\"><strong>See on k\u00f5ik vaid j\u00e4\u00e4m\u00e4e tipp!!!<\/strong><\/p>\n<p><strong>Koost\u00f6\u00f6 Crystal Poppinsiga<\/strong><br \/>\nSee m\u00f5te v\u00f5i idee tuli sellest kui mu ellu tekkis mitmeid kogemusi kus ma elasin koos oma klientidega et nende elusid muuta. See oli alati v\u00e4ga v\u00f5imas kogemus m\u00f5lemale osapoolele.<br \/>\n1. Edukamad tulemused on tulnud kui olen elanud inimestega koos, kes soovivad mind tellida Crystal Poppinsina.\u00a0<strong>Kas see on mu energia v\u00f5i hoopiski mu nimi?\u00a0<\/strong><strong>Laksmi on k\u00fclluse jumalanna. Kes ei tahaks olla tema l\u00e4heduses?\u00a0<\/strong><br \/>\n2. Vaata mu kalendrit ja kui ma ei asu sinuga samas sihtkohas, siis mind tellides, maksad sina minu edasi-tagasi lennukipiletid.\u00a0Sa pakud mulle majutust, toitlustust, ja lisaks maksad mulle mu teadmiste ja teenuste eest vastavalt kokkuleppele. Teenus ei sisalda seksi.<br \/>\n3. Lisan, et minuga koos olla on l\u00f5bus, avardav ja muutev seiklus. Olen v\u00e4ga kastist v\u00e4ljas, nii et kui sa soovid oma kasti edasi j\u00e4\u00e4da, siis pole m\u00f5tet mind kutsuda. K\u00f5igele lisaks olen v\u00e4ga teadlik, oma v\u00e4ega kontaktis ning v\u00e4ga tugeva intutsiooniga.<\/p>\n<p style=\"text-align: justify;\"><strong>Tellimuse esitamine<\/strong><\/p>\n<p style=\"text-align: justify;\">1. V\u00f5ta \u00fchendust ja anna teada millal ja kui kauaks sooviksid mu panust ja kus t\u00e4psemalt.<\/p>\n<p style=\"text-align: justify;\"><b>2. Iga klient, kes on huvitatud pikemast perioodist, vajan teie kriminaalse tausta ajalugu ning samuti soovituskirjasid.\u00a0<\/b><\/p>\n<p style=\"text-align: justify;\">3. Enne lepingu s\u00f5lmimist, kirjutame alla detailsele lepingule, ja isiklikule koost\u00f6\u00f6lepingule. Las see kogemus olla t\u00e4is usaldust, turvalisust ja k\u00fcllus, r\u00f5\u00f5mu ja l\u00f5bu ning ausust!<\/p>\n<p style=\"text-align: justify;\">4. Kui leping on l\u00f5ppenud, pead mul minna laskma.<\/p>\n<p style=\"text-align: justify;\">5. Sa ei saa minuga abielluda, aga v\u00f5id mind oma s\u00f5pradele soovitada kui Crystal Poppinsit.<\/p>\n<p style=\"text-align: justify;\">6. Peale lepingu l\u00f5ppemist ei ole mul kohustust sinuga edasist sidet pidada kui ma seda ei vali.<\/p>\n<p style=\"text-align: justify;\"><strong>Huvi korral v\u00f5ta minuga \u00fchendust l\u00e4bi minu kodulehe!<\/strong><\/p>\n<p style=\"text-align: justify;\"><a href=\"https:\/\/crystalralaksmi.com\/wp-content\/uploads\/2013\/04\/mary2.jpg\"><img loading=\"lazy\" decoding=\"async\" class=\"aligncenter\" src=\"https:\/\/crystalralaksmi.com\/wp-content\/uploads\/2013\/04\/mary2-150x150.jpg\" alt=\"mary2\" width=\"150\" height=\"150\" \/><\/a><\/p>\n<p style=\"text-align: center;\"><strong>Crystal Poppins Hawaiil<\/strong><\/p>\n<p style=\"text-align: justify;\"><strong>\u00a0<\/strong><\/p>\n<p>[\/et_pb_text][\/et_pb_column][\/et_pb_row][\/et_pb_section]<\/p>\n<span class=\"et_bloom_bottom_trigger\"><\/span>","protected":false},"excerpt":{"rendered":"<p>TELLI CRYSTAL POPPINS! Olen valmis tegema koost\u00f6\u00f6d inimestega, kes soovivad muutuda ja teha \u00a0selle jaoks vastavaid valikuid. Kui sa valid minuga koost\u00f6\u00f6d teha, siis pead p\u00fchenduma muutustele. Kui mitte, siis [&hellip;]<\/p>\n","protected":false},"author":1,"featured_media":224799,"parent":215,"menu_order":0,"comment_status":"closed","ping_status":"closed","template":"","meta":{"_acf_changed":false,"_et_pb_use_builder":"on","_et_pb_old_content":"<p style=\"text-align: justify;\"><a href=\"https:\/\/crystalralaksmi.com\/wp-content\/uploads\/2013\/04\/hawaiicrystal.jpg\"><img class=\"alignleft\" src=\"https:\/\/crystalralaksmi.com\/wp-content\/uploads\/2013\/04\/hawaiicrystal-150x150.jpg\" alt=\"hawaiicrystal\" width=\"150\" height=\"150\" \/><\/a><\/p><p style=\"text-align: justify;\"><strong>TELLI CRYSTAL POPPINS!<\/strong><\/p><p style=\"text-align: justify;\">Olen valmis tegema koost\u00f6\u00f6d inimestega, kes soovivad muutuda ja teha \u00a0selle jaoks vastavaid valikuid. Kui sa valid minuga koost\u00f6\u00f6d teha, siis pead p\u00fchenduma muutustele. Kui mitte, siis sa ei saa neid tulemusi, mida sa ootasid. Mitte midagi ei ole garanteeritud, aga universaalsed seadused toimivad nagu maagia kui sa vastu v\u00f5tad!<\/p><p style=\"text-align: justify;\"><strong>Crystali kompetents:\u00a0<\/strong><\/p><p style=\"text-align: justify;\"><strong>* Tervendustehnikad - AuraTransformatsioon\u2122, Veeteraapia Wantra, kogemusp\u00f5hine uue aja tantra, venitustants vees,\u00a0 vabastav hingamine, hirmudest vabastamine, Sisemise perekonna tervendamine, \u00e4ri holistika\u00a0 jpt.<\/strong><\/p><p style=\"text-align: justify;\"><strong>* Antropoloogia - kuidas k\u00e4ituda ja suhelda erinevates kultuurides\u00a0<\/strong><\/p><p style=\"text-align: justify;\"><strong>* Konflikti lahendamine - tean v\u00f5tmeid mis on konfliktide probleemideks. Kui saame need v\u00f5tmed kasutusse v\u00f5tta, siis saame k\u00f5ik konfliktid lahendatud!<\/strong><\/p><p style=\"text-align: justify;\"><strong>* Lahke suhtlemine - Kuidas suhelda lahkelt k\u00f5igiga oma elus?\u00a0<\/strong><\/p><p style=\"text-align: justify;\"><strong>* Kuidas kohtamas k\u00e4ia. Mis on saladused, et saada meest v\u00f5i naist \u00fcheks \u00f6\u00f6ks v\u00f5i terveks eluks?<\/strong><\/p><p style=\"text-align: justify;\"><strong>* V\u00f5tmed ja saladused j\u00e4tkusuutlikeks suheteks!<\/strong><\/p><p style=\"text-align: justify;\"><strong>* Tantristlik teadlikkus alates ABCst kuni edasij\u00f5udnute rituaalideni ( pean olema f\u00fc\u00fcsiliselt kohal, et sind juhendada), ei sisalda seksi.<\/strong><\/p><p style=\"text-align: justify;\"><strong>* Sinu eraseiklusjuht Hawaiil, Mehhikos, Norras v\u00f5i Eestis. V\u00f5i sina \u00fctled mulle oma sihtkoha, teen uurimust\u00f6\u00f6d ja panen kokku erilise seikluse!<\/strong><\/p><p style=\"text-align: justify;\"><strong>* Veeteraapia sessioonid soojas vees<\/strong><\/p><p style=\"text-align: justify;\"><strong>* Seksuaalsete probleemide tervendusseansid (keha-meel-vaim)<\/strong><\/p><p style=\"text-align: justify;\"><strong>* T\u00f6\u00f6 ja motivatsioon<\/strong><\/p><p style=\"text-align: justify;\"><strong>* Asukoht ja keskkond<\/strong><\/p><p style=\"text-align: justify;\"><strong>* Maja ja elukeskkonna puhastamine\u00a0<\/strong><\/p><p style=\"text-align: justify;\"><strong>* Ole rohkem sina, olles kontaktis oma loomej\u00f5uga!<\/strong><\/p><p style=\"text-align: justify;\"><strong>* Terviklik \u00e4rin\u00f5ustaja - mul on olnud oma firma alates aastast 2007 Eestis, samuti oli oma firma natuke aega Norras ja ka Mehhikos ning n\u00fc\u00fcd on koos abikaasaga USA-s ning olen teinud pidevalt v\u00e4iksemaid v\u00f5i suuremaid \u00e4riprojekte, ning oskan \u00e4rile l\u00e4heneda terviklikult - n\u00e4ha ka seda mida tavaliselt ei n\u00e4hta, mis v\u00f5ib probleemide puhul osutuda \u00fclioluliseks.\u00a0<\/strong><\/p><p style=\"text-align: justify;\"><strong>* Transformeerivad kehaseansid igap\u00e4evaselt<\/strong><\/p><p style=\"text-align: justify;\"><strong>* Sa \u00f5pid suudlema tundmatust<\/strong><\/p><p style=\"text-align: justify;\"><strong>* \u00d5pid voolama elus<\/strong><\/p><p style=\"text-align: justify;\"><strong>* \u00d5pid kuidas integreerida elemente seestpoolt v\u00e4ljapoole!<\/strong><\/p><p style=\"text-align: center;\"><strong>K\u00fcsimused sulle:<\/strong><\/p><p style=\"text-align: center;\"><strong>* Kuidas t\u00f5mmata veelgi rohkem k\u00fcllust oma ellu?\u00a0<\/strong><\/p><p style=\"text-align: center;\"><strong>* Kuidas teada saada mis su missioon siin elus on?<\/strong><\/p><p style=\"text-align: center;\"><strong>* Kuidas kasutada oma talente t\u00e4ielikult?\u00a0<\/strong><\/p><p style=\"text-align: justify;\"><strong>See on k\u00f5ik vaid j\u00e4\u00e4m\u00e4e tipp!!!<\/strong><\/p><p><strong>Koost\u00f6\u00f6 Crystal Poppinsiga<\/strong><br \/>See m\u00f5te v\u00f5i idee tuli sellest kui mu ellu tekkis mitmeid kogemusi kus ma elasin koos oma klientidega et nende elusid muuta. See oli alati v\u00e4ga v\u00f5imas kogemus m\u00f5lemale osapoolele.<br \/>1. Edukamad tulemused on tulnud kui olen elanud inimestega koos, kes soovivad mind tellida Crystal Poppinsina.\u00a0<strong>Kas see on mu energia v\u00f5i hoopiski mu nimi?\u00a0<\/strong><strong>Laksmi on k\u00fclluse jumalanna. Kes ei tahaks olla tema l\u00e4heduses?\u00a0<\/strong><br \/>2. Vaata mu kalendrit ja kui ma ei asu sinuga samas sihtkohas, siis mind tellides, maksad sina minu edasi-tagasi lennukipiletid.\u00a0Sa pakud mulle majutust, toitlustust, ja lisaks maksad mulle mu teadmiste ja teenuste eest vastavalt kokkuleppele. Teenus ei sisalda seksi.<br \/>3. Lisan, et minuga koos olla on l\u00f5bus, avardav ja muutev seiklus. Olen v\u00e4ga kastist v\u00e4ljas, nii et kui sa soovid oma kasti edasi j\u00e4\u00e4da, siis pole m\u00f5tet mind kutsuda. K\u00f5igele lisaks olen v\u00e4ga teadlik, oma v\u00e4ega kontaktis ning v\u00e4ga tugeva intutsiooniga.<\/p><p style=\"text-align: justify;\"><strong>Tellimuse esitamine<\/strong><\/p><p style=\"text-align: justify;\">1. V\u00f5ta \u00fchendust ja anna teada millal ja kui kauaks sooviksid mu panust ja kus t\u00e4psemalt.<\/p><p style=\"text-align: justify;\"><b>2. Iga klient, kes on huvitatud pikemast perioodist, vajan teie kriminaalse tausta ajalugu ning samuti soovituskirjasid.\u00a0<\/b><\/p><p style=\"text-align: justify;\">3. Enne lepingu s\u00f5lmimist, kirjutame alla detailsele lepingule, ja isiklikule koost\u00f6\u00f6lepingule. Las see kogemus olla t\u00e4is usaldust, turvalisust ja k\u00fcllus, r\u00f5\u00f5mu ja l\u00f5bu ning ausust!<\/p><p style=\"text-align: justify;\">4. Kui leping on l\u00f5ppenud, pead mul minna laskma.<\/p><p style=\"text-align: justify;\">5. Sa ei saa minuga abielluda, aga v\u00f5id mind oma s\u00f5pradele soovitada kui Crystal Poppinsit.<\/p><p style=\"text-align: justify;\">6. Peale lepingu l\u00f5ppemist ei ole mul kohustust sinuga edasist sidet pidada kui ma seda ei vali.<\/p><p style=\"text-align: justify;\"><strong>Huvi korral v\u00f5ta minuga \u00fchendust l\u00e4bi minu kodulehe!<\/strong><\/p><p style=\"text-align: justify;\"><a href=\"https:\/\/crystalralaksmi.com\/wp-content\/uploads\/2013\/04\/mary2.jpg\"><img class=\"aligncenter\" src=\"https:\/\/crystalralaksmi.com\/wp-content\/uploads\/2013\/04\/mary2-150x150.jpg\" alt=\"mary2\" width=\"150\" height=\"150\" \/><\/a><\/p><p style=\"text-align: center;\"><strong>Crystal Poppins Hawaiil<\/strong><\/p><p style=\"text-align: justify;\"><strong>\u00a0<\/strong><\/p>","_et_gb_content_width":"","footnotes":""},"class_list":["post-242","page","type-page","status-publish","has-post-thumbnail","hentry"],"acf":[],"_links":{"self":[{"href":"https:\/\/crystalralaksmi.com\/eesti\/wp-json\/wp\/v2\/pages\/242","targetHints":{"allow":["GET"]}}],"collection":[{"href":"https:\/\/crystalralaksmi.com\/eesti\/wp-json\/wp\/v2\/pages"}],"about":[{"href":"https:\/\/crystalralaksmi.com\/eesti\/wp-json\/wp\/v2\/types\/page"}],"author":[{"embeddable":true,"href":"https:\/\/crystalralaksmi.com\/eesti\/wp-json\/wp\/v2\/users\/1"}],"replies":[{"embeddable":true,"href":"https:\/\/crystalralaksmi.com\/eesti\/wp-json\/wp\/v2\/comments?post=242"}],"version-history":[{"count":2,"href":"https:\/\/crystalralaksmi.com\/eesti\/wp-json\/wp\/v2\/pages\/242\/revisions"}],"predecessor-version":[{"id":225274,"href":"https:\/\/crystalralaksmi.com\/eesti\/wp-json\/wp\/v2\/pages\/242\/revisions\/225274"}],"up":[{"embeddable":true,"href":"https:\/\/crystalralaksmi.com\/eesti\/wp-json\/wp\/v2\/pages\/215"}],"wp:featuredmedia":[{"embeddable":true,"href":"https:\/\/crystalralaksmi.com\/eesti\/wp-json\/wp\/v2\/media\/224799"}],"wp:attachment":[{"href":"https:\/\/crystalralaksmi.com\/eesti\/wp-json\/wp\/v2\/media?parent=242"}],"curies":[{"name":"wp","href":"https:\/\/api.w.org\/{rel}","templated":true}]}}