{"id":249,"date":"2013-08-12T07:16:36","date_gmt":"2013-08-12T07:16:36","guid":{"rendered":"http:\/\/crystalralaksmi.com\/eesti\/?page_id=249"},"modified":"2013-08-12T07:16:36","modified_gmt":"2013-08-12T07:16:36","slug":"rahamagnet-1","status":"publish","type":"page","link":"https:\/\/crystalralaksmi.com\/eesti\/tootedpakkumised\/rahamagnet-1\/","title":{"rendered":"Rahamagnet 1"},"content":{"rendered":"<p style=\"text-align: justify;\"><a href=\"https:\/\/crystalralaksmi.com\/eesti\/wp-content\/uploads\/2013\/08\/rahamagnet11.jpg\"><img loading=\"lazy\" decoding=\"async\" class=\"alignleft size-thumbnail wp-image-542\" alt=\"rahamagnet1\" src=\"https:\/\/crystalralaksmi.com\/eesti\/wp-content\/uploads\/2013\/08\/rahamagnet11-150x150.jpg\" width=\"150\" height=\"150\" \/><\/a>Rahamagnet 1 on neile, kes soovivad luua uut platvormi iseendale ja oma finantsreaalsusele k\u00fcllusega seoses ja just k\u00f5ige sellega seoses mis puudutab raha. <strong>Me k\u00f5ik tahame raha ja jookseme selle j\u00e4rgi, kuid kui palju oleme tegelikult ise valmis \u00e4ra tegema ja panustama, et seda suhet muuta? Kui paljud meist seisatavad hetkeks, et k\u00fcsida kas see toimib ja kui ei toimi, miks ei toimi?<\/strong><\/p>\n<p style=\"text-align: justify;\"><strong>Rahamagnet paneb su k\u00fclluse j\u00e4lle t\u00e4iega voolama!<\/strong><\/p>\n<p style=\"text-align: justify;\">M\u00e4rtsi keskel 2013 kui saabusin Mehhikosse, Cancuni, siis panin t\u00e4hele, et enamus mu klientidest olid rahah\u00e4das. Siis m\u00f5tlesingi, et peaks ju olema v\u00f5imalus teha mingi v\u00e4ike toode, mis v\u00f5ib juba suuri muudatusi luua. M\u00f5tte toel s\u00fcndis <strong>Rahamagnet 1<\/strong>. See oli uus ja p\u00f5nev algus, mis alustas terve rea erinevaid s\u00fcndmuseid ja l\u00f5i veelgi rohkem k\u00fcllust, ning mitte ainult mulle, vaid ka k\u00f5igile, kes olid rahamagneti endale ostnud.<\/p>\n<p style=\"text-align: justify;\">Loe sellest l\u00e4hemalt siinsest postitusest <a href=\"https:\/\/crystalralaksmi.com\/eesti\/2013\/08\/kuidas-uks-5-eurone-toode-voib-muuta-maailma\/\">Kuidas \u00fcks 5 eurone toode v\u00f5ib muuta maailma?<\/a><\/p>\n<p style=\"text-align: justify;\">Senikaua kuni see leht saab \u00fchendatud paypali ja pangalingiga, siis on sul v\u00f5imalus lugeda juhendit kuidas rahamagnet soetada sellele kaardile klikates. Kui sa oled panga\u00fclekande \u00e4ra teinud, saad oma postkasti (soovitavalt suure mahutuvsega) lingid, kuidas tootele ligi saada.<\/p>\n<p style=\"text-align: justify;\"><strong>See link on salastatud ja teistega, kes pole toodet soetanud mitte jagada. Jagada v\u00f5ite aga ostmise v\u00f5imalust. Kui jagate selle lihtsalt tasuta edasi, ei too see toode teile k\u00fcllust, vaid hakkab seda v\u00e4hendama, sest k\u00e4itute puuduse illusioonist l\u00e4htuvalt. See on lihtsalt universumi seadus.\u00a0<\/strong><\/p>\n<p>Toote ostjad saavad ka liituda Rahamagnetite Facebooki lehega.<\/p>\n<p style=\"text-align: left;\">Imelist k\u00fcllust k\u00f5igile! Crystal Ra Laksmi<\/p>\n<span class=\"et_bloom_bottom_trigger\"><\/span>","protected":false},"excerpt":{"rendered":"<p>Rahamagnet 1 on neile, kes soovivad luua uut platvormi iseendale ja oma finantsreaalsusele k\u00fcllusega seoses ja just k\u00f5ige sellega seoses mis puudutab raha. Me k\u00f5ik tahame raha ja jookseme selle [&hellip;]<\/p>\n","protected":false},"author":1,"featured_media":224800,"parent":224785,"menu_order":0,"comment_status":"closed","ping_status":"closed","template":"","meta":{"_acf_changed":false,"_et_pb_use_builder":"","_et_pb_old_content":"","_et_gb_content_width":"","footnotes":""},"class_list":["post-249","page","type-page","status-publish","has-post-thumbnail","hentry"],"acf":[],"_links":{"self":[{"href":"https:\/\/crystalralaksmi.com\/eesti\/wp-json\/wp\/v2\/pages\/249","targetHints":{"allow":["GET"]}}],"collection":[{"href":"https:\/\/crystalralaksmi.com\/eesti\/wp-json\/wp\/v2\/pages"}],"about":[{"href":"https:\/\/crystalralaksmi.com\/eesti\/wp-json\/wp\/v2\/types\/page"}],"author":[{"embeddable":true,"href":"https:\/\/crystalralaksmi.com\/eesti\/wp-json\/wp\/v2\/users\/1"}],"replies":[{"embeddable":true,"href":"https:\/\/crystalralaksmi.com\/eesti\/wp-json\/wp\/v2\/comments?post=249"}],"version-history":[{"count":0,"href":"https:\/\/crystalralaksmi.com\/eesti\/wp-json\/wp\/v2\/pages\/249\/revisions"}],"up":[{"embeddable":true,"href":"https:\/\/crystalralaksmi.com\/eesti\/wp-json\/wp\/v2\/pages\/224785"}],"wp:featuredmedia":[{"embeddable":true,"href":"https:\/\/crystalralaksmi.com\/eesti\/wp-json\/wp\/v2\/media\/224800"}],"wp:attachment":[{"href":"https:\/\/crystalralaksmi.com\/eesti\/wp-json\/wp\/v2\/media?parent=249"}],"curies":[{"name":"wp","href":"https:\/\/api.w.org\/{rel}","templated":true}]}}