{"id":260,"date":"2013-08-12T21:05:34","date_gmt":"2013-08-12T21:05:34","guid":{"rendered":"http:\/\/crystalralaksmi.com\/eesti\/?page_id=260"},"modified":"2019-07-30T13:05:00","modified_gmt":"2019-07-30T10:05:00","slug":"venitustants-meres-augustis-laane-mehhikos","status":"publish","type":"page","link":"https:\/\/crystalralaksmi.com\/eesti\/sundmused-maailmas\/venitustants-meres-augustis-laane-mehhikos\/","title":{"rendered":"VenitusTants Meres &#8211; L\u00e4\u00e4ne-Mehhikos"},"content":{"rendered":"<p>[et_pb_section fb_built=&#8221;1&#8243; admin_label=&#8221;Section&#8221; _builder_version=&#8221;3.22.3&#8243; saved_tabs=&#8221;all&#8221; global_module=&#8221;225116&#8243;][et_pb_row _builder_version=&#8221;3.25&#8243; background_size=&#8221;initial&#8221; background_position=&#8221;top_left&#8221; background_repeat=&#8221;repeat&#8221;][et_pb_column type=&#8221;4_4&#8243; _builder_version=&#8221;3.25.3&#8243;][et_pb_post_title meta=&#8221;off&#8221; featured_image=&#8221;off&#8221; _builder_version=&#8221;3.25.3&#8243; title_font=&#8221;Poppins|600|||||||&#8221; custom_margin=&#8221;||0px|||&#8221;][\/et_pb_post_title][et_pb_divider color=&#8221;#57ca85&#8243; divider_weight=&#8221;5px&#8221; _builder_version=&#8221;3.25.3&#8243; width=&#8221;14%&#8221;][\/et_pb_divider][\/et_pb_column][\/et_pb_row][\/et_pb_section][et_pb_section fb_built=&#8221;1&#8243; _builder_version=&#8221;3.22&#8243;][et_pb_row _builder_version=&#8221;3.25&#8243; background_size=&#8221;initial&#8221; background_position=&#8221;top_left&#8221; background_repeat=&#8221;repeat&#8221;][et_pb_column type=&#8221;4_4&#8243; _builder_version=&#8221;3.25&#8243; custom_padding=&#8221;|||&#8221; custom_padding__hover=&#8221;|||&#8221;][et_pb_text _builder_version=&#8221;3.0.74&#8243; background_size=&#8221;initial&#8221; background_position=&#8221;top_left&#8221; background_repeat=&#8221;repeat&#8221;]<\/p>\n<p style=\"text-align: center;\"><strong><a href=\"https:\/\/crystalralaksmi.com\/eesti\/wp-content\/uploads\/2013\/08\/stretchdancesidetext.jpg\"><img loading=\"lazy\" decoding=\"async\" class=\"alignleft size-thumbnail wp-image-509\" src=\"https:\/\/crystalralaksmi.com\/eesti\/wp-content\/uploads\/2013\/08\/stretchdancesidetext-150x150.jpg\" alt=\"stretchdancesidetext\" width=\"150\" height=\"150\" \/><\/a>Inspireeritud Organic Stretching\u00aeust, tantrast ja veeteraapiast ning Crystali omaloomingust<\/strong><\/p>\n<p style=\"text-align: center;\"><strong>Toimuvad vaid siis kui on olemas miinimum 4 osalejat!<\/strong><\/p>\n<p style=\"text-align: left;\">* L\u00f5dvesta oma keha s\u00fcgavusteni v\u00e4lja \u2013 seestpoolt v\u00e4ljapoole!<\/p>\n<p style=\"text-align: left;\">* Leia oma sisemine tants ja too see v\u00e4lja v\u00e4limisse<\/p>\n<p>* Tervene soolase paitava ookeaniveega<br \/>\n* Leia sisemised aarded mis v\u00f5ivad muuta su elu<br \/>\n* K\u00fcsi kuhu su keha soovib minna<br \/>\n* Kohtu tundmatusega iseendas<br \/>\n* Alusta oma p\u00e4eva v\u00e4rskelt<br \/>\n* Avasta ennast ja oma keha<br \/>\n* \u00dchendu veega uuel moel<br \/>\n* \u00dchendu loodusega<br \/>\n* Tasakaalusta ja integreeri oma 4 elementi<br \/>\n* \u00d5pi m\u00f5ned enda aitamise t\u00f6\u00f6riistad<br \/>\n<strong>Hea kuukaardi hind. \u00dcks \u00fchele seansid samuti saadaval ookeanis nii nagu ka teised transformeerivad sessioonid. K\u00fcsi rohkem infot v\u00f5i siis pane end kirja m\u00f5nda tundi augustis. Lisainfot crystalralaksmi@gmail.com <\/strong><br \/>\n<strong>Tere tulemast! P\u00f5nevate kohtumisteni!<\/strong><br \/>\nSuvel 2015 v\u00f5imalus proovida Eestis Matsalu suves\u00fcndmusel ja mujal kus on sooja vee basseinid. Loe lisa selle kohta <a href=\"802Suvine KIS programm u\u0308ldineupdate8veeb\">siit<\/a>!<\/p>\n<div id=\"__if72ru4sdfsdfrkjahiuyi_once\" style=\"display: none;\"><\/div>\n<div id=\"__hggasdgjhsagd_once\" style=\"display: none;\"><\/div>\n<p>[\/et_pb_text][\/et_pb_column][\/et_pb_row][\/et_pb_section]<\/p>\n<span class=\"et_bloom_bottom_trigger\"><\/span>","protected":false},"excerpt":{"rendered":"<p>Inspireeritud Organic Stretching\u00aeust, tantrast ja veeteraapiast ning Crystali omaloomingust Toimuvad vaid siis kui on olemas miinimum 4 osalejat! * L\u00f5dvesta oma keha s\u00fcgavusteni v\u00e4lja \u2013 seestpoolt v\u00e4ljapoole! * Leia oma [&hellip;]<\/p>\n","protected":false},"author":1,"featured_media":224803,"parent":224783,"menu_order":0,"comment_status":"closed","ping_status":"closed","template":"","meta":{"_acf_changed":false,"_et_pb_use_builder":"on","_et_pb_old_content":"<p style=\"text-align: center;\"><strong><a href=\"https:\/\/crystalralaksmi.com\/eesti\/wp-content\/uploads\/2013\/08\/stretchdancesidetext.jpg\"><img class=\"alignleft size-thumbnail wp-image-509\" src=\"https:\/\/crystalralaksmi.com\/eesti\/wp-content\/uploads\/2013\/08\/stretchdancesidetext-150x150.jpg\" alt=\"stretchdancesidetext\" width=\"150\" height=\"150\" \/><\/a>Inspireeritud Organic Stretching\u00aeust, tantrast ja veeteraapiast ning Crystali omaloomingust<\/strong><\/p><p style=\"text-align: center;\"><strong>Toimuvad vaid siis kui on olemas miinimum 4 osalejat!<\/strong><\/p><p style=\"text-align: left;\">* L\u00f5dvesta oma keha s\u00fcgavusteni v\u00e4lja \u2013 seestpoolt v\u00e4ljapoole!<\/p><p style=\"text-align: left;\">* Leia oma sisemine tants ja too see v\u00e4lja v\u00e4limisse<\/p><p>* Tervene soolase paitava ookeaniveega<br \/>* Leia sisemised aarded mis v\u00f5ivad muuta su elu<br \/>* K\u00fcsi kuhu su keha soovib minna<br \/>* Kohtu tundmatusega iseendas<br \/>* Alusta oma p\u00e4eva v\u00e4rskelt<br \/>* Avasta ennast ja oma keha<br \/>* \u00dchendu veega uuel moel<br \/>* \u00dchendu loodusega<br \/>* Tasakaalusta ja integreeri oma 4 elementi<br \/>* \u00d5pi m\u00f5ned enda aitamise t\u00f6\u00f6riistad<br \/><strong>Hea kuukaardi hind. \u00dcks \u00fchele seansid samuti saadaval ookeanis nii nagu ka teised transformeerivad sessioonid. K\u00fcsi rohkem infot v\u00f5i siis pane end kirja m\u00f5nda tundi augustis. Lisainfot crystalralaksmi@gmail.com <\/strong><br \/><strong>Tere tulemast! P\u00f5nevate kohtumisteni!<\/strong><br \/>Suvel 2015 v\u00f5imalus proovida Eestis Matsalu suves\u00fcndmusel ja mujal kus on sooja vee basseinid. Loe lisa selle kohta <a href=\"802Suvine KIS programm u\u0308ldineupdate8veeb\">siit<\/a>!<\/p><div id=\"__if72ru4sdfsdfrkjahiuyi_once\" style=\"display: none;\">\u00a0<\/div><div id=\"__hggasdgjhsagd_once\" style=\"display: none;\">\u00a0<\/div>","_et_gb_content_width":"","footnotes":""},"class_list":["post-260","page","type-page","status-publish","has-post-thumbnail","hentry"],"acf":[],"_links":{"self":[{"href":"https:\/\/crystalralaksmi.com\/eesti\/wp-json\/wp\/v2\/pages\/260","targetHints":{"allow":["GET"]}}],"collection":[{"href":"https:\/\/crystalralaksmi.com\/eesti\/wp-json\/wp\/v2\/pages"}],"about":[{"href":"https:\/\/crystalralaksmi.com\/eesti\/wp-json\/wp\/v2\/types\/page"}],"author":[{"embeddable":true,"href":"https:\/\/crystalralaksmi.com\/eesti\/wp-json\/wp\/v2\/users\/1"}],"replies":[{"embeddable":true,"href":"https:\/\/crystalralaksmi.com\/eesti\/wp-json\/wp\/v2\/comments?post=260"}],"version-history":[{"count":2,"href":"https:\/\/crystalralaksmi.com\/eesti\/wp-json\/wp\/v2\/pages\/260\/revisions"}],"predecessor-version":[{"id":225247,"href":"https:\/\/crystalralaksmi.com\/eesti\/wp-json\/wp\/v2\/pages\/260\/revisions\/225247"}],"up":[{"embeddable":true,"href":"https:\/\/crystalralaksmi.com\/eesti\/wp-json\/wp\/v2\/pages\/224783"}],"wp:featuredmedia":[{"embeddable":true,"href":"https:\/\/crystalralaksmi.com\/eesti\/wp-json\/wp\/v2\/media\/224803"}],"wp:attachment":[{"href":"https:\/\/crystalralaksmi.com\/eesti\/wp-json\/wp\/v2\/media?parent=260"}],"curies":[{"name":"wp","href":"https:\/\/api.w.org\/{rel}","templated":true}]}}