{"id":2778,"date":"2015-08-01T15:44:02","date_gmt":"2015-08-01T15:44:02","guid":{"rendered":"http:\/\/crystalralaksmi.com\/eesti\/?page_id=2778"},"modified":"2019-07-30T12:25:50","modified_gmt":"2019-07-30T09:25:50","slug":"sukeldumine-endasse","status":"publish","type":"page","link":"https:\/\/crystalralaksmi.com\/eesti\/sundmused-maailmas\/crystali-mai-juuni-kalender\/sukeldumine-endasse\/","title":{"rendered":"Sukeldumine Endasse L\u00e4bi L\u00f5dvestumise ja mees ning naisenergiate aktiveerimise ning tasakaalustamise Kaidi Kirsi ja Crystal Ra Laksmi juhendamisel"},"content":{"rendered":"<p>[et_pb_section fb_built=&#8221;1&#8243; admin_label=&#8221;Section&#8221; _builder_version=&#8221;3.22.3&#8243; saved_tabs=&#8221;all&#8221; global_module=&#8221;225116&#8243;][et_pb_row _builder_version=&#8221;3.25&#8243; background_size=&#8221;initial&#8221; background_position=&#8221;top_left&#8221; background_repeat=&#8221;repeat&#8221;][et_pb_column type=&#8221;4_4&#8243; _builder_version=&#8221;3.25.3&#8243;][et_pb_post_title meta=&#8221;off&#8221; featured_image=&#8221;off&#8221; _builder_version=&#8221;3.25.3&#8243; title_font=&#8221;Poppins|600|||||||&#8221; custom_margin=&#8221;||0px|||&#8221;][\/et_pb_post_title][et_pb_divider color=&#8221;#57ca85&#8243; divider_weight=&#8221;5px&#8221; _builder_version=&#8221;3.25.3&#8243; width=&#8221;14%&#8221;][\/et_pb_divider][\/et_pb_column][\/et_pb_row][\/et_pb_section][et_pb_section fb_built=&#8221;1&#8243; _builder_version=&#8221;3.22&#8243;][et_pb_row _builder_version=&#8221;3.25&#8243; background_size=&#8221;initial&#8221; background_position=&#8221;top_left&#8221; background_repeat=&#8221;repeat&#8221;][et_pb_column type=&#8221;4_4&#8243; _builder_version=&#8221;3.25&#8243; custom_padding=&#8221;|||&#8221; custom_padding__hover=&#8221;|||&#8221;][et_pb_text _builder_version=&#8221;3.0.74&#8243; background_size=&#8221;initial&#8221; background_position=&#8221;top_left&#8221; background_repeat=&#8221;repeat&#8221;]<\/p>\n<p style=\"text-align: justify;\"><strong><a href=\"https:\/\/crystalralaksmi.com\/eesti\/wp-content\/uploads\/2015\/08\/mekaidipromo.jpg\"><img loading=\"lazy\" decoding=\"async\" class=\"alignleft size-thumbnail wp-image-2781\" src=\"https:\/\/crystalralaksmi.com\/eesti\/wp-content\/uploads\/2015\/08\/mekaidipromo-150x150.jpg\" alt=\"==mekaidipromo\" width=\"150\" height=\"150\" \/><\/a>S\u00fcndmus toimub 22 ja 23ndal augustil Matsalus, Algallika Keskuses<\/strong><\/p>\n<p style=\"text-align: justify;\"><strong>S\u00fcndmus algab laup\u00e4eval 22sel t\u00e4pselt kell 10 hommikul ja l\u00f5ppeb kella 18 paiku 23ndal augustil.<\/strong><\/p>\n<p style=\"text-align: justify;\">Peale s\u00fcndmuse l\u00f5ppu on v\u00f5imalus tellida era soojavee Wantra seansse Crystaliga koha peal, mille eest tuleb tasuda eraldi. K\u00fcsi selle kohta lisainfot Crystali k\u00e4est.<\/p>\n<p style=\"text-align: justify;\"><strong>Maksumus<\/strong><\/p>\n<p style=\"text-align: justify;\"><strong>S\u00fcndmuse maksumus on 200 eurot inimene,<\/strong> mis sisaldab majutust peamajas jagatud tubades (vaid 16 kohta nelja, kolme ja kahetoalistes tubades &#8211; mida kiiremini end kirja paned, seda rohkem on sul valikut), \u00fcldruumide ja kehasooja vee basseini ning sauna renti. Hinnale lisandub toit (27 eurot inimene) ja transport.<\/p>\n<p style=\"text-align: justify;\"><strong>Kui maksad oma kursuse tasu ettemaksu 100 eurot O\u00fc New Flow arvele \u00a0EE552200221039028272\u00a0hiljemalt 19nda augusti kella 18ks, siis on sulle kogumaksumus 200 eurot (sisaldab \u00fcldruumide ja basseini renti ning sinu majutust) +27 eurot toidu maksad sularahas kui kohale j\u00f5uad. <\/strong><\/p>\n<p style=\"text-align: justify;\"><strong>Kui maksad oma osaluse kohapeale tulles sularahas, siis selle maksumus on 250 eurot. Varajane registreerimine aitab meil kokka osalejate arvust teavitada, nii nagu ka ruumi vastavalt ette valmistada. Toitlustuse eest palume k\u00f5igil maksta sularahas kohale j\u00f5udes otse kokale. Kui on erisoove toitlustuse osas, siis kindlasti andke sellest meile kiiremas korras teada.<\/strong><\/p>\n<p style=\"text-align: justify;\"><strong>Mida kaasa v\u00f5tta<\/strong><\/p>\n<p style=\"text-align: justify;\">Palume k\u00f5igil kaasa v\u00f5tta v\u00f5imalusel paksemad matid v\u00f5i mitu tekki, ca 5cm, et saaks teha erilist tantra massaazi. Lisada tuleks ka ninakl\u00f5psud (saadaval spordipoodides v\u00f5i siis ujulates), laste t\u00e4ispuhutavad k\u00e4tised, v\u00f5imalusel ka mask ja snorkel ja ujumisriided, k\u00e4ter\u00e4tikud ning kindlasti mugavad riided liikumiseks ja ka soojemaid riideid.<\/p>\n<p style=\"text-align: justify;\"><strong>S\u00f5iduaeg<\/strong><\/p>\n<p style=\"text-align: justify;\">Palume k\u00f5igil arvestada s\u00f5iduks ca 3 tundi Tallinnast, kuna sealt tulles on p\u00e4ris pikk l\u00f5ik teed teet\u00f6\u00f6de piirangute all nii nagu ka p\u00e4ris pikk ots on l\u00f5pus s\u00f5ita kohalikel kruusateedel.<\/p>\n<p style=\"text-align: justify;\"><strong>Algallika eripakkumine<\/strong><\/p>\n<p style=\"text-align: justify;\">Algallika pakub v\u00f5imaluse j\u00e4\u00e4da ka p\u00fchap\u00e4eval peale s\u00fcndmust \u00f6\u00f6seks ja tellida ka neilt lisa majutus ja hommikus\u00f6\u00f6k vaid 18 euroga. Kui see huvi peaks olema, siis kindlasti v\u00f5tta \u00fchendust otse Algallika keskusega, et neid sellest ette teavitada.<\/p>\n<p style=\"text-align: justify;\">Nii imelist pakkumist ei saa ometi kasutamata j\u00e4tta!<\/p>\n<p style=\"text-align: justify;\">Kuidas Algallikale s\u00f5ita, seda vaata nende kodulehelt <a href=\"www.algallika.ee\">www.algallika.ee<\/a><\/p>\n<p style=\"text-align: justify;\"><strong>S\u00fcndmuse t\u00e4psema programmi kohta saad lisainfot siit:<\/strong>\u00a0<a href=\"https:\/\/crystalralaksmi.com\/eesti\/wp-content\/uploads\/2015\/08\/Sukeldumine-Endasse-F.pdf\">Sukeldumine Endasse\u00a0<\/a><a href=\"https:\/\/crystalralaksmi.com\/eesti\/wp-content\/uploads\/2015\/08\/kaidi-mina-final.pdf\"><br \/>\n<\/a><\/p>\n<p style=\"text-align: justify;\"><strong>Lisainfot saad Crystalilt helistades 55924831<\/strong> v\u00f5i siis l\u00e4bi kontaktiformi <a href=\"https:\/\/crystalralaksmi.com\/eesti\/kontakt\/\">siit:\u00a0<\/a>Kontakteeru Crystaliga kui sul on suurem auto ja seal on kohta ka teistele seiklejatele, nii et ta saaks aidata osalejatel leida endale seikluskaaslaseid.<\/p>\n<p style=\"text-align: justify;\">Imelist kulgemist suvistes lainetes k\u00f5igile!<\/p>\n<p>[\/et_pb_text][\/et_pb_column][\/et_pb_row][\/et_pb_section]<\/p>\n<span class=\"et_bloom_bottom_trigger\"><\/span>","protected":false},"excerpt":{"rendered":"<p>S\u00fcndmus toimub 22 ja 23ndal augustil Matsalus, Algallika Keskuses S\u00fcndmus algab laup\u00e4eval 22sel t\u00e4pselt kell 10 hommikul ja l\u00f5ppeb kella 18 paiku 23ndal augustil. Peale s\u00fcndmuse l\u00f5ppu on v\u00f5imalus tellida [&hellip;]<\/p>\n","protected":false},"author":1,"featured_media":224828,"parent":2535,"menu_order":0,"comment_status":"closed","ping_status":"closed","template":"","meta":{"_acf_changed":false,"_et_pb_use_builder":"on","_et_pb_old_content":"<p style=\"text-align: justify;\"><strong><a href=\"https:\/\/crystalralaksmi.com\/eesti\/wp-content\/uploads\/2015\/08\/mekaidipromo.jpg\"><img class=\"alignleft size-thumbnail wp-image-2781\" src=\"https:\/\/crystalralaksmi.com\/eesti\/wp-content\/uploads\/2015\/08\/mekaidipromo-150x150.jpg\" alt=\"==mekaidipromo\" width=\"150\" height=\"150\" \/><\/a>S\u00fcndmus toimub 22 ja 23ndal augustil Matsalus, Algallika Keskuses<\/strong><\/p><p style=\"text-align: justify;\"><strong>S\u00fcndmus algab laup\u00e4eval 22sel t\u00e4pselt kell 10 hommikul ja l\u00f5ppeb kella 18 paiku 23ndal augustil.<\/strong><\/p><p style=\"text-align: justify;\">Peale s\u00fcndmuse l\u00f5ppu on v\u00f5imalus tellida era soojavee Wantra seansse Crystaliga koha peal, mille eest tuleb tasuda eraldi. K\u00fcsi selle kohta lisainfot Crystali k\u00e4est.<\/p><p style=\"text-align: justify;\"><strong>Maksumus<\/strong><\/p><p style=\"text-align: justify;\"><strong>S\u00fcndmuse maksumus on 200 eurot inimene,<\/strong> mis sisaldab majutust peamajas jagatud tubades (vaid 16 kohta nelja, kolme ja kahetoalistes tubades - mida kiiremini end kirja paned, seda rohkem on sul valikut), \u00fcldruumide ja kehasooja vee basseini ning sauna renti. Hinnale lisandub toit (27 eurot inimene) ja transport.<\/p><p style=\"text-align: justify;\"><strong>Kui maksad oma kursuse tasu ettemaksu 100 eurot O\u00fc New Flow arvele \u00a0EE552200221039028272\u00a0hiljemalt 19nda augusti kella 18ks, siis on sulle kogumaksumus 200 eurot (sisaldab \u00fcldruumide ja basseini renti ning sinu majutust) +27 eurot toidu maksad sularahas kui kohale j\u00f5uad. <\/strong><\/p><p style=\"text-align: justify;\"><strong>Kui maksad oma osaluse kohapeale tulles sularahas, siis selle maksumus on 250 eurot. Varajane registreerimine aitab meil kokka osalejate arvust teavitada, nii nagu ka ruumi vastavalt ette valmistada. Toitlustuse eest palume k\u00f5igil maksta sularahas kohale j\u00f5udes otse kokale. Kui on erisoove toitlustuse osas, siis kindlasti andke sellest meile kiiremas korras teada.<\/strong><\/p><p style=\"text-align: justify;\"><strong>Mida kaasa v\u00f5tta<\/strong><\/p><p style=\"text-align: justify;\">Palume k\u00f5igil kaasa v\u00f5tta v\u00f5imalusel paksemad matid v\u00f5i mitu tekki, ca 5cm, et saaks teha erilist tantra massaazi. Lisada tuleks ka ninakl\u00f5psud (saadaval spordipoodides v\u00f5i siis ujulates), laste t\u00e4ispuhutavad k\u00e4tised, v\u00f5imalusel ka mask ja snorkel ja ujumisriided, k\u00e4ter\u00e4tikud ning kindlasti mugavad riided liikumiseks ja ka soojemaid riideid.<\/p><p style=\"text-align: justify;\"><strong>S\u00f5iduaeg<\/strong><\/p><p style=\"text-align: justify;\">Palume k\u00f5igil arvestada s\u00f5iduks ca 3 tundi Tallinnast, kuna sealt tulles on p\u00e4ris pikk l\u00f5ik teed teet\u00f6\u00f6de piirangute all nii nagu ka p\u00e4ris pikk ots on l\u00f5pus s\u00f5ita kohalikel kruusateedel.<\/p><p style=\"text-align: justify;\"><strong>Algallika eripakkumine<\/strong><\/p><p style=\"text-align: justify;\">Algallika pakub v\u00f5imaluse j\u00e4\u00e4da ka p\u00fchap\u00e4eval peale s\u00fcndmust \u00f6\u00f6seks ja tellida ka neilt lisa majutus ja hommikus\u00f6\u00f6k vaid 18 euroga. Kui see huvi peaks olema, siis kindlasti v\u00f5tta \u00fchendust otse Algallika keskusega, et neid sellest ette teavitada.<\/p><p style=\"text-align: justify;\">Nii imelist pakkumist ei saa ometi kasutamata j\u00e4tta!<\/p><p style=\"text-align: justify;\">Kuidas Algallikale s\u00f5ita, seda vaata nende kodulehelt <a href=\"www.algallika.ee\">www.algallika.ee<\/a><\/p><p style=\"text-align: justify;\"><strong>S\u00fcndmuse t\u00e4psema programmi kohta saad lisainfot siit:<\/strong>\u00a0<a href=\"https:\/\/crystalralaksmi.com\/eesti\/wp-content\/uploads\/2015\/08\/Sukeldumine-Endasse-F.pdf\">Sukeldumine Endasse\u00a0<\/a><a href=\"https:\/\/crystalralaksmi.com\/eesti\/wp-content\/uploads\/2015\/08\/kaidi-mina-final.pdf\"><br \/><\/a><\/p><p style=\"text-align: justify;\"><strong>Lisainfot saad Crystalilt helistades 55924831<\/strong> v\u00f5i siis l\u00e4bi kontaktiformi <a href=\"https:\/\/crystalralaksmi.com\/eesti\/kontakt\/\">siit:\u00a0<\/a>Kontakteeru Crystaliga kui sul on suurem auto ja seal on kohta ka teistele seiklejatele, nii et ta saaks aidata osalejatel leida endale seikluskaaslaseid.<\/p><p style=\"text-align: justify;\">Imelist kulgemist suvistes lainetes k\u00f5igile!<\/p>","_et_gb_content_width":"","footnotes":""},"class_list":["post-2778","page","type-page","status-publish","has-post-thumbnail","hentry"],"acf":[],"_links":{"self":[{"href":"https:\/\/crystalralaksmi.com\/eesti\/wp-json\/wp\/v2\/pages\/2778","targetHints":{"allow":["GET"]}}],"collection":[{"href":"https:\/\/crystalralaksmi.com\/eesti\/wp-json\/wp\/v2\/pages"}],"about":[{"href":"https:\/\/crystalralaksmi.com\/eesti\/wp-json\/wp\/v2\/types\/page"}],"author":[{"embeddable":true,"href":"https:\/\/crystalralaksmi.com\/eesti\/wp-json\/wp\/v2\/users\/1"}],"replies":[{"embeddable":true,"href":"https:\/\/crystalralaksmi.com\/eesti\/wp-json\/wp\/v2\/comments?post=2778"}],"version-history":[{"count":2,"href":"https:\/\/crystalralaksmi.com\/eesti\/wp-json\/wp\/v2\/pages\/2778\/revisions"}],"predecessor-version":[{"id":225193,"href":"https:\/\/crystalralaksmi.com\/eesti\/wp-json\/wp\/v2\/pages\/2778\/revisions\/225193"}],"up":[{"embeddable":true,"href":"https:\/\/crystalralaksmi.com\/eesti\/wp-json\/wp\/v2\/pages\/2535"}],"wp:featuredmedia":[{"embeddable":true,"href":"https:\/\/crystalralaksmi.com\/eesti\/wp-json\/wp\/v2\/media\/224828"}],"wp:attachment":[{"href":"https:\/\/crystalralaksmi.com\/eesti\/wp-json\/wp\/v2\/media?parent=2778"}],"curies":[{"name":"wp","href":"https:\/\/api.w.org\/{rel}","templated":true}]}}