{"id":2901,"date":"2015-09-01T08:27:21","date_gmt":"2015-09-01T08:27:21","guid":{"rendered":"http:\/\/crystalralaksmi.com\/eesti\/?page_id=2901"},"modified":"2019-07-30T13:03:29","modified_gmt":"2019-07-30T10:03:29","slug":"sugiskalender-2015-eestis","status":"publish","type":"page","link":"https:\/\/crystalralaksmi.com\/eesti\/sundmused-maailmas\/sugiskalender-2015-eestis\/","title":{"rendered":"S\u00fcgiskalender 2015 Eestis"},"content":{"rendered":"<p>[et_pb_section fb_built=&#8221;1&#8243; admin_label=&#8221;Section&#8221; _builder_version=&#8221;3.22.3&#8243; saved_tabs=&#8221;all&#8221; global_module=&#8221;225116&#8243;][et_pb_row _builder_version=&#8221;3.25&#8243; background_size=&#8221;initial&#8221; background_position=&#8221;top_left&#8221; background_repeat=&#8221;repeat&#8221;][et_pb_column type=&#8221;4_4&#8243; _builder_version=&#8221;3.25.3&#8243;][et_pb_post_title meta=&#8221;off&#8221; featured_image=&#8221;off&#8221; _builder_version=&#8221;3.25.3&#8243; title_font=&#8221;Poppins|600|||||||&#8221; custom_margin=&#8221;||0px|||&#8221;][\/et_pb_post_title][et_pb_divider color=&#8221;#57ca85&#8243; divider_weight=&#8221;5px&#8221; _builder_version=&#8221;3.25.3&#8243; width=&#8221;14%&#8221;][\/et_pb_divider][\/et_pb_column][\/et_pb_row][\/et_pb_section][et_pb_section fb_built=&#8221;1&#8243; _builder_version=&#8221;3.22&#8243;][et_pb_row _builder_version=&#8221;3.25&#8243; background_size=&#8221;initial&#8221; background_position=&#8221;top_left&#8221; background_repeat=&#8221;repeat&#8221;][et_pb_column type=&#8221;4_4&#8243; _builder_version=&#8221;3.25&#8243; custom_padding=&#8221;|||&#8221; custom_padding__hover=&#8221;|||&#8221;][et_pb_text _builder_version=&#8221;3.0.74&#8243; background_size=&#8221;initial&#8221; background_position=&#8221;top_left&#8221; background_repeat=&#8221;repeat&#8221;]<strong>Kliendip\u00e4evad Septembris\u00a0<\/strong><br \/>\n<strong>Tallinnas:<\/strong><br \/>\n7,15, 22 ja 29 september<br \/>\n<strong>Helsinkis ja Tamperes:<\/strong><br \/>\nKinnitamisel<br \/>\n<strong>P\u00e4rnus:<\/strong><br \/>\n16 september<br \/>\n<strong>Kuressaares\u00a0<\/strong><br \/>\n17 september<br \/>\n<strong>Tartus<\/strong><br \/>\nKinnitamisel<br \/>\n<strong>Kliendip\u00e4evad Oktoobris<\/strong><br \/>\nPaikapanemisel<br \/>\n<strong>S\u00fcndmused Septembris\u00a0<\/strong><br \/>\n<strong>Algab uus KIS online programm. V\u00f5imalik valida 6 kuu v\u00f5i 12 kuu pakette<\/strong><br \/>\n<strong>6 &#8211; 27 september<\/strong> &#8216;Wantra koolitus Kalev Spas&#8217;, Tallinnas &#8211; &#8216;Saa S\u00f5braks Veega&#8217; (v\u00e4lja m\u00fc\u00fcdud) Huvi korral anna oma huvist teada, kui saame veel kokku enne sept l\u00f5ppu 12 inimest, v\u00f5imalus teha uus grupp enne mu minekut.<br \/>\n<strong>15 september<\/strong> &#8216;Tantra Date&#8217; s\u00fcndmus koost\u00f6\u00f6s Peep \u00d5unapuuga Blissi Majas<br \/>\n<strong>21 september<\/strong> &#8216;Avameelselt Auratransformatsioonist&#8217; kl 19 &#8211; 22 Kalev Spas<br \/>\n<strong>S\u00fcndmused Oktoobris\u00a0<\/strong><br \/>\n<a href=\"https:\/\/crystalralaksmi.com\/eesti\/wp-content\/uploads\/2015\/09\/sygislaagerFF.jpg\"><img loading=\"lazy\" decoding=\"async\" class=\"alignleft size-thumbnail wp-image-2900\" src=\"https:\/\/crystalralaksmi.com\/eesti\/wp-content\/uploads\/2015\/09\/sygislaagerFF-150x150.jpg\" alt=\"sygislaagerFF\" width=\"150\" height=\"150\" \/><\/a><strong>17 ja 18 oktoober<\/strong>\u00a0&#8216;Maandumine Endasse&#8217; s\u00fcgisretriit koost\u00f6\u00f6s<strong> Kaidi Kirsiga<\/strong>. Eelregistreerimise kokkuv\u00f5te tehakse 15 september. Selleks ajaks peaks olema registreerinud v\u00e4hemalt 10 inimest, et kursus toimuks.<br \/>\n<strong>Kui soovid lisainfot nende s\u00fcndmuste v\u00f5i seansside kohta, siis kontakteeru Crystaliga isiklikult crystalexpansion @ gmail.com aadressil. Suur t\u00e4nu!<\/strong><br \/>\n[\/et_pb_text][\/et_pb_column][\/et_pb_row][\/et_pb_section]<\/p>\n<span class=\"et_bloom_bottom_trigger\"><\/span>","protected":false},"excerpt":{"rendered":"<p>Kliendip\u00e4evad Septembris\u00a0 Tallinnas: 7,15, 22 ja 29 september Helsinkis ja Tamperes: Kinnitamisel P\u00e4rnus: 16 september Kuressaares\u00a0 17 september Tartus Kinnitamisel Kliendip\u00e4evad Oktoobris Paikapanemisel S\u00fcndmused Septembris\u00a0 Algab uus KIS online programm. [&hellip;]<\/p>\n","protected":false},"author":1,"featured_media":224833,"parent":224783,"menu_order":0,"comment_status":"closed","ping_status":"closed","template":"","meta":{"_acf_changed":false,"_et_pb_use_builder":"on","_et_pb_old_content":"<p><strong>Kliendip\u00e4evad Septembris\u00a0<\/strong><br \/><strong>Tallinnas:<\/strong><br \/>7,15, 22 ja 29 september<br \/><strong>Helsinkis ja Tamperes:<\/strong><br \/>Kinnitamisel<br \/><strong>P\u00e4rnus:<\/strong><br \/>16 september<br \/><strong>Kuressaares\u00a0<\/strong><br \/>17 september<br \/><strong>Tartus<\/strong><br \/>Kinnitamisel<br \/><strong>Kliendip\u00e4evad Oktoobris<\/strong><br \/>Paikapanemisel<br \/><strong>S\u00fcndmused Septembris\u00a0<\/strong><br \/><strong>Algab uus KIS online programm. V\u00f5imalik valida 6 kuu v\u00f5i 12 kuu pakette<\/strong><br \/><strong>6 - 27 september<\/strong> 'Wantra koolitus Kalev Spas', Tallinnas - 'Saa S\u00f5braks Veega' (v\u00e4lja m\u00fc\u00fcdud) Huvi korral anna oma huvist teada, kui saame veel kokku enne sept l\u00f5ppu 12 inimest, v\u00f5imalus teha uus grupp enne mu minekut.<br \/><strong>15 september<\/strong> 'Tantra Date' s\u00fcndmus koost\u00f6\u00f6s Peep \u00d5unapuuga Blissi Majas<br \/><strong>21 september<\/strong> 'Avameelselt Auratransformatsioonist' kl 19 - 22 Kalev Spas<br \/><strong>S\u00fcndmused Oktoobris\u00a0<\/strong><br \/><a href=\"https:\/\/crystalralaksmi.com\/eesti\/wp-content\/uploads\/2015\/09\/sygislaagerFF.jpg\"><img class=\"alignleft size-thumbnail wp-image-2900\" src=\"https:\/\/crystalralaksmi.com\/eesti\/wp-content\/uploads\/2015\/09\/sygislaagerFF-150x150.jpg\" alt=\"sygislaagerFF\" width=\"150\" height=\"150\" \/><\/a><strong>17 ja 18 oktoober<\/strong>\u00a0'Maandumine Endasse' s\u00fcgisretriit koost\u00f6\u00f6s<strong> Kaidi Kirsiga<\/strong>. Eelregistreerimise kokkuv\u00f5te tehakse 15 september. Selleks ajaks peaks olema registreerinud v\u00e4hemalt 10 inimest, et kursus toimuks.<br \/><strong>Kui soovid lisainfot nende s\u00fcndmuste v\u00f5i seansside kohta, siis kontakteeru Crystaliga isiklikult crystalexpansion @ gmail.com aadressil. Suur t\u00e4nu!<\/strong><\/p>","_et_gb_content_width":"","footnotes":""},"class_list":["post-2901","page","type-page","status-publish","has-post-thumbnail","hentry"],"acf":[],"_links":{"self":[{"href":"https:\/\/crystalralaksmi.com\/eesti\/wp-json\/wp\/v2\/pages\/2901","targetHints":{"allow":["GET"]}}],"collection":[{"href":"https:\/\/crystalralaksmi.com\/eesti\/wp-json\/wp\/v2\/pages"}],"about":[{"href":"https:\/\/crystalralaksmi.com\/eesti\/wp-json\/wp\/v2\/types\/page"}],"author":[{"embeddable":true,"href":"https:\/\/crystalralaksmi.com\/eesti\/wp-json\/wp\/v2\/users\/1"}],"replies":[{"embeddable":true,"href":"https:\/\/crystalralaksmi.com\/eesti\/wp-json\/wp\/v2\/comments?post=2901"}],"version-history":[{"count":2,"href":"https:\/\/crystalralaksmi.com\/eesti\/wp-json\/wp\/v2\/pages\/2901\/revisions"}],"predecessor-version":[{"id":225239,"href":"https:\/\/crystalralaksmi.com\/eesti\/wp-json\/wp\/v2\/pages\/2901\/revisions\/225239"}],"up":[{"embeddable":true,"href":"https:\/\/crystalralaksmi.com\/eesti\/wp-json\/wp\/v2\/pages\/224783"}],"wp:featuredmedia":[{"embeddable":true,"href":"https:\/\/crystalralaksmi.com\/eesti\/wp-json\/wp\/v2\/media\/224833"}],"wp:attachment":[{"href":"https:\/\/crystalralaksmi.com\/eesti\/wp-json\/wp\/v2\/media?parent=2901"}],"curies":[{"name":"wp","href":"https:\/\/api.w.org\/{rel}","templated":true}]}}