{"id":2989,"date":"2015-09-28T22:40:05","date_gmt":"2015-09-28T22:40:05","guid":{"rendered":"http:\/\/crystalralaksmi.com\/eesti\/?page_id=2989"},"modified":"2019-07-30T13:11:55","modified_gmt":"2019-07-30T10:11:55","slug":"basseini-kasutamise-kokkulepped","status":"publish","type":"page","link":"https:\/\/crystalralaksmi.com\/eesti\/teenused\/basseini-kasutamise-kokkulepped\/","title":{"rendered":"Basseini kasutamise kokkulepped"},"content":{"rendered":"<p>[et_pb_section fb_built=&#8221;1&#8243; admin_label=&#8221;Section&#8221; _builder_version=&#8221;3.22.3&#8243; saved_tabs=&#8221;all&#8221; global_module=&#8221;225116&#8243;][et_pb_row _builder_version=&#8221;3.25&#8243; background_size=&#8221;initial&#8221; background_position=&#8221;top_left&#8221; background_repeat=&#8221;repeat&#8221;][et_pb_column type=&#8221;4_4&#8243; _builder_version=&#8221;3.25.3&#8243;][et_pb_post_title meta=&#8221;off&#8221; featured_image=&#8221;off&#8221; _builder_version=&#8221;3.25.3&#8243; title_font=&#8221;Poppins|600|||||||&#8221; custom_margin=&#8221;||0px|||&#8221;][\/et_pb_post_title][et_pb_divider color=&#8221;#57ca85&#8243; divider_weight=&#8221;5px&#8221; _builder_version=&#8221;3.25.3&#8243; width=&#8221;14%&#8221;][\/et_pb_divider][\/et_pb_column][\/et_pb_row][\/et_pb_section][et_pb_section fb_built=&#8221;1&#8243; _builder_version=&#8221;3.22&#8243;][et_pb_row _builder_version=&#8221;3.25&#8243; background_size=&#8221;initial&#8221; background_position=&#8221;top_left&#8221; background_repeat=&#8221;repeat&#8221;][et_pb_column type=&#8221;4_4&#8243; _builder_version=&#8221;3.25&#8243; custom_padding=&#8221;|||&#8221; custom_padding__hover=&#8221;|||&#8221;][et_pb_text _builder_version=&#8221;3.0.74&#8243; background_size=&#8221;initial&#8221; background_position=&#8221;top_left&#8221; background_repeat=&#8221;repeat&#8221;]<\/p>\n<h1 style=\"text-align: center;\"><strong><a href=\"https:\/\/crystalralaksmi.com\/eesti\/wp-content\/uploads\/2015\/05\/watsupool.jpg\"><img loading=\"lazy\" decoding=\"async\" class=\"alignleft size-thumbnail wp-image-2566\" src=\"https:\/\/crystalralaksmi.com\/eesti\/wp-content\/uploads\/2015\/05\/watsupool-150x150.jpg\" alt=\"watsupool\" width=\"150\" height=\"150\" \/><\/a>Basseini Kokkulepped<\/strong><\/h1>\n<p style=\"text-align: justify;\"><strong>K\u00f5ik basseini sisenevad inimesed v\u00f5tavad isikliku vastutuse ja j\u00e4rgivad basseini kasutamise kokkuleppeid. Suur t\u00e4nu koost\u00f6\u00f6 eest!\u00a0<\/strong><\/p>\n<p style=\"text-align: justify;\"><strong>Pole vahet kus basseinis s\u00fcndmus toimub, ole hoolikas!<\/strong><\/p>\n<p style=\"text-align: justify;\">&#8211; Enne basseini sisenemist k\u00e4i \u00e4ra dushi all ja ilma ujumisriieteta!<\/p>\n<p style=\"text-align: justify;\">&#8211; \u00c4ra pane oma keha peale kreeme, teravalt l\u00f5hnavaid taime\u00f5lisid, v\u00f5i muid kehatoote vahendeid, mis vee sogaseks teeksid ja ei ole naturaalsed.<\/p>\n<p style=\"text-align: justify;\">&#8211; Puhasta \u00e4ra ka oma n\u00e4gu kosmeetikast, sisene basseini ilma make-upita.<\/p>\n<p style=\"text-align: justify;\">&#8211; V\u00f5ta \u00e4ra ehted, torkivad peaklambrid.<\/p>\n<p style=\"text-align: justify;\">&#8211; Kui sul on pikad juuksed, siis palun kasuta juuksekummi v\u00f5i ujumism\u00fctsi.<\/p>\n<p style=\"text-align: justify;\">&#8211; Kui sul on kas tervise probleemid v\u00f5i naha probleemid, mis oleksid ohtlikud ka teistele, siis palun \u00e4ra sisene basseini ja k\u00e4itu vastutustundlikult.<\/p>\n<p style=\"text-align: justify;\">&#8211; Bassein ei ole tualett v\u00f5i meri, seega kui sul on vaja minna tualetti, tee seda enne basseini sisenemist v\u00f5i siis kui vajadus tekib. \u00c4ra mitte mingil juhul urineeri basseini!<\/p>\n<p style=\"text-align: justify;\">&#8211; Enne kui sa sisened basseini, kontrolli kas su jalad on puhtad.<\/p>\n<p style=\"text-align: justify;\">&#8211; Kui sul ei ole endal kaasas k\u00f5rva troppe v\u00f5i siis ninakl\u00f5pse v\u00f5i muid vajaminevaid vahendeid, siis saad neid v\u00f5imalusel laenata, kuid anna need kindlasti tagasi. Kui sa oma kasutuse ajal need \u00e4ra l\u00f5hud v\u00f5i kaotad, pead need asendama oma kuludega kiiremas korras.<\/p>\n<p style=\"text-align: justify;\">&#8211; Kasuta oma personaalset r\u00e4tikut.<\/p>\n<p style=\"text-align: justify;\">&#8211; Kui sa oled basseini l\u00e4hedal sellel ajal kui seal k\u00e4ib veeteraapia seanss, proovi olla nii vaikselt kui v\u00f5imalik, nii et sa ei segaks seanssi.<\/p>\n<p style=\"text-align: justify;\">&#8211; Sisene basseini harmooniliste m\u00f5tete ja ideedega. Vesi on v\u00e4ga k\u00f5rgendatud vahendaja, seda eriti emotsioonidele ja energiatele. Sel juhul sa hoiad basseini vee tervendava veena ja t\u00e4idetud armastusega ja harmooniaga.<\/p>\n<p style=\"text-align: justify;\">&#8211; \u00c4ra s\u00fclita vette.<\/p>\n<p style=\"text-align: justify;\">&#8211; Kui sul on menstruatsioon, kasuta tampoone. Vajadusel vaheta seansi jooksul.<\/p>\n<p style=\"text-align: justify;\">&#8211; Sul ei tohiks olla veritsevaid v\u00f5i v\u00e4rskeid naha l\u00f5ikeid.<\/p>\n<p style=\"text-align: justify;\">&#8211; Kanna ujumisriideid.<\/p>\n<p style=\"text-align: justify;\">&#8211; Basseini kasutamine on lubatud vaid kainetele isikutele.<\/p>\n<p style=\"text-align: justify;\">&#8211; Dushiruumis ja basseini \u00fcmbruses k\u00f5nni ja k\u00e4itu rahulikult nii iseenda kui ka teiste turvalisuse huvides.<\/p>\n<p style=\"text-align: justify;\"><strong>Kui sul on veel k\u00fcsimusi ja sa pole kindel, kas basseini sisenemine on turvaline, siis k\u00fcsi t\u00e4psemalt j\u00e4rele basseini hooldajatelt ja Crystal Ralt! Imelist kogemist!<\/strong><\/p>\n<p>[\/et_pb_text][\/et_pb_column][\/et_pb_row][\/et_pb_section]<\/p>\n<span class=\"et_bloom_bottom_trigger\"><\/span>","protected":false},"excerpt":{"rendered":"<p>Basseini Kokkulepped K\u00f5ik basseini sisenevad inimesed v\u00f5tavad isikliku vastutuse ja j\u00e4rgivad basseini kasutamise kokkuleppeid. Suur t\u00e4nu koost\u00f6\u00f6 eest!\u00a0 Pole vahet kus basseinis s\u00fcndmus toimub, ole hoolikas! &#8211; Enne basseini sisenemist [&hellip;]<\/p>\n","protected":false},"author":1,"featured_media":224838,"parent":215,"menu_order":0,"comment_status":"closed","ping_status":"closed","template":"","meta":{"_acf_changed":false,"_et_pb_use_builder":"on","_et_pb_old_content":"<h1 style=\"text-align: center;\"><strong><a href=\"https:\/\/crystalralaksmi.com\/eesti\/wp-content\/uploads\/2015\/05\/watsupool.jpg\"><img class=\"alignleft size-thumbnail wp-image-2566\" src=\"https:\/\/crystalralaksmi.com\/eesti\/wp-content\/uploads\/2015\/05\/watsupool-150x150.jpg\" alt=\"watsupool\" width=\"150\" height=\"150\" \/><\/a>Basseini Kokkulepped<\/strong><\/h1><p style=\"text-align: justify;\"><strong>K\u00f5ik basseini sisenevad inimesed v\u00f5tavad isikliku vastutuse ja j\u00e4rgivad basseini kasutamise kokkuleppeid. Suur t\u00e4nu koost\u00f6\u00f6 eest!\u00a0<\/strong><\/p><p style=\"text-align: justify;\"><strong>Pole vahet kus basseinis s\u00fcndmus toimub, ole hoolikas!<\/strong><\/p><p style=\"text-align: justify;\">- Enne basseini sisenemist k\u00e4i \u00e4ra dushi all ja ilma ujumisriieteta!<\/p><p style=\"text-align: justify;\">- \u00c4ra pane oma keha peale kreeme, teravalt l\u00f5hnavaid taime\u00f5lisid, v\u00f5i muid kehatoote vahendeid, mis vee sogaseks teeksid ja ei ole naturaalsed.<\/p><p style=\"text-align: justify;\">- Puhasta \u00e4ra ka oma n\u00e4gu kosmeetikast, sisene basseini ilma make-upita.<\/p><p style=\"text-align: justify;\">- V\u00f5ta \u00e4ra ehted, torkivad peaklambrid.<\/p><p style=\"text-align: justify;\">- Kui sul on pikad juuksed, siis palun kasuta juuksekummi v\u00f5i ujumism\u00fctsi.<\/p><p style=\"text-align: justify;\">- Kui sul on kas tervise probleemid v\u00f5i naha probleemid, mis oleksid ohtlikud ka teistele, siis palun \u00e4ra sisene basseini ja k\u00e4itu vastutustundlikult.<\/p><p style=\"text-align: justify;\">- Bassein ei ole tualett v\u00f5i meri, seega kui sul on vaja minna tualetti, tee seda enne basseini sisenemist v\u00f5i siis kui vajadus tekib. \u00c4ra mitte mingil juhul urineeri basseini!<\/p><p style=\"text-align: justify;\">- Enne kui sa sisened basseini, kontrolli kas su jalad on puhtad.<\/p><p style=\"text-align: justify;\">- Kui sul ei ole endal kaasas k\u00f5rva troppe v\u00f5i siis ninakl\u00f5pse v\u00f5i muid vajaminevaid vahendeid, siis saad neid v\u00f5imalusel laenata, kuid anna need kindlasti tagasi. Kui sa oma kasutuse ajal need \u00e4ra l\u00f5hud v\u00f5i kaotad, pead need asendama oma kuludega kiiremas korras.<\/p><p style=\"text-align: justify;\">- Kasuta oma personaalset r\u00e4tikut.<\/p><p style=\"text-align: justify;\">- Kui sa oled basseini l\u00e4hedal sellel ajal kui seal k\u00e4ib veeteraapia seanss, proovi olla nii vaikselt kui v\u00f5imalik, nii et sa ei segaks seanssi.<\/p><p style=\"text-align: justify;\">- Sisene basseini harmooniliste m\u00f5tete ja ideedega. Vesi on v\u00e4ga k\u00f5rgendatud vahendaja, seda eriti emotsioonidele ja energiatele. Sel juhul sa hoiad basseini vee tervendava veena ja t\u00e4idetud armastusega ja harmooniaga.<\/p><p style=\"text-align: justify;\">- \u00c4ra s\u00fclita vette.<\/p><p style=\"text-align: justify;\">- Kui sul on menstruatsioon, kasuta tampoone. Vajadusel vaheta seansi jooksul.<\/p><p style=\"text-align: justify;\">- Sul ei tohiks olla veritsevaid v\u00f5i v\u00e4rskeid naha l\u00f5ikeid.<\/p><p style=\"text-align: justify;\">- Kanna ujumisriideid.<\/p><p style=\"text-align: justify;\">- Basseini kasutamine on lubatud vaid kainetele isikutele.<\/p><p style=\"text-align: justify;\">- Dushiruumis ja basseini \u00fcmbruses k\u00f5nni ja k\u00e4itu rahulikult nii iseenda kui ka teiste turvalisuse huvides.<\/p><p style=\"text-align: justify;\"><strong>Kui sul on veel k\u00fcsimusi ja sa pole kindel, kas basseini sisenemine on turvaline, siis k\u00fcsi t\u00e4psemalt j\u00e4rele basseini hooldajatelt ja Crystal Ralt! Imelist kogemist!<\/strong><\/p>","_et_gb_content_width":"","footnotes":""},"class_list":["post-2989","page","type-page","status-publish","has-post-thumbnail","hentry"],"acf":[],"_links":{"self":[{"href":"https:\/\/crystalralaksmi.com\/eesti\/wp-json\/wp\/v2\/pages\/2989","targetHints":{"allow":["GET"]}}],"collection":[{"href":"https:\/\/crystalralaksmi.com\/eesti\/wp-json\/wp\/v2\/pages"}],"about":[{"href":"https:\/\/crystalralaksmi.com\/eesti\/wp-json\/wp\/v2\/types\/page"}],"author":[{"embeddable":true,"href":"https:\/\/crystalralaksmi.com\/eesti\/wp-json\/wp\/v2\/users\/1"}],"replies":[{"embeddable":true,"href":"https:\/\/crystalralaksmi.com\/eesti\/wp-json\/wp\/v2\/comments?post=2989"}],"version-history":[{"count":2,"href":"https:\/\/crystalralaksmi.com\/eesti\/wp-json\/wp\/v2\/pages\/2989\/revisions"}],"predecessor-version":[{"id":225272,"href":"https:\/\/crystalralaksmi.com\/eesti\/wp-json\/wp\/v2\/pages\/2989\/revisions\/225272"}],"up":[{"embeddable":true,"href":"https:\/\/crystalralaksmi.com\/eesti\/wp-json\/wp\/v2\/pages\/215"}],"wp:featuredmedia":[{"embeddable":true,"href":"https:\/\/crystalralaksmi.com\/eesti\/wp-json\/wp\/v2\/media\/224838"}],"wp:attachment":[{"href":"https:\/\/crystalralaksmi.com\/eesti\/wp-json\/wp\/v2\/media?parent=2989"}],"curies":[{"name":"wp","href":"https:\/\/api.w.org\/{rel}","templated":true}]}}