{"id":3739,"date":"2016-06-12T01:23:14","date_gmt":"2016-06-12T01:23:14","guid":{"rendered":"http:\/\/crystalralaksmi.com\/eesti\/?page_id=3739"},"modified":"2019-07-23T10:55:52","modified_gmt":"2019-07-23T07:55:52","slug":"crystal-ra-minituur-eestis-suvel-2016","status":"publish","type":"page","link":"https:\/\/crystalralaksmi.com\/eesti\/sundmused-maailmas\/crystal-ra-minituur-eestis-suvel-2016\/","title":{"rendered":"Crystal Ra minituur Eestis suvel 2016"},"content":{"rendered":"<p>[et_pb_section fb_built=&#8221;1&#8243; admin_label=&#8221;Section&#8221; _builder_version=&#8221;3.22.3&#8243; global_module=&#8221;225116&#8243; saved_tabs=&#8221;all&#8221;][et_pb_row _builder_version=&#8221;3.25&#8243; background_size=&#8221;initial&#8221; background_position=&#8221;top_left&#8221; background_repeat=&#8221;repeat&#8221;][et_pb_column type=&#8221;4_4&#8243; _builder_version=&#8221;3.25.3&#8243;][et_pb_post_title meta=&#8221;off&#8221; featured_image=&#8221;off&#8221; _builder_version=&#8221;3.25.3&#8243; title_font=&#8221;Poppins|600|||||||&#8221; custom_margin=&#8221;||0px|||&#8221;][\/et_pb_post_title][et_pb_divider color=&#8221;#57ca85&#8243; divider_weight=&#8221;5px&#8221; _builder_version=&#8221;3.25.3&#8243; width=&#8221;14%&#8221;][\/et_pb_divider][\/et_pb_column][\/et_pb_row][\/et_pb_section][et_pb_section fb_built=&#8221;1&#8243; _builder_version=&#8221;3.22&#8243;][et_pb_row _builder_version=&#8221;3.25&#8243; background_size=&#8221;initial&#8221; background_position=&#8221;top_left&#8221; background_repeat=&#8221;repeat&#8221;][et_pb_column type=&#8221;4_4&#8243; _builder_version=&#8221;3.25&#8243; custom_padding=&#8221;|||&#8221; custom_padding__hover=&#8221;|||&#8221;][et_pb_text _builder_version=&#8221;3.0.74&#8243; background_size=&#8221;initial&#8221; background_position=&#8221;top_left&#8221; background_repeat=&#8221;repeat&#8221;]<\/p>\n<p style=\"text-align: center;\"><a href=\"https:\/\/crystalralaksmi.com\/eesti\/wp-content\/uploads\/2016\/06\/TOUR-EST-FINALFF.odt\"><br \/>\n<\/a><img loading=\"lazy\" decoding=\"async\" class=\"alignleft size-medium wp-image-3741\" src=\"https:\/\/crystalralaksmi.com\/eesti\/wp-content\/uploads\/2016\/06\/snowcrabholdme-300x200.jpg\" alt=\"OLYMPUS DIGITAL CAMERA\" width=\"300\" height=\"200\" \/>Crystal Ra viibib Eestis seekord vaid 3 kuud ja sissejuhatus uuele k\u00fclastusele saab olema juuli alguses kui toimub ka Crystal Ra Eesti minituur.<\/p>\n<p><strong>4. juulil P\u00e4rnus<\/strong><br \/>\n<strong>5. juulil Tallinnas<\/strong><br \/>\n<strong>6. juulil Tartus<\/strong><br \/>\nP\u00e4rnu ja Tartu eelregistreermise ja maksete info asub lisatud failis nii nagu ka Tallinna oma, kuid Tallinna s\u00fcndmusele on vajalik \u00a0ka vaid oma huvi eelregistreerimine hiljemalt 30. juuniks emailile crystalexpansion@gmail.com<br \/>\n<strong>Loe kogu infot s\u00fcndmuse detailide ja makseinfo kohta siit:\u00a0<a href=\"https:\/\/crystalralaksmi.com\/eesti\/wp-content\/uploads\/2016\/06\/++TOUR-EST-FINALFF.pdf\">TOUR EST\u00a0<\/a><a href=\"https:\/\/crystalralaksmi.com\/eesti\/wp-content\/uploads\/2016\/06\/TOUR-ESTF.pdf\"><br \/>\n<\/a><\/strong><br \/>\n<a href=\"https:\/\/crystalralaksmi.com\/eesti\/wp-content\/uploads\/2016\/06\/merineitis-s\u00f5numid-final.jpg\"><img loading=\"lazy\" decoding=\"async\" class=\"alignleft size-medium wp-image-3751\" src=\"https:\/\/crystalralaksmi.com\/eesti\/wp-content\/uploads\/2016\/06\/merineitis-s\u00f5numid-final-300x209.jpg\" alt=\"merineitis s\u00f5numid final\" width=\"300\" height=\"209\" \/><\/a><br \/>\nKui sul on soovi teha sellel ajal eraseansse erinevates linnades kas maa peal v\u00f5i vees, v\u00f5ta \u00fchendust! Peale tuuri saab Crystal Ra peamiseks baasiks olema Tallinn.<br \/>\nEmaili crystalexpansion @ gmail.com v\u00f5i helista 55924831 (alates 1. juulist).<br \/>\n<strong>Praegu on paigas ka j\u00e4rgnevad kursused:<\/strong><br \/>\n<strong>Wantranaiste suvelaager 24 &#8211; 26 juuli Matsalus<\/strong> (vaba veel 3 kohta) <a href=\"https:\/\/crystalralaksmi.com\/eesti\/sundmused-maailmas\/wantranaise-suvine-aratus-leia-oma-naisvae-olemus-labi-avardumise-endasse\/\">Loe lisa siit:<\/a><br \/>\n<strong>Veehirmu seljatamise kursus 27 ja 28 august Matsalus<\/strong> (vajalik 10 osaleja registreerimine hiljemalt 26ndaks juuniks) &#8211;<a href=\"https:\/\/crystalralaksmi.com\/eesti\/sundmused-maailmas\/veehirmu-seljatamise-kursus\/\"> Loe lisa siit:\u00a0<\/a><br \/>\n<strong>Uue ajastu Tantrakursus 16 &#8211; 18 september Matsalus<\/strong> (vajalik 10 osaleja registreermine hiljemalt (vajalik miinimum 10 osaleja registreerimine hiljemalt 15. augustiks) &#8211; <a href=\"https:\/\/crystalralaksmi.com\/eesti\/sundmused-maailmas\/uue-ajastu-tantrakursus-crystal-ra-laksmiga\/\">Loe lisa siit:\u00a0<\/a><\/p>\n<p style=\"text-align: justify;\"><a href=\"https:\/\/crystalralaksmi.com\/eesti\/wp-content\/uploads\/2015\/03\/lalanchawaterangel.jpg\"><img loading=\"lazy\" decoding=\"async\" class=\"alignleft size-medium wp-image-2360\" src=\"https:\/\/crystalralaksmi.com\/eesti\/wp-content\/uploads\/2015\/03\/lalanchawaterangel-300x172.jpg\" alt=\"lalanchawaterangel\" width=\"300\" height=\"172\" \/><\/a>Vajadusel saab tellida \u00a0vee eraseansse soojas vees ka Tallinnas augustis ja septembris. Imelist kulgemist k\u00f5igile ning sooja kohtumiseni!<\/p>\n<p>Crystal Ra Laksmi<br \/>\n[\/et_pb_text][\/et_pb_column][\/et_pb_row][\/et_pb_section]<\/p>\n<span class=\"et_bloom_bottom_trigger\"><\/span>","protected":false},"excerpt":{"rendered":"<p>Crystal Ra viibib Eestis seekord vaid 3 kuud ja sissejuhatus uuele k\u00fclastusele saab olema juuli alguses kui toimub ka Crystal Ra Eesti minituur. 4. juulil P\u00e4rnus 5. juulil Tallinnas 6. [&hellip;]<\/p>\n","protected":false},"author":1,"featured_media":224848,"parent":224783,"menu_order":0,"comment_status":"closed","ping_status":"closed","template":"","meta":{"_acf_changed":false,"_et_pb_use_builder":"on","_et_pb_old_content":"<p style=\"text-align: center;\"><a href=\"https:\/\/crystalralaksmi.com\/eesti\/wp-content\/uploads\/2016\/06\/TOUR-EST-FINALFF.odt\"><br \/><\/a><img class=\"alignleft size-medium wp-image-3741\" src=\"https:\/\/crystalralaksmi.com\/eesti\/wp-content\/uploads\/2016\/06\/snowcrabholdme-300x200.jpg\" alt=\"OLYMPUS DIGITAL CAMERA\" width=\"300\" height=\"200\" \/>Crystal Ra viibib Eestis seekord vaid 3 kuud ja sissejuhatus uuele k\u00fclastusele saab olema juuli alguses kui toimub ka Crystal Ra Eesti minituur.<\/p><p><strong>4. juulil P\u00e4rnus<\/strong><br \/><strong>5. juulil Tallinnas<\/strong><br \/><strong>6. juulil Tartus<\/strong><br \/>P\u00e4rnu ja Tartu eelregistreermise ja maksete info asub lisatud failis nii nagu ka Tallinna oma, kuid Tallinna s\u00fcndmusele on vajalik \u00a0ka vaid oma huvi eelregistreerimine hiljemalt 30. juuniks emailile crystalexpansion@gmail.com<br \/><strong>Loe kogu infot s\u00fcndmuse detailide ja makseinfo kohta siit:\u00a0<a href=\"https:\/\/crystalralaksmi.com\/eesti\/wp-content\/uploads\/2016\/06\/++TOUR-EST-FINALFF.pdf\">TOUR EST\u00a0<\/a><a href=\"https:\/\/crystalralaksmi.com\/eesti\/wp-content\/uploads\/2016\/06\/TOUR-ESTF.pdf\"><br \/><\/a><\/strong><br \/><a href=\"https:\/\/crystalralaksmi.com\/eesti\/wp-content\/uploads\/2016\/06\/merineitis-s\u00f5numid-final.jpg\"><img class=\"alignleft size-medium wp-image-3751\" src=\"https:\/\/crystalralaksmi.com\/eesti\/wp-content\/uploads\/2016\/06\/merineitis-s\u00f5numid-final-300x209.jpg\" alt=\"merineitis s\u00f5numid final\" width=\"300\" height=\"209\" \/><\/a><br \/>Kui sul on soovi teha sellel ajal eraseansse erinevates linnades kas maa peal v\u00f5i vees, v\u00f5ta \u00fchendust! Peale tuuri saab Crystal Ra peamiseks baasiks olema Tallinn.<br \/>Emaili crystalexpansion @ gmail.com v\u00f5i helista 55924831 (alates 1. juulist).<br \/><strong>Praegu on paigas ka j\u00e4rgnevad kursused:<\/strong><br \/><strong>Wantranaiste suvelaager 24 - 26 juuli Matsalus<\/strong> (vaba veel 3 kohta) <a href=\"https:\/\/crystalralaksmi.com\/eesti\/sundmused-maailmas\/wantranaise-suvine-aratus-leia-oma-naisvae-olemus-labi-avardumise-endasse\/\">Loe lisa siit:<\/a><br \/><strong>Veehirmu seljatamise kursus 27 ja 28 august Matsalus<\/strong> (vajalik 10 osaleja registreerimine hiljemalt 26ndaks juuniks) -<a href=\"https:\/\/crystalralaksmi.com\/eesti\/sundmused-maailmas\/veehirmu-seljatamise-kursus\/\"> Loe lisa siit:\u00a0<\/a><br \/><strong>Uue ajastu Tantrakursus 16 - 18 september Matsalus<\/strong> (vajalik 10 osaleja registreermine hiljemalt (vajalik miinimum 10 osaleja registreerimine hiljemalt 15. augustiks) - <a href=\"https:\/\/crystalralaksmi.com\/eesti\/sundmused-maailmas\/uue-ajastu-tantrakursus-crystal-ra-laksmiga\/\">Loe lisa siit:\u00a0<\/a><\/p><p style=\"text-align: justify;\"><a href=\"https:\/\/crystalralaksmi.com\/eesti\/wp-content\/uploads\/2015\/03\/lalanchawaterangel.jpg\"><img class=\"alignleft size-medium wp-image-2360\" src=\"https:\/\/crystalralaksmi.com\/eesti\/wp-content\/uploads\/2015\/03\/lalanchawaterangel-300x172.jpg\" alt=\"lalanchawaterangel\" width=\"300\" height=\"172\" \/><\/a>Vajadusel saab tellida \u00a0vee eraseansse soojas vees ka Tallinnas augustis ja septembris. Imelist kulgemist k\u00f5igile ning sooja kohtumiseni!<\/p><p>Crystal Ra Laksmi<\/p>","_et_gb_content_width":"","footnotes":""},"class_list":["post-3739","page","type-page","status-publish","has-post-thumbnail","hentry"],"acf":[],"_links":{"self":[{"href":"https:\/\/crystalralaksmi.com\/eesti\/wp-json\/wp\/v2\/pages\/3739","targetHints":{"allow":["GET"]}}],"collection":[{"href":"https:\/\/crystalralaksmi.com\/eesti\/wp-json\/wp\/v2\/pages"}],"about":[{"href":"https:\/\/crystalralaksmi.com\/eesti\/wp-json\/wp\/v2\/types\/page"}],"author":[{"embeddable":true,"href":"https:\/\/crystalralaksmi.com\/eesti\/wp-json\/wp\/v2\/users\/1"}],"replies":[{"embeddable":true,"href":"https:\/\/crystalralaksmi.com\/eesti\/wp-json\/wp\/v2\/comments?post=3739"}],"version-history":[{"count":3,"href":"https:\/\/crystalralaksmi.com\/eesti\/wp-json\/wp\/v2\/pages\/3739\/revisions"}],"predecessor-version":[{"id":225173,"href":"https:\/\/crystalralaksmi.com\/eesti\/wp-json\/wp\/v2\/pages\/3739\/revisions\/225173"}],"up":[{"embeddable":true,"href":"https:\/\/crystalralaksmi.com\/eesti\/wp-json\/wp\/v2\/pages\/224783"}],"wp:featuredmedia":[{"embeddable":true,"href":"https:\/\/crystalralaksmi.com\/eesti\/wp-json\/wp\/v2\/media\/224848"}],"wp:attachment":[{"href":"https:\/\/crystalralaksmi.com\/eesti\/wp-json\/wp\/v2\/media?parent=3739"}],"curies":[{"name":"wp","href":"https:\/\/api.w.org\/{rel}","templated":true}]}}