{"id":3864,"date":"2016-08-23T20:13:32","date_gmt":"2016-08-23T20:13:32","guid":{"rendered":"http:\/\/crystalralaksmi.com\/eesti\/?page_id=3864"},"modified":"2019-07-30T12:23:56","modified_gmt":"2019-07-30T09:23:56","slug":"crystalrasugis2016","status":"publish","type":"page","link":"https:\/\/crystalralaksmi.com\/eesti\/sundmused-maailmas\/crystalrasugis2016\/","title":{"rendered":"Crystal Ra S\u00fcgiskalender 2016 Eestis"},"content":{"rendered":"<p>[et_pb_section fb_built=&#8221;1&#8243; admin_label=&#8221;Section&#8221; _builder_version=&#8221;3.22.3&#8243; saved_tabs=&#8221;all&#8221; global_module=&#8221;225116&#8243;][et_pb_row _builder_version=&#8221;3.25&#8243; background_size=&#8221;initial&#8221; background_position=&#8221;top_left&#8221; background_repeat=&#8221;repeat&#8221;][et_pb_column type=&#8221;4_4&#8243; _builder_version=&#8221;3.25.3&#8243;][et_pb_post_title meta=&#8221;off&#8221; featured_image=&#8221;off&#8221; _builder_version=&#8221;3.25.3&#8243; title_font=&#8221;Poppins|600|||||||&#8221; custom_margin=&#8221;||0px|||&#8221;][\/et_pb_post_title][et_pb_divider color=&#8221;#57ca85&#8243; divider_weight=&#8221;5px&#8221; _builder_version=&#8221;3.25.3&#8243; width=&#8221;14%&#8221;][\/et_pb_divider][\/et_pb_column][\/et_pb_row][\/et_pb_section][et_pb_section fb_built=&#8221;1&#8243; _builder_version=&#8221;3.22&#8243;][et_pb_row _builder_version=&#8221;3.25&#8243; background_size=&#8221;initial&#8221; background_position=&#8221;top_left&#8221; background_repeat=&#8221;repeat&#8221;][et_pb_column type=&#8221;4_4&#8243; _builder_version=&#8221;3.25&#8243; custom_padding=&#8221;|||&#8221; custom_padding__hover=&#8221;|||&#8221;][et_pb_text _builder_version=&#8221;3.0.74&#8243; background_size=&#8221;initial&#8221; background_position=&#8221;top_left&#8221; background_repeat=&#8221;repeat&#8221;]<a href=\"https:\/\/crystalralaksmi.com\/eesti\/wp-content\/uploads\/2016\/05\/budhamatsalu.jpg\"><img loading=\"lazy\" decoding=\"async\" class=\"alignleft size-medium wp-image-3655\" src=\"https:\/\/crystalralaksmi.com\/eesti\/wp-content\/uploads\/2016\/05\/budhamatsalu-300x200.jpg\" alt=\"budhamatsalu\" width=\"300\" height=\"200\" \/><\/a><strong>25 ja 26 august Eravastuv\u00f5tud<\/strong> Tallinnas (helista, et aeg kinni panna)<br \/>\n<strong>28 august kl 9.00 Hawaii seiklusgrupi vee treening<\/strong><b><br \/>\n<\/b><br \/>\n<strong>29 august kell 19 &#8211; 21.30 Avameelselt Auratransformatsioonist<\/strong> Almer Jansu stuudios. Lisainfo<a href=\"httpss:\/\/www.facebook.com\/events\/1677196152603272\/\"> siin:<\/a><br \/>\n<strong>30. august kell 19 &#8211; 21.30 Hawaii tutvustus\u00f5htu<\/strong> Almer Jansu stuudios. Lisainfo <a href=\"httpss:\/\/www.facebook.com\/events\/150623425364156\/\">siin:<\/a><br \/>\n<strong>31. august kell 19 &#8211; 22 N\u00e4htamatute energiate ja vaimolendite minikursus Tallinnas. Loe lisa <a href=\"httpss:\/\/www.facebook.com\/events\/1775169909394337\/\">siit:<\/a><\/strong><\/p>\n<p style=\"text-align: justify;\"><a href=\"https:\/\/crystalralaksmi.com\/eesti\/wp-content\/uploads\/2016\/06\/berenice-wantra-001.jpg\"><img loading=\"lazy\" decoding=\"async\" class=\"alignleft size-medium wp-image-3701\" src=\"https:\/\/crystalralaksmi.com\/eesti\/wp-content\/uploads\/2016\/06\/berenice-wantra-001-300x293.jpg\" alt=\"berenice wantra-001\" width=\"300\" height=\"293\" \/><\/a>Terve septembrikuu jooksul on v\u00f5imalik panna aegu ka <strong>Wantra veeteraapia eraseanssidele.<\/strong> Aegade kinnipanemine peaks olema v\u00e4hemalt 1 n\u00e4dal enne seanssi, kuna tuleb leida aeg, mis sobitub basseini graafikusse.<\/p>\n<p><strong>4 sept kuni 25 sept Saa S\u00f5braks Veega kursus Kalev Spas<\/strong> igal p\u00fchap\u00e4eval kell 19 &#8211; 21. Lisainfo <a href=\"httpss:\/\/www.facebook.com\/events\/1555202814800409\/\">siin:<\/a><br \/>\n<strong>7. september Seiklus\u00f5htu ja p\u00e4ev Crystal Ra-ga Raplas<\/strong>. Loe lisa<a href=\"httpss:\/\/www.facebook.com\/events\/1106198839445382\/\"> siit:\u00a0<\/a><br \/>\n<strong>8. september Eravastuv\u00f5tud Raplas.<\/strong><br \/>\n<strong>10. september \u00a0K\u00fclluse Ratta p\u00e4evane minikoolitus Tartus<\/strong>, Joogakeskuses. Loe sellest lisa<a href=\"httpss:\/\/www.facebook.com\/events\/853241541478374\/\"> siit:<\/a><br \/>\n<strong>11. september K\u00fclluse Ratta p\u00e4evane minikoolitus Tallinnas.<\/strong> Loe lisa <a href=\"httpss:\/\/www.facebook.com\/events\/105329896587411\/\">siit:\u00a0<\/a><br \/>\n<strong>12. september Eravastuv\u00f5tud Tallinnas<\/strong><br \/>\n<strong><a href=\"https:\/\/crystalralaksmi.com\/eesti\/wp-content\/uploads\/2015\/09\/tantraqueen.jpg\"><img loading=\"lazy\" decoding=\"async\" class=\"alignleft size-medium wp-image-2974\" src=\"https:\/\/crystalralaksmi.com\/eesti\/wp-content\/uploads\/2015\/09\/tantraqueen-300x201.jpg\" alt=\"tantraqueen\" width=\"300\" height=\"201\" \/><\/a>16 &#8211; 18 september Uue Aja Tantrakursus Matsalus.<\/strong> Loe lisa<a href=\"https:\/\/crystalralaksmi.com\/eesti\/sundmused-maailmas\/uue-ajastu-tantrakursus-crystal-ra-laksmiga\/\"> siit:\u00a0<\/a>Ja FB info \u00fcleval <a href=\"httpss:\/\/www.facebook.com\/events\/1599381480377105\/\">siin:\u00a0<\/a><br \/>\n<strong>19. september Eravastuv\u00f5tud Tallinnas<\/strong><br \/>\n<strong>24 september s\u00fcndmus koost\u00f6\u00f6s Maris Saarega.<\/strong> Info tulekul.<br \/>\n<strong>25 september &#8216;N\u00e4htamatute energiate ja vaimolendite minikursus&#8217; Rakvere l\u00e4histel. L\u00e4bir\u00e4\u00e4kimised k\u00e4imas.<\/strong><br \/>\n<strong>26. september Eravastuv\u00f5tud Tallinnas<\/strong><br \/>\n<strong>1. oktoober viimane t\u00f6\u00f6p\u00e4ev Tallinnas ja Eestis.<\/strong><\/p>\n<p style=\"text-align: center;\"><strong><a href=\"https:\/\/crystalralaksmi.com\/eesti\/wp-content\/uploads\/2016\/05\/crystalhummingbird.jpg\"><img loading=\"lazy\" decoding=\"async\" class=\"alignleft size-medium wp-image-3600\" src=\"https:\/\/crystalralaksmi.com\/eesti\/wp-content\/uploads\/2016\/05\/crystalhummingbird-300x200.jpg\" alt=\"crystalhummingbird\" width=\"300\" height=\"200\" \/><\/a>Kohtumiseni Eestis taas kord 2018 suvel. Tule k\u00fclla Mehhikosse, Hawaiile ja Alaskale aastal 2017 v\u00f5i 2018 ja osale minu KiIS online koolitusel sel ajal kui ma Eestist eemal viibin.<\/strong><\/p>\n<p>[\/et_pb_text][\/et_pb_column][\/et_pb_row][\/et_pb_section]<\/p>\n<span class=\"et_bloom_bottom_trigger\"><\/span>","protected":false},"excerpt":{"rendered":"<p>25 ja 26 august Eravastuv\u00f5tud Tallinnas (helista, et aeg kinni panna) 28 august kl 9.00 Hawaii seiklusgrupi vee treening 29 august kell 19 &#8211; 21.30 Avameelselt Auratransformatsioonist Almer Jansu stuudios. [&hellip;]<\/p>\n","protected":false},"author":1,"featured_media":224852,"parent":224783,"menu_order":0,"comment_status":"closed","ping_status":"closed","template":"","meta":{"_acf_changed":false,"_et_pb_use_builder":"on","_et_pb_old_content":"<p><a href=\"https:\/\/crystalralaksmi.com\/eesti\/wp-content\/uploads\/2016\/05\/budhamatsalu.jpg\"><img class=\"alignleft size-medium wp-image-3655\" src=\"https:\/\/crystalralaksmi.com\/eesti\/wp-content\/uploads\/2016\/05\/budhamatsalu-300x200.jpg\" alt=\"budhamatsalu\" width=\"300\" height=\"200\" \/><\/a><strong>25 ja 26 august Eravastuv\u00f5tud<\/strong> Tallinnas (helista, et aeg kinni panna)<br \/><strong>28 august kl 9.00 Hawaii seiklusgrupi vee treening<\/strong><b><br \/><\/b><br \/><strong>29 august kell 19 - 21.30 Avameelselt Auratransformatsioonist<\/strong> Almer Jansu stuudios. Lisainfo<a href=\"httpss:\/\/www.facebook.com\/events\/1677196152603272\/\"> siin:<\/a><br \/><strong>30. august kell 19 - 21.30 Hawaii tutvustus\u00f5htu<\/strong> Almer Jansu stuudios. Lisainfo <a href=\"httpss:\/\/www.facebook.com\/events\/150623425364156\/\">siin:<\/a><br \/><strong>31. august kell 19 - 22 N\u00e4htamatute energiate ja vaimolendite minikursus Tallinnas. Loe lisa <a href=\"httpss:\/\/www.facebook.com\/events\/1775169909394337\/\">siit:<\/a><\/strong><\/p><p style=\"text-align: justify;\"><a href=\"https:\/\/crystalralaksmi.com\/eesti\/wp-content\/uploads\/2016\/06\/berenice-wantra-001.jpg\"><img class=\"alignleft size-medium wp-image-3701\" src=\"https:\/\/crystalralaksmi.com\/eesti\/wp-content\/uploads\/2016\/06\/berenice-wantra-001-300x293.jpg\" alt=\"berenice wantra-001\" width=\"300\" height=\"293\" \/><\/a>Terve septembrikuu jooksul on v\u00f5imalik panna aegu ka <strong>Wantra veeteraapia eraseanssidele.<\/strong> Aegade kinnipanemine peaks olema v\u00e4hemalt 1 n\u00e4dal enne seanssi, kuna tuleb leida aeg, mis sobitub basseini graafikusse.<\/p><p><strong>4 sept kuni 25 sept Saa S\u00f5braks Veega kursus Kalev Spas<\/strong> igal p\u00fchap\u00e4eval kell 19 - 21. Lisainfo <a href=\"httpss:\/\/www.facebook.com\/events\/1555202814800409\/\">siin:<\/a><br \/><strong>7. september Seiklus\u00f5htu ja p\u00e4ev Crystal Ra-ga Raplas<\/strong>. Loe lisa<a href=\"httpss:\/\/www.facebook.com\/events\/1106198839445382\/\"> siit:\u00a0<\/a><br \/><strong>8. september Eravastuv\u00f5tud Raplas.<\/strong><br \/><strong>10. september \u00a0K\u00fclluse Ratta p\u00e4evane minikoolitus Tartus<\/strong>, Joogakeskuses. Loe sellest lisa<a href=\"httpss:\/\/www.facebook.com\/events\/853241541478374\/\"> siit:<\/a><br \/><strong>11. september K\u00fclluse Ratta p\u00e4evane minikoolitus Tallinnas.<\/strong> Loe lisa <a href=\"httpss:\/\/www.facebook.com\/events\/105329896587411\/\">siit:\u00a0<\/a><br \/><strong>12. september Eravastuv\u00f5tud Tallinnas<\/strong><br \/><strong><a href=\"https:\/\/crystalralaksmi.com\/eesti\/wp-content\/uploads\/2015\/09\/tantraqueen.jpg\"><img class=\"alignleft size-medium wp-image-2974\" src=\"https:\/\/crystalralaksmi.com\/eesti\/wp-content\/uploads\/2015\/09\/tantraqueen-300x201.jpg\" alt=\"tantraqueen\" width=\"300\" height=\"201\" \/><\/a>16 - 18 september Uue Aja Tantrakursus Matsalus.<\/strong> Loe lisa<a href=\"https:\/\/crystalralaksmi.com\/eesti\/sundmused-maailmas\/uue-ajastu-tantrakursus-crystal-ra-laksmiga\/\"> siit:\u00a0<\/a>Ja FB info \u00fcleval <a href=\"httpss:\/\/www.facebook.com\/events\/1599381480377105\/\">siin:\u00a0<\/a><br \/><strong>19. september Eravastuv\u00f5tud Tallinnas<\/strong><br \/><strong>24 september s\u00fcndmus koost\u00f6\u00f6s Maris Saarega.<\/strong> Info tulekul.<br \/><strong>25 september 'N\u00e4htamatute energiate ja vaimolendite minikursus' Rakvere l\u00e4histel. L\u00e4bir\u00e4\u00e4kimised k\u00e4imas.<\/strong><br \/><strong>26. september Eravastuv\u00f5tud Tallinnas<\/strong><br \/><strong>1. oktoober viimane t\u00f6\u00f6p\u00e4ev Tallinnas ja Eestis.<\/strong><\/p><p style=\"text-align: center;\"><strong><a href=\"https:\/\/crystalralaksmi.com\/eesti\/wp-content\/uploads\/2016\/05\/crystalhummingbird.jpg\"><img class=\"alignleft size-medium wp-image-3600\" src=\"https:\/\/crystalralaksmi.com\/eesti\/wp-content\/uploads\/2016\/05\/crystalhummingbird-300x200.jpg\" alt=\"crystalhummingbird\" width=\"300\" height=\"200\" \/><\/a>Kohtumiseni Eestis taas kord 2018 suvel. Tule k\u00fclla Mehhikosse, Hawaiile ja Alaskale aastal 2017 v\u00f5i 2018 ja osale minu KiIS online koolitusel sel ajal kui ma Eestist eemal viibin.<\/strong><\/p>","_et_gb_content_width":"","footnotes":""},"class_list":["post-3864","page","type-page","status-publish","has-post-thumbnail","hentry"],"acf":[],"_links":{"self":[{"href":"https:\/\/crystalralaksmi.com\/eesti\/wp-json\/wp\/v2\/pages\/3864","targetHints":{"allow":["GET"]}}],"collection":[{"href":"https:\/\/crystalralaksmi.com\/eesti\/wp-json\/wp\/v2\/pages"}],"about":[{"href":"https:\/\/crystalralaksmi.com\/eesti\/wp-json\/wp\/v2\/types\/page"}],"author":[{"embeddable":true,"href":"https:\/\/crystalralaksmi.com\/eesti\/wp-json\/wp\/v2\/users\/1"}],"replies":[{"embeddable":true,"href":"https:\/\/crystalralaksmi.com\/eesti\/wp-json\/wp\/v2\/comments?post=3864"}],"version-history":[{"count":2,"href":"https:\/\/crystalralaksmi.com\/eesti\/wp-json\/wp\/v2\/pages\/3864\/revisions"}],"predecessor-version":[{"id":225177,"href":"https:\/\/crystalralaksmi.com\/eesti\/wp-json\/wp\/v2\/pages\/3864\/revisions\/225177"}],"up":[{"embeddable":true,"href":"https:\/\/crystalralaksmi.com\/eesti\/wp-json\/wp\/v2\/pages\/224783"}],"wp:featuredmedia":[{"embeddable":true,"href":"https:\/\/crystalralaksmi.com\/eesti\/wp-json\/wp\/v2\/media\/224852"}],"wp:attachment":[{"href":"https:\/\/crystalralaksmi.com\/eesti\/wp-json\/wp\/v2\/media?parent=3864"}],"curies":[{"name":"wp","href":"https:\/\/api.w.org\/{rel}","templated":true}]}}