{"id":4532,"date":"2017-12-05T21:00:14","date_gmt":"2017-12-05T21:00:14","guid":{"rendered":"http:\/\/crystalralaksmi.com\/eesti\/?page_id=4532"},"modified":"2019-07-30T13:27:48","modified_gmt":"2019-07-30T10:27:48","slug":"rahamagnetid-1-8","status":"publish","type":"page","link":"https:\/\/crystalralaksmi.com\/eesti\/teenused\/rahamagnetid-1-8\/","title":{"rendered":"Rahamagnetid 1-8"},"content":{"rendered":"[et_pb_section fb_built=&#8221;1&#8243; admin_label=&#8221;Section&#8221; _builder_version=&#8221;3.22.3&#8243; saved_tabs=&#8221;all&#8221; global_module=&#8221;225116&#8243;][et_pb_row _builder_version=&#8221;3.25&#8243; background_size=&#8221;initial&#8221; background_position=&#8221;top_left&#8221; background_repeat=&#8221;repeat&#8221;][et_pb_column type=&#8221;4_4&#8243; _builder_version=&#8221;3.25.3&#8243;][et_pb_post_title meta=&#8221;off&#8221; featured_image=&#8221;off&#8221; _builder_version=&#8221;3.25.3&#8243; title_font=&#8221;Poppins|600|||||||&#8221; custom_margin=&#8221;||0px|||&#8221;][\/et_pb_post_title][et_pb_divider color=&#8221;#57ca85&#8243; divider_weight=&#8221;5px&#8221; _builder_version=&#8221;3.25.3&#8243; width=&#8221;14%&#8221;][\/et_pb_divider][\/et_pb_column][\/et_pb_row][\/et_pb_section][et_pb_section fb_built=&#8221;1&#8243; _builder_version=&#8221;3.22&#8243;][et_pb_row _builder_version=&#8221;3.25&#8243; background_size=&#8221;initial&#8221; background_position=&#8221;top_left&#8221; background_repeat=&#8221;repeat&#8221;][et_pb_column type=&#8221;4_4&#8243; _builder_version=&#8221;3.25&#8243; custom_padding=&#8221;|||&#8221; custom_padding__hover=&#8221;|||&#8221;][et_pb_text _builder_version=&#8221;3.0.74&#8243; background_size=&#8221;initial&#8221; background_position=&#8221;top_left&#8221; background_repeat=&#8221;repeat&#8221;]<p style=\"text-align: justify;\">Alates 2013 aastast olen ma tegelnud rahamagnetite loomisega. N\u00fc\u00fcdseks on neid kokku kaheksa ja neid tuleb tulevikus veelgi. Rahamagnetid on v\u00e4ikesed meditatsioonid, mida kuulates hakkab muunduma sinu m\u00f5tlemine ja maailmapilt nii nagu ka sinu loomine s\u00fcgavamal tasandil. Tekib teadmine ja taipamine et raha ei ole ainus k\u00fclluse kanal nii nagu sa saad aru, et raha on energia ja see peab kogu aeg voolama.<\/p>\r\n<p style=\"text-align: justify;\">Rahamagnetitega on v\u00f5idetud lotos, nii nagu ka saadud suuremaid kingitusi, \u00fcks naine sai endale kingituseks t\u00e4iesti uue auto kohe alguses kui alustasin rahamagnetitega, hiljem lisandus veel \u00fcks naine ja minuga juhtus see 2017. aasta novembris siin Hawaiil. Lisaks on teada \u00fcks inimene kes sai endale lubada maja ostmist ning mitmeid kes on leidnud oma unistuste partnerid (mina sealhulgas).<\/p>\r\n<p style=\"text-align: justify;\"><a href=\"https:\/\/crystalralaksmi.com\/eesti\/wp-content\/uploads\/2017\/11\/crystalcarback1.jpg\"><img loading=\"lazy\" decoding=\"async\" class=\"alignleft size-medium wp-image-4518\" src=\"https:\/\/crystalralaksmi.com\/eesti\/wp-content\/uploads\/2017\/11\/crystalcarback1-200x300.jpg\" alt=\"OLYMPUS DIGITAL CAMERA\" width=\"200\" height=\"300\" \/><\/a><\/p>\r\n<p style=\"text-align: justify;\">Paljud on ka vastu v\u00f5tnud v\u00e4ga v\u00f5imsaid inspiratsioonipuhanguid ja sellest vastavalt ka loonud palju uut alates oma toodetest kuni siis firma loomiseni v\u00e4lja. Osad on isegi t\u00f5mmanud oma maailma ka oma uue kallima.<\/p>\r\n<p style=\"text-align: justify;\">Rahamagnet aktiveerib kogu su olemuse &#8211; su vaimu, meele ja keha. Sul on v\u00f5imalus sellega t\u00f6\u00f6tada nii et avad iga kuu \u00fche magneti ja kuulad siis igap\u00e4evaselt v\u00f5i siis v\u00f5tad ette uue magneti igal n\u00e4dalal. Sedasi on sul v\u00f5imalik teha rahamagnetitega kiirkursus vaid 8 n\u00e4dala ehk siis 2. kuuga.<\/p>\r\n<p style=\"text-align: justify;\">Rahamagneti praktiseerimine ei aktiveeri ainult sinu k\u00fcllust, vaid k\u00f5ikide inimeste k\u00fcllust, kes on su l\u00e4heduses ja l\u00e4hedased. Jagan siin ka Ergo loal tema tagasisidet kogemustest rahamagnetitega kui ka K\u00fclluse Seikluskoolitusega Unistuste Ellu.<\/p>\r\n<p style=\"text-align: justify;\">Loe seda siit:\u00a0<a href=\"https:\/\/crystalralaksmi.com\/eesti\/wp-content\/uploads\/2017\/12\/Ergo-tagasiside.pdf\">Ergo tagasiside<\/a><\/p>\r\n<p style=\"text-align: justify;\">Kaheksa magneti tavahind on 40 eurot.<\/p>\r\n<p style=\"text-align: justify;\"><strong>Rahamagnetid on K\u00fclluse Seikluskoolitus Unistuste Ellu \u00fcheks peamiseks energeetiliseks ja ka k\u00fclluse vundamendiks. Kui selle t\u00e4ielikult t\u00f6\u00f6sse paned siis see hakkab toimima ja sulle lisak\u00fcllust looma ja on olnud juhuseid kus pidevalt praktiseerides loob see osalejatele igakuise sissetuleku ka selleks, et maksta kursuse igakuiseid makseid.\u00a0<\/strong><\/p>\r\n<p style=\"text-align: justify;\">Osta oma toode n\u00fc\u00fcd otse meie interneti poest aga enne seda vaata videot mis tutvustab veelgi antud toodet. Video all infos on ka link toote lehele.\u00a0<\/p>\r\n<p>httpss:\/\/www.youtube.com\/watch?v=wZcgijHYHu8<\/p>\r\n<p style=\"text-align: justify;\">Vaata lisatud kaarti:<\/p>\r\n<p style=\"text-align: justify;\">\u00a0<\/p>\r\n\r\n<figure class=\"wp-block-image\"><img decoding=\"async\" class=\"wp-image-5214\" src=\"https:\/\/crystalralaksmi.com\/eesti\/wp-content\/uploads\/2018\/12\/rahamagnetid-1-8-ametlik-pakkumine-1024x594.jpg\" alt=\"\" \/><\/figure>\r\n\r\n\r\n\r\n<p>&nbsp;<\/p>\r\n\r[\/et_pb_text][\/et_pb_column][\/et_pb_row][\/et_pb_section]<span class=\"et_bloom_bottom_trigger\"><\/span>","protected":false},"excerpt":{"rendered":"<p>Alates 2013 aastast olen ma tegelnud rahamagnetite loomisega. N\u00fc\u00fcdseks on neid kokku kaheksa ja neid tuleb tulevikus veelgi. Rahamagnetid on v\u00e4ikesed meditatsioonid, mida kuulates hakkab muunduma sinu m\u00f5tlemine ja maailmapilt [&hellip;]<\/p>\n","protected":false},"author":1,"featured_media":224860,"parent":215,"menu_order":0,"comment_status":"closed","ping_status":"closed","template":"","meta":{"_acf_changed":false,"_et_pb_use_builder":"on","_et_pb_old_content":"<p style=\"text-align: justify;\">Alates 2013 aastast olen ma tegelnud rahamagnetite loomisega. N\u00fc\u00fcdseks on neid kokku kaheksa ja neid tuleb tulevikus veelgi. Rahamagnetid on v\u00e4ikesed meditatsioonid, mida kuulates hakkab muunduma sinu m\u00f5tlemine ja maailmapilt nii nagu ka sinu loomine s\u00fcgavamal tasandil. Tekib teadmine ja taipamine et raha ei ole ainus k\u00fclluse kanal nii nagu sa saad aru, et raha on energia ja see peab kogu aeg voolama.<\/p>\r\n<p style=\"text-align: justify;\">Rahamagnetitega on v\u00f5idetud lotos, nii nagu ka saadud suuremaid kingitusi, \u00fcks naine sai endale kingituseks t\u00e4iesti uue auto kohe alguses kui alustasin rahamagnetitega, hiljem lisandus veel \u00fcks naine ja minuga juhtus see 2017. aasta novembris siin Hawaiil. Lisaks on teada \u00fcks inimene kes sai endale lubada maja ostmist ning mitmeid kes on leidnud oma unistuste partnerid (mina sealhulgas).<\/p>\r\n<p style=\"text-align: justify;\"><a href=\"https:\/\/crystalralaksmi.com\/eesti\/wp-content\/uploads\/2017\/11\/crystalcarback1.jpg\"><img class=\"alignleft size-medium wp-image-4518\" src=\"https:\/\/crystalralaksmi.com\/eesti\/wp-content\/uploads\/2017\/11\/crystalcarback1-200x300.jpg\" alt=\"OLYMPUS DIGITAL CAMERA\" width=\"200\" height=\"300\" \/><\/a><\/p>\r\n<p style=\"text-align: justify;\">Paljud on ka vastu v\u00f5tnud v\u00e4ga v\u00f5imsaid inspiratsioonipuhanguid ja sellest vastavalt ka loonud palju uut alates oma toodetest kuni siis firma loomiseni v\u00e4lja. Osad on isegi t\u00f5mmanud oma maailma ka oma uue kallima.<\/p>\r\n<p style=\"text-align: justify;\">Rahamagnet aktiveerib kogu su olemuse - su vaimu, meele ja keha. Sul on v\u00f5imalus sellega t\u00f6\u00f6tada nii et avad iga kuu \u00fche magneti ja kuulad siis igap\u00e4evaselt v\u00f5i siis v\u00f5tad ette uue magneti igal n\u00e4dalal. Sedasi on sul v\u00f5imalik teha rahamagnetitega kiirkursus vaid 8 n\u00e4dala ehk siis 2. kuuga.<\/p>\r\n<p style=\"text-align: justify;\">Rahamagneti praktiseerimine ei aktiveeri ainult sinu k\u00fcllust, vaid k\u00f5ikide inimeste k\u00fcllust, kes on su l\u00e4heduses ja l\u00e4hedased. Jagan siin ka Ergo loal tema tagasisidet kogemustest rahamagnetitega kui ka K\u00fclluse Seikluskoolitusega Unistuste Ellu.<\/p>\r\n<p style=\"text-align: justify;\">Loe seda siit:\u00a0<a href=\"https:\/\/crystalralaksmi.com\/eesti\/wp-content\/uploads\/2017\/12\/Ergo-tagasiside.pdf\">Ergo tagasiside<\/a><\/p>\r\n<p style=\"text-align: justify;\">Kaheksa magneti tavahind on 40 eurot.<\/p>\r\n<p style=\"text-align: justify;\"><strong>Rahamagnetid on K\u00fclluse Seikluskoolitus Unistuste Ellu \u00fcheks peamiseks energeetiliseks ja ka k\u00fclluse vundamendiks. Kui selle t\u00e4ielikult t\u00f6\u00f6sse paned siis see hakkab toimima ja sulle lisak\u00fcllust looma ja on olnud juhuseid kus pidevalt praktiseerides loob see osalejatele igakuise sissetuleku ka selleks, et maksta kursuse igakuiseid makseid.\u00a0<\/strong><\/p>\r\n<p style=\"text-align: justify;\">Osta oma toode n\u00fc\u00fcd otse meie interneti poest aga enne seda vaata videot mis tutvustab veelgi antud toodet. Video all infos on ka link toote lehele.\u00a0<\/p>\r\n<p>httpss:\/\/www.youtube.com\/watch?v=wZcgijHYHu8<\/p>\r\n<p style=\"text-align: justify;\">Vaata lisatud kaarti:<\/p>\r\n<p style=\"text-align: justify;\">\u00a0<\/p>\r\n<!-- wp:image {\"id\":5214} -->\r\n<figure class=\"wp-block-image\"><img class=\"wp-image-5214\" src=\"https:\/\/crystalralaksmi.com\/eesti\/wp-content\/uploads\/2018\/12\/rahamagnetid-1-8-ametlik-pakkumine-1024x594.jpg\" alt=\"\" \/><\/figure>\r\n<!-- \/wp:image --><!-- wp:paragraph -->\r\n<p>\u00a0<\/p>\r\n<!-- \/wp:paragraph -->","_et_gb_content_width":"","footnotes":""},"class_list":["post-4532","page","type-page","status-publish","has-post-thumbnail","hentry"],"acf":[],"_links":{"self":[{"href":"https:\/\/crystalralaksmi.com\/eesti\/wp-json\/wp\/v2\/pages\/4532","targetHints":{"allow":["GET"]}}],"collection":[{"href":"https:\/\/crystalralaksmi.com\/eesti\/wp-json\/wp\/v2\/pages"}],"about":[{"href":"https:\/\/crystalralaksmi.com\/eesti\/wp-json\/wp\/v2\/types\/page"}],"author":[{"embeddable":true,"href":"https:\/\/crystalralaksmi.com\/eesti\/wp-json\/wp\/v2\/users\/1"}],"replies":[{"embeddable":true,"href":"https:\/\/crystalralaksmi.com\/eesti\/wp-json\/wp\/v2\/comments?post=4532"}],"version-history":[{"count":2,"href":"https:\/\/crystalralaksmi.com\/eesti\/wp-json\/wp\/v2\/pages\/4532\/revisions"}],"predecessor-version":[{"id":225297,"href":"https:\/\/crystalralaksmi.com\/eesti\/wp-json\/wp\/v2\/pages\/4532\/revisions\/225297"}],"up":[{"embeddable":true,"href":"https:\/\/crystalralaksmi.com\/eesti\/wp-json\/wp\/v2\/pages\/215"}],"wp:featuredmedia":[{"embeddable":true,"href":"https:\/\/crystalralaksmi.com\/eesti\/wp-json\/wp\/v2\/media\/224860"}],"wp:attachment":[{"href":"https:\/\/crystalralaksmi.com\/eesti\/wp-json\/wp\/v2\/media?parent=4532"}],"curies":[{"name":"wp","href":"https:\/\/api.w.org\/{rel}","templated":true}]}}