{"id":4844,"date":"2018-03-28T05:59:30","date_gmt":"2018-03-28T05:59:30","guid":{"rendered":"http:\/\/crystalralaksmi.com\/eesti\/?page_id=4844"},"modified":"2019-07-30T13:33:20","modified_gmt":"2019-07-30T10:33:20","slug":"wantra-erinevad-seansside-voimalused","status":"publish","type":"page","link":"https:\/\/crystalralaksmi.com\/eesti\/teenused\/wantra-erinevad-seansside-voimalused\/","title":{"rendered":"Wantra erinevad seansside v\u00f5imalused"},"content":{"rendered":"<p>[et_pb_section fb_built=&#8221;1&#8243; admin_label=&#8221;Section&#8221; _builder_version=&#8221;3.22.3&#8243; saved_tabs=&#8221;all&#8221; global_module=&#8221;225116&#8243;][et_pb_row _builder_version=&#8221;3.25&#8243; background_size=&#8221;initial&#8221; background_position=&#8221;top_left&#8221; background_repeat=&#8221;repeat&#8221;][et_pb_column type=&#8221;4_4&#8243; _builder_version=&#8221;3.25.3&#8243;][et_pb_post_title meta=&#8221;off&#8221; featured_image=&#8221;off&#8221; _builder_version=&#8221;3.25.3&#8243; title_font=&#8221;Poppins|600|||||||&#8221; custom_margin=&#8221;||0px|||&#8221;][\/et_pb_post_title][et_pb_divider color=&#8221;#57ca85&#8243; divider_weight=&#8221;5px&#8221; _builder_version=&#8221;3.25.3&#8243; width=&#8221;14%&#8221;][\/et_pb_divider][\/et_pb_column][\/et_pb_row][\/et_pb_section][et_pb_section fb_built=&#8221;1&#8243; _builder_version=&#8221;3.22&#8243;][et_pb_row _builder_version=&#8221;3.25&#8243; background_size=&#8221;initial&#8221; background_position=&#8221;top_left&#8221; background_repeat=&#8221;repeat&#8221;][et_pb_column type=&#8221;4_4&#8243; _builder_version=&#8221;3.25&#8243; custom_padding=&#8221;|||&#8221; custom_padding__hover=&#8221;|||&#8221;][et_pb_text _builder_version=&#8221;3.0.74&#8243; background_size=&#8221;initial&#8221; background_position=&#8221;top_left&#8221; background_repeat=&#8221;repeat&#8221;]<\/p>\n<p align=\"JUSTIFY\"><span style=\"color: #000000;\"><span style=\"font-family: Arial;\"><span style=\"font-size: medium;\"><b><a href=\"https:\/\/crystalralaksmi.com\/eesti\/wp-content\/uploads\/2016\/06\/berenice-wantra-001.jpg\"><img loading=\"lazy\" decoding=\"async\" class=\"alignleft size-medium wp-image-3701\" src=\"https:\/\/crystalralaksmi.com\/eesti\/wp-content\/uploads\/2016\/06\/berenice-wantra-001-300x293.jpg\" alt=\"\" width=\"300\" height=\"293\" \/><\/a><\/b><\/span><\/span><\/span><\/p>\n<p align=\"JUSTIFY\"><span style=\"color: #000000;\"><span style=\"font-family: Arial;\"><span style=\"font-size: medium;\"><b>Passiivse seansi eel valib iga klient oma affirmatsiooni millega seansi ajal tegeleda. Crystal Ra seletab \u00e4ra seansi kestvuse ja \u00f5petab kas ja kuidas teistmoodi hingata. H\u00f5ljumise seansi puhul on aktiivne liikumine selle seansi ajal ca 45 minutit. 10 minutit enne algust on sissejuhatus ja selgitused ja 5 minutit peale seanssi on aeglane v\u00e4lja-tulemine<\/b><\/span><\/span><\/span><\/p>\n<p align=\"JUSTIFY\"><span style=\"color: #000000;\"><span style=\"font-family: Arial;\"><span style=\"font-size: medium;\"><b>Wantra Individuaalne passiivne h\u00f5ljutamise seanss<\/b><\/span><\/span><\/span><\/p>\n<p align=\"JUSTIFY\"><span style=\"color: #000000;\"><span style=\"font-family: Arial;\"><span style=\"font-size: medium;\"><i>Wantra veeteraapia sessioon on v\u00f5ti, et avada suletud uksed sinu sees sinu sisemiste varandusteni. Need varandused on peidus sinu enese meeles, kehas ja vaimus. Soe vesi on katal\u00fcsaator, mis sulatab \u00e4ra stressi ja pinged ning muudab su keha l\u00f5dvestunuks ja vastuv\u00f5tuv\u00f5imelisemaks, mitte ainult Wantra terapeudilt, vaid ka elult \u00fcldisemas m\u00f5ttes, nii seansi ajal kui ka p\u00e4rast seanssi. Sind h\u00f5ljutatakse passiivse seansi ajal veepinnal terapeudi k\u00e4tel ja samas on sul v\u00f5imalus libiseda vee all, kuhu on peidetud sinu s\u00fcgavamaid olemuse saladused. <\/i><\/span><\/span><\/span><\/p>\n<p align=\"JUSTIFY\"><span style=\"color: #000000;\"><span style=\"font-family: Arial;\"><span style=\"font-size: medium;\"><i>Veealuse protsessi k\u00e4igus on v\u00f5imalik leida v\u00f5tmed ja vastused sinu k\u00fcsimustele, mis v\u00f5ivad pinnale kerkida alles m\u00f5ne aja jooksul peale seanssi. Kui sa lubad sellel juhtuda, \u00fchendab su meel end lahti ja su aju v\u00f5ib vahetada k\u00e4ike nii, et sa oled valmis vastu v\u00f5tma ja aktiveerima uusi sisendusi ja affirmatsioone, mida oled enda jaoks enne seanssi valinud. Sa \u00f5pid teistmoodi hingama, \u00fchenduma oma t\u00f5elise olemusega ja v\u00f5tma vastu t\u00f5elist ennast t\u00e4ies hiilguses. Ainus, mida on vaja teha, on valida \u00f5ndsus, mis juhatab sind uuele teele. Teele, mis on helisemas sinu s\u00fcdame ja vaimuga aitamaks sul elada sinu unistust. <\/i><\/span><\/span><\/span><\/p>\n<p align=\"JUSTIFY\"><span style=\"color: #000000;\"><span style=\"font-family: Arial;\"><span style=\"font-size: medium;\"><b><a href=\"https:\/\/crystalralaksmi.com\/eesti\/wp-content\/uploads\/2018\/03\/crystalprayer.jpg\"><img loading=\"lazy\" decoding=\"async\" class=\"alignleft size-medium wp-image-4847\" src=\"https:\/\/crystalralaksmi.com\/eesti\/wp-content\/uploads\/2018\/03\/crystalprayer-300x291.jpg\" alt=\"\" width=\"300\" height=\"291\" \/><\/a>Wantra individuaalne aktiivne seanss <\/b><\/span><\/span><\/span><\/p>\n<p align=\"JUSTIFY\"><span style=\"color: #000000;\"><span style=\"font-family: Arial;\"><span style=\"font-size: medium;\"><i>Aktiivse seansi l\u00e4biviimiseks on vaja, et sul oleks olemas isiklik mask, toru v\u00f5i ninan\u00e4pid ja lestad. Me kasutame neid kui t\u00f6\u00f6riistasid, et tutvuda sinu kehaga teisel moel. <\/i><\/span><\/span><\/span><\/p>\n<p align=\"JUSTIFY\"><span style=\"color: #000000;\"><span style=\"font-family: Arial;\"><span style=\"font-size: medium;\"><i>L\u00e4bi erinevate tehnikate ja liigutuste selgitame koos v\u00e4lja kui pinges on su keha ning millised piirkonnad vajavad ekstra t\u00e4helepanu. Seansi ajal loen su energiaid ja saan nii energeetilisi suuniseid, mida t\u00e4psemalt ette v\u00f5tta v\u00f5i kuidas millegagi edaspidi toimetada. <\/i><\/span><\/span><\/span><\/p>\n<p align=\"JUSTIFY\"><span style=\"color: #000000;\"><span style=\"font-family: Arial;\"><span style=\"font-size: medium;\"><i>Aktiivse seansi k\u00e4igus on v\u00e4ga oluline teadlik ja \u00fcsna aeglane liigutamine ja liikumine. Selline aeglane liikumine ja liigutamine t\u00f6\u00f6tab meie keha sidekoe s\u00f5lmpunktide vabastamisega, lahustab emotsionaalsed ja f\u00fc\u00fcsilised pinged meie liigestest ja lihastest, \u00f5petab teistmoodi ja teadlikult hingama ning t\u00f5eliselt tutvuma vee elemendiga seestpoolt v\u00e4lja ja v\u00e4ljastpoolt sisse. <\/i><\/span><\/span><\/span><\/p>\n<p align=\"JUSTIFY\"><span style=\"color: #000000;\"><span style=\"font-family: Arial;\"><span style=\"font-size: medium;\"><i>Vee element on otseselt seotud naiselikkusega, voolamisega ning usaldusega meie elus. Kui sul peaks nende teemadega olema probleeme, saad seansi k\u00e4igus rohkem juhiseid ja inspiratsiooni. <\/i><\/span><\/span><\/span><\/p>\n<p align=\"JUSTIFY\"><span style=\"color: #000000;\"><span style=\"font-family: Arial;\"><span style=\"font-size: medium;\"><i>Seansi k\u00e4igus \u00fchendud rohkem oma kehaga ja \u00f5pid teda kuulama, tema tarkust hindama ja praktikasse panema. Enamus inimesi ei kuula oma keha ja liiguvad ning liigutavad ennast automaatselt. <\/i><\/span><\/span><\/span><\/p>\n<p align=\"JUSTIFY\"><span style=\"color: #000000;\"><span style=\"font-family: Arial;\"><span style=\"font-size: medium;\"><i>Kui sul on elus hirme, mis sind takistavad, v\u00f5i veehirm, siis v\u00f5iksid aktiivset seanssi teha kohe p\u00e4ris mitu korda. Iga j\u00e4rgnev kord juhatab sind edasi j\u00e4rgnevate kihtide lahustamiseni. <\/i><\/span><\/span><\/span><\/p>\n<p align=\"JUSTIFY\"><span style=\"color: #000000;\"><span style=\"font-family: Arial;\"><span style=\"font-size: medium;\"><i>Kui sul on veehirmud, on soovitav kombineerida passiivset ja aktiivset seanssi. Paljud senised kliendid on tellinud aktiivse seansi j\u00e4rel kohe ka passiivse seansi, et integreerida esimesest osast saadud uus info. <\/i><\/span><\/span><\/span><\/p>\n<p align=\"JUSTIFY\"><span style=\"color: #000000;\"><span style=\"font-family: Arial;\"><span style=\"font-size: medium;\"><b><a href=\"https:\/\/crystalralaksmi.com\/eesti\/wp-content\/uploads\/2013\/08\/wantragroup.jpg\"><img loading=\"lazy\" decoding=\"async\" class=\"alignleft size-medium wp-image-4118\" src=\"https:\/\/crystalralaksmi.com\/eesti\/wp-content\/uploads\/2013\/08\/wantragroup-300x200.jpg\" alt=\"\" width=\"300\" height=\"200\" \/><\/a>Wantra seansid gruppidele <\/b><\/span><\/span><\/span><\/p>\n<p align=\"JUSTIFY\"><span style=\"color: #000000;\"><span style=\"font-family: Arial;\"><span style=\"font-size: medium;\"><i>Kui on kogunenud grupp teadlikke ja Wantra huvilisi osalejaid on alati v\u00e4ga p\u00f5nev teha Wantra grupiseansse. Grupiseansi k\u00e4igus saame teha vee elemendi aktiveerimist kus kogu grupp saab d\u00fcnaamiliselt kaasa aidata sinu individuaalsetele protsessidele. Samuti aitab grupiseanss sul saavutada uusi ja s\u00fcgavaid usalduse ja s\u00fcgavl\u00f5dvestuse tasandeid nii kehale, meelele kui vaimule, mida pole \u00fcks-\u00fchele Wantraseansside kaudu v\u00f5imalik kogeda. Seansi k\u00e4igus \u00f5pime v\u00f5\u00f5raste inimeste usaldamist ja kuidas koost\u00f6\u00f6s lahustada kollektiivseid haavasid. <\/i><\/span><\/span><\/span><\/p>\n<p align=\"JUSTIFY\"><span style=\"color: #000000;\"><span style=\"font-family: Arial;\"><span style=\"font-size: medium;\"><i>Grupiseansid on tavaliselt \u00fchep\u00e4evakursustena pakutavad seansid, mitme \u00f5htu peale jaotatud kursuste segmendid v\u00f5i osad Wantra retriitidest, et pakkuda imelist v\u00f5imalust kohtuda soojas vees ja iseennast avardada.<\/i><\/span><\/span><\/span><\/p>\n<p align=\"JUSTIFY\"><span style=\"color: #000000;\"><span style=\"font-family: Arial;\"><span style=\"font-size: medium;\"><i>Kui on olemas klientide grupp, firma v\u00f5i organisatsioon, kes soovivad kogeda midagi teistsugust, siis on v\u00f5imalik tellida Wantra grupiseanss. Pakun neid seansse ka teambuildingu versioonina gruppidele, kellel on koost\u00f6\u00f6ga probleeme v\u00f5i kes soovivad paremini koos luua.<\/i><\/span><\/span><\/span><\/p>\n<p align=\"JUSTIFY\"><span style=\"color: #000000;\"><span style=\"font-family: Arial;\"><span style=\"font-size: medium;\"><i><b><a href=\"https:\/\/crystalralaksmi.com\/eesti\/wp-content\/uploads\/2017\/11\/wantrainhotponds.jpg\"><img loading=\"lazy\" decoding=\"async\" class=\"alignleft size-medium wp-image-4483\" src=\"https:\/\/crystalralaksmi.com\/eesti\/wp-content\/uploads\/2017\/11\/wantrainhotponds-300x205.jpg\" alt=\"\" width=\"300\" height=\"205\" \/><\/a>Wantra seansid paaridele <\/b><\/i><\/span><\/span><\/span><\/p>\n<p align=\"JUSTIFY\"><span style=\"color: #000000;\"><span style=\"font-family: Arial;\"><span style=\"font-size: medium;\"><i>Kui sul on partner ning teil on suhtes probleeme, olen v\u00e4lja t\u00f6\u00f6tanud erilise programmi partneritele. L\u00e4bi mitmete seansside on garanteeritud paljude teemade lahustamine. Paariseansile lisandub Wantra maapealse osa tutvustust ning maapealne konsultatsioon, et aidata aru saada, kus teemad on kinni jooksnud.. Wantra seanss paaridele t\u00f5stab paari omavahelist usaldust ja koost\u00f6\u00f6d ning samuti aktiveerib tingimusteta armastuse s\u00fcdame tasandil. <\/i><\/span><\/span><\/span><\/p>\n<p align=\"JUSTIFY\"><span style=\"color: #000000;\"><span style=\"font-family: Arial;\"><span style=\"font-size: medium;\"><i>Wantra seanss paaridele \u00a0sobib ka siis, kui suhteprobleeme ei ole, kuid soovitakse lihtsalt m\u00f5nusalt koos aega veeta ja teha ning kogeda midagi teistsugust. Selline seanss l\u00e4hendab partnereid oluliselt.<\/i><\/span><\/span><\/span><\/p>\n<p align=\"JUSTIFY\"><span style=\"color: #000000;\"><span style=\"font-family: Arial;\"><span style=\"font-size: medium;\"><i>Wantra paariseansi paketti kuulub \u00fcks h\u00f5ljumise seanss minuga m\u00f5lema partneriga, lisaks \u00f5petan, kuidas teineteise peal seda seanssi l\u00e4bi viia. Maapealne seanss aitab kaasa seansi m\u00f5istmisele ja toimuvast arusaamisele.<\/i><\/span><\/span><\/span><\/p>\n<p>&nbsp;<br \/>\n[\/et_pb_text][\/et_pb_column][\/et_pb_row][\/et_pb_section]<\/p>\n<span class=\"et_bloom_bottom_trigger\"><\/span>","protected":false},"excerpt":{"rendered":"<p>Passiivse seansi eel valib iga klient oma affirmatsiooni millega seansi ajal tegeleda. Crystal Ra seletab \u00e4ra seansi kestvuse ja \u00f5petab kas ja kuidas teistmoodi hingata. H\u00f5ljumise seansi puhul on aktiivne [&hellip;]<\/p>\n","protected":false},"author":1,"featured_media":224876,"parent":215,"menu_order":0,"comment_status":"closed","ping_status":"closed","template":"","meta":{"_acf_changed":false,"_et_pb_use_builder":"on","_et_pb_old_content":"<p align=\"JUSTIFY\"><span style=\"color: #000000;\"><span style=\"font-family: Arial;\"><span style=\"font-size: medium;\"><b><a href=\"https:\/\/crystalralaksmi.com\/eesti\/wp-content\/uploads\/2016\/06\/berenice-wantra-001.jpg\"><img class=\"alignleft size-medium wp-image-3701\" src=\"https:\/\/crystalralaksmi.com\/eesti\/wp-content\/uploads\/2016\/06\/berenice-wantra-001-300x293.jpg\" alt=\"\" width=\"300\" height=\"293\" \/><\/a><\/b><\/span><\/span><\/span><\/p><p align=\"JUSTIFY\"><span style=\"color: #000000;\"><span style=\"font-family: Arial;\"><span style=\"font-size: medium;\"><b>Passiivse seansi eel valib iga klient oma affirmatsiooni millega seansi ajal tegeleda. Crystal Ra seletab \u00e4ra seansi kestvuse ja \u00f5petab kas ja kuidas teistmoodi hingata. H\u00f5ljumise seansi puhul on aktiivne liikumine selle seansi ajal ca 45 minutit. 10 minutit enne algust on sissejuhatus ja selgitused ja 5 minutit peale seanssi on aeglane v\u00e4lja-tulemine<\/b><\/span><\/span><\/span><\/p><p align=\"JUSTIFY\"><span style=\"color: #000000;\"><span style=\"font-family: Arial;\"><span style=\"font-size: medium;\"><b>Wantra Individuaalne passiivne h\u00f5ljutamise seanss<\/b><\/span><\/span><\/span><\/p><p align=\"JUSTIFY\"><span style=\"color: #000000;\"><span style=\"font-family: Arial;\"><span style=\"font-size: medium;\"><i>Wantra veeteraapia sessioon on v\u00f5ti, et avada suletud uksed sinu sees sinu sisemiste varandusteni. Need varandused on peidus sinu enese meeles, kehas ja vaimus. Soe vesi on katal\u00fcsaator, mis sulatab \u00e4ra stressi ja pinged ning muudab su keha l\u00f5dvestunuks ja vastuv\u00f5tuv\u00f5imelisemaks, mitte ainult Wantra terapeudilt, vaid ka elult \u00fcldisemas m\u00f5ttes, nii seansi ajal kui ka p\u00e4rast seanssi. Sind h\u00f5ljutatakse passiivse seansi ajal veepinnal terapeudi k\u00e4tel ja samas on sul v\u00f5imalus libiseda vee all, kuhu on peidetud sinu s\u00fcgavamaid olemuse saladused. <\/i><\/span><\/span><\/span><\/p><p align=\"JUSTIFY\"><span style=\"color: #000000;\"><span style=\"font-family: Arial;\"><span style=\"font-size: medium;\"><i>Veealuse protsessi k\u00e4igus on v\u00f5imalik leida v\u00f5tmed ja vastused sinu k\u00fcsimustele, mis v\u00f5ivad pinnale kerkida alles m\u00f5ne aja jooksul peale seanssi. Kui sa lubad sellel juhtuda, \u00fchendab su meel end lahti ja su aju v\u00f5ib vahetada k\u00e4ike nii, et sa oled valmis vastu v\u00f5tma ja aktiveerima uusi sisendusi ja affirmatsioone, mida oled enda jaoks enne seanssi valinud. Sa \u00f5pid teistmoodi hingama, \u00fchenduma oma t\u00f5elise olemusega ja v\u00f5tma vastu t\u00f5elist ennast t\u00e4ies hiilguses. Ainus, mida on vaja teha, on valida \u00f5ndsus, mis juhatab sind uuele teele. Teele, mis on helisemas sinu s\u00fcdame ja vaimuga aitamaks sul elada sinu unistust. <\/i><\/span><\/span><\/span><\/p><p align=\"JUSTIFY\"><span style=\"color: #000000;\"><span style=\"font-family: Arial;\"><span style=\"font-size: medium;\"><b><a href=\"https:\/\/crystalralaksmi.com\/eesti\/wp-content\/uploads\/2018\/03\/crystalprayer.jpg\"><img class=\"alignleft size-medium wp-image-4847\" src=\"https:\/\/crystalralaksmi.com\/eesti\/wp-content\/uploads\/2018\/03\/crystalprayer-300x291.jpg\" alt=\"\" width=\"300\" height=\"291\" \/><\/a>Wantra individuaalne aktiivne seanss <\/b><\/span><\/span><\/span><\/p><p align=\"JUSTIFY\"><span style=\"color: #000000;\"><span style=\"font-family: Arial;\"><span style=\"font-size: medium;\"><i>Aktiivse seansi l\u00e4biviimiseks on vaja, et sul oleks olemas isiklik mask, toru v\u00f5i ninan\u00e4pid ja lestad. Me kasutame neid kui t\u00f6\u00f6riistasid, et tutvuda sinu kehaga teisel moel. <\/i><\/span><\/span><\/span><\/p><p align=\"JUSTIFY\"><span style=\"color: #000000;\"><span style=\"font-family: Arial;\"><span style=\"font-size: medium;\"><i>L\u00e4bi erinevate tehnikate ja liigutuste selgitame koos v\u00e4lja kui pinges on su keha ning millised piirkonnad vajavad ekstra t\u00e4helepanu. Seansi ajal loen su energiaid ja saan nii energeetilisi suuniseid, mida t\u00e4psemalt ette v\u00f5tta v\u00f5i kuidas millegagi edaspidi toimetada. <\/i><\/span><\/span><\/span><\/p><p align=\"JUSTIFY\"><span style=\"color: #000000;\"><span style=\"font-family: Arial;\"><span style=\"font-size: medium;\"><i>Aktiivse seansi k\u00e4igus on v\u00e4ga oluline teadlik ja \u00fcsna aeglane liigutamine ja liikumine. Selline aeglane liikumine ja liigutamine t\u00f6\u00f6tab meie keha sidekoe s\u00f5lmpunktide vabastamisega, lahustab emotsionaalsed ja f\u00fc\u00fcsilised pinged meie liigestest ja lihastest, \u00f5petab teistmoodi ja teadlikult hingama ning t\u00f5eliselt tutvuma vee elemendiga seestpoolt v\u00e4lja ja v\u00e4ljastpoolt sisse. <\/i><\/span><\/span><\/span><\/p><p align=\"JUSTIFY\"><span style=\"color: #000000;\"><span style=\"font-family: Arial;\"><span style=\"font-size: medium;\"><i>Vee element on otseselt seotud naiselikkusega, voolamisega ning usaldusega meie elus. Kui sul peaks nende teemadega olema probleeme, saad seansi k\u00e4igus rohkem juhiseid ja inspiratsiooni. <\/i><\/span><\/span><\/span><\/p><p align=\"JUSTIFY\"><span style=\"color: #000000;\"><span style=\"font-family: Arial;\"><span style=\"font-size: medium;\"><i>Seansi k\u00e4igus \u00fchendud rohkem oma kehaga ja \u00f5pid teda kuulama, tema tarkust hindama ja praktikasse panema. Enamus inimesi ei kuula oma keha ja liiguvad ning liigutavad ennast automaatselt. <\/i><\/span><\/span><\/span><\/p><p align=\"JUSTIFY\"><span style=\"color: #000000;\"><span style=\"font-family: Arial;\"><span style=\"font-size: medium;\"><i>Kui sul on elus hirme, mis sind takistavad, v\u00f5i veehirm, siis v\u00f5iksid aktiivset seanssi teha kohe p\u00e4ris mitu korda. Iga j\u00e4rgnev kord juhatab sind edasi j\u00e4rgnevate kihtide lahustamiseni. <\/i><\/span><\/span><\/span><\/p><p align=\"JUSTIFY\"><span style=\"color: #000000;\"><span style=\"font-family: Arial;\"><span style=\"font-size: medium;\"><i>Kui sul on veehirmud, on soovitav kombineerida passiivset ja aktiivset seanssi. Paljud senised kliendid on tellinud aktiivse seansi j\u00e4rel kohe ka passiivse seansi, et integreerida esimesest osast saadud uus info. <\/i><\/span><\/span><\/span><\/p><p align=\"JUSTIFY\"><span style=\"color: #000000;\"><span style=\"font-family: Arial;\"><span style=\"font-size: medium;\"><b><a href=\"https:\/\/crystalralaksmi.com\/eesti\/wp-content\/uploads\/2013\/08\/wantragroup.jpg\"><img class=\"alignleft size-medium wp-image-4118\" src=\"https:\/\/crystalralaksmi.com\/eesti\/wp-content\/uploads\/2013\/08\/wantragroup-300x200.jpg\" alt=\"\" width=\"300\" height=\"200\" \/><\/a>Wantra seansid gruppidele <\/b><\/span><\/span><\/span><\/p><p align=\"JUSTIFY\"><span style=\"color: #000000;\"><span style=\"font-family: Arial;\"><span style=\"font-size: medium;\"><i>Kui on kogunenud grupp teadlikke ja Wantra huvilisi osalejaid on alati v\u00e4ga p\u00f5nev teha Wantra grupiseansse. Grupiseansi k\u00e4igus saame teha vee elemendi aktiveerimist kus kogu grupp saab d\u00fcnaamiliselt kaasa aidata sinu individuaalsetele protsessidele. Samuti aitab grupiseanss sul saavutada uusi ja s\u00fcgavaid usalduse ja s\u00fcgavl\u00f5dvestuse tasandeid nii kehale, meelele kui vaimule, mida pole \u00fcks-\u00fchele Wantraseansside kaudu v\u00f5imalik kogeda. Seansi k\u00e4igus \u00f5pime v\u00f5\u00f5raste inimeste usaldamist ja kuidas koost\u00f6\u00f6s lahustada kollektiivseid haavasid. <\/i><\/span><\/span><\/span><\/p><p align=\"JUSTIFY\"><span style=\"color: #000000;\"><span style=\"font-family: Arial;\"><span style=\"font-size: medium;\"><i>Grupiseansid on tavaliselt \u00fchep\u00e4evakursustena pakutavad seansid, mitme \u00f5htu peale jaotatud kursuste segmendid v\u00f5i osad Wantra retriitidest, et pakkuda imelist v\u00f5imalust kohtuda soojas vees ja iseennast avardada.<\/i><\/span><\/span><\/span><\/p><p align=\"JUSTIFY\"><span style=\"color: #000000;\"><span style=\"font-family: Arial;\"><span style=\"font-size: medium;\"><i>Kui on olemas klientide grupp, firma v\u00f5i organisatsioon, kes soovivad kogeda midagi teistsugust, siis on v\u00f5imalik tellida Wantra grupiseanss. Pakun neid seansse ka teambuildingu versioonina gruppidele, kellel on koost\u00f6\u00f6ga probleeme v\u00f5i kes soovivad paremini koos luua.<\/i><\/span><\/span><\/span><\/p><p align=\"JUSTIFY\"><span style=\"color: #000000;\"><span style=\"font-family: Arial;\"><span style=\"font-size: medium;\"><i><b><a href=\"https:\/\/crystalralaksmi.com\/eesti\/wp-content\/uploads\/2017\/11\/wantrainhotponds.jpg\"><img class=\"alignleft size-medium wp-image-4483\" src=\"https:\/\/crystalralaksmi.com\/eesti\/wp-content\/uploads\/2017\/11\/wantrainhotponds-300x205.jpg\" alt=\"\" width=\"300\" height=\"205\" \/><\/a>Wantra seansid paaridele <\/b><\/i><\/span><\/span><\/span><\/p><p align=\"JUSTIFY\"><span style=\"color: #000000;\"><span style=\"font-family: Arial;\"><span style=\"font-size: medium;\"><i>Kui sul on partner ning teil on suhtes probleeme, olen v\u00e4lja t\u00f6\u00f6tanud erilise programmi partneritele. L\u00e4bi mitmete seansside on garanteeritud paljude teemade lahustamine. Paariseansile lisandub Wantra maapealse osa tutvustust ning maapealne konsultatsioon, et aidata aru saada, kus teemad on kinni jooksnud.. Wantra seanss paaridele t\u00f5stab paari omavahelist usaldust ja koost\u00f6\u00f6d ning samuti aktiveerib tingimusteta armastuse s\u00fcdame tasandil. <\/i><\/span><\/span><\/span><\/p><p align=\"JUSTIFY\"><span style=\"color: #000000;\"><span style=\"font-family: Arial;\"><span style=\"font-size: medium;\"><i>Wantra seanss paaridele \u00a0sobib ka siis, kui suhteprobleeme ei ole, kuid soovitakse lihtsalt m\u00f5nusalt koos aega veeta ja teha ning kogeda midagi teistsugust. Selline seanss l\u00e4hendab partnereid oluliselt.<\/i><\/span><\/span><\/span><\/p><p align=\"JUSTIFY\"><span style=\"color: #000000;\"><span style=\"font-family: Arial;\"><span style=\"font-size: medium;\"><i>Wantra paariseansi paketti kuulub \u00fcks h\u00f5ljumise seanss minuga m\u00f5lema partneriga, lisaks \u00f5petan, kuidas teineteise peal seda seanssi l\u00e4bi viia. Maapealne seanss aitab kaasa seansi m\u00f5istmisele ja toimuvast arusaamisele.<\/i><\/span><\/span><\/span><\/p><p>\u00a0<\/p>","_et_gb_content_width":"","footnotes":""},"class_list":["post-4844","page","type-page","status-publish","has-post-thumbnail","hentry"],"acf":[],"_links":{"self":[{"href":"https:\/\/crystalralaksmi.com\/eesti\/wp-json\/wp\/v2\/pages\/4844","targetHints":{"allow":["GET"]}}],"collection":[{"href":"https:\/\/crystalralaksmi.com\/eesti\/wp-json\/wp\/v2\/pages"}],"about":[{"href":"https:\/\/crystalralaksmi.com\/eesti\/wp-json\/wp\/v2\/types\/page"}],"author":[{"embeddable":true,"href":"https:\/\/crystalralaksmi.com\/eesti\/wp-json\/wp\/v2\/users\/1"}],"replies":[{"embeddable":true,"href":"https:\/\/crystalralaksmi.com\/eesti\/wp-json\/wp\/v2\/comments?post=4844"}],"version-history":[{"count":2,"href":"https:\/\/crystalralaksmi.com\/eesti\/wp-json\/wp\/v2\/pages\/4844\/revisions"}],"predecessor-version":[{"id":225313,"href":"https:\/\/crystalralaksmi.com\/eesti\/wp-json\/wp\/v2\/pages\/4844\/revisions\/225313"}],"up":[{"embeddable":true,"href":"https:\/\/crystalralaksmi.com\/eesti\/wp-json\/wp\/v2\/pages\/215"}],"wp:featuredmedia":[{"embeddable":true,"href":"https:\/\/crystalralaksmi.com\/eesti\/wp-json\/wp\/v2\/media\/224876"}],"wp:attachment":[{"href":"https:\/\/crystalralaksmi.com\/eesti\/wp-json\/wp\/v2\/media?parent=4844"}],"curies":[{"name":"wp","href":"https:\/\/api.w.org\/{rel}","templated":true}]}}