{"id":4889,"date":"2018-04-24T06:02:25","date_gmt":"2018-04-24T06:02:25","guid":{"rendered":"http:\/\/crystalralaksmi.com\/eesti\/?page_id=4889"},"modified":"2019-07-30T13:36:44","modified_gmt":"2019-07-30T10:36:44","slug":"saa-tuttavaks-merineitsi-crystal-ra-ga","status":"publish","type":"page","link":"https:\/\/crystalralaksmi.com\/eesti\/teenused\/wantra\/saa-tuttavaks-merineitsi-crystal-ra-ga\/","title":{"rendered":"Saa tuttavaks merineitsi Crystal Ra-ga"},"content":{"rendered":"<p>[et_pb_section fb_built=&#8221;1&#8243; admin_label=&#8221;Section&#8221; _builder_version=&#8221;3.22.3&#8243; saved_tabs=&#8221;all&#8221; global_module=&#8221;225116&#8243;][et_pb_row _builder_version=&#8221;3.25&#8243; background_size=&#8221;initial&#8221; background_position=&#8221;top_left&#8221; background_repeat=&#8221;repeat&#8221;][et_pb_column type=&#8221;4_4&#8243; _builder_version=&#8221;3.25.3&#8243;][et_pb_post_title meta=&#8221;off&#8221; featured_image=&#8221;off&#8221; _builder_version=&#8221;3.25.3&#8243; title_font=&#8221;Poppins|600|||||||&#8221; custom_margin=&#8221;||0px|||&#8221;][\/et_pb_post_title][et_pb_divider color=&#8221;#57ca85&#8243; divider_weight=&#8221;5px&#8221; _builder_version=&#8221;3.25.3&#8243; width=&#8221;14%&#8221;][\/et_pb_divider][\/et_pb_column][\/et_pb_row][\/et_pb_section][et_pb_section fb_built=&#8221;1&#8243; _builder_version=&#8221;3.22&#8243;][et_pb_row _builder_version=&#8221;3.25&#8243; background_size=&#8221;initial&#8221; background_position=&#8221;top_left&#8221; background_repeat=&#8221;repeat&#8221;][et_pb_column type=&#8221;4_4&#8243; _builder_version=&#8221;3.25&#8243; custom_padding=&#8221;|||&#8221; custom_padding__hover=&#8221;|||&#8221;][et_pb_text _builder_version=&#8221;3.0.74&#8243; background_size=&#8221;initial&#8221; background_position=&#8221;top_left&#8221; background_repeat=&#8221;repeat&#8221;]<div id=\"attachment_4890\" style=\"width: 310px\" class=\"wp-caption alignleft\"><a href=\"https:\/\/crystalralaksmi.com\/eesti\/wp-content\/uploads\/2018\/04\/IMG_9910.jpg\"><img loading=\"lazy\" decoding=\"async\" aria-describedby=\"caption-attachment-4890\" class=\"wp-image-4890 size-medium\" src=\"https:\/\/crystalralaksmi.com\/eesti\/wp-content\/uploads\/2018\/04\/IMG_9910-300x200.jpg\" alt=\"\" width=\"300\" height=\"200\" \/><\/a><p id=\"caption-attachment-4890\" class=\"wp-caption-text\">Foto: Maris Saar<\/p><\/div><\/p>\n<p align=\"JUSTIFY\"><span style=\"color: #373737;\"><span style=\"font-family: Arial, sans-serif;\"><span style=\"font-size: medium;\">Eestlannast maailmar\u00e4ndur ja mitmeid v\u00f5\u00f5rkeeli vabalt valdavat Crystal Rad v\u00f5iks kutsuda \u2018k\u00fclluse antropoloogiks\u2019, kes omab juba viimased k\u00fcmme aastat oma \u00e4ri, mis pakub rahvusvahelisi innovaatilisi live ja online enesearengukoolitusi nii nagu ka privaatseansse. <\/span><\/span><\/span><\/p>\n<p align=\"JUSTIFY\"><span style=\"color: #373737;\"><span style=\"font-family: Arial, sans-serif;\"><span style=\"font-size: medium;\">Enesearengu koreograafina seob ta kokku inimeste elud, suunates \u00fchenduma keha, meele ja vaimu nii et iga kliendi elu muutub muusikalisest fraasist transformeeritud s\u00fcmfooniaks. Elluj\u00e4\u00e4mise asemel hakkavad nad elu t\u00f5eliselt nautima \u2013 tehes seda teadlikult, t\u00e4henduslikult ja kasumlikult. Originaalsus ja julge pealehakkamine on Crystal Ra edu v\u00f5tmed.<\/span><\/span><\/span><\/p>\n<p align=\"JUSTIFY\"><span style=\"color: #373737;\"><span style=\"font-family: Arial, sans-serif;\"><span style=\"font-size: medium;\">Oma purjetajast isast inspireerituna on Crystal Ra oma r\u00e4nnakutel k\u00fclastanud 30 erinevat riiki, elanud mitmel erineval kontinendil ja maal ning juhtinud paljusid rahvusvahelisi seikluskoolitusi erinevates kohtades. L\u00e4bi f\u00fc\u00fcsiliste seikluste on tema seikluskoolitused inspireerinud osalejaid \u00fchenduma s\u00fcgavamate varandustega iseendas, lahustama oma hirmud v\u00f5i siis \u00fcletama iseennast, avades seel\u00e4bi uued uksed uuele tulevikule.<\/span><\/span><\/span><\/p>\n<p align=\"JUSTIFY\"><span style=\"color: #373737;\"><span style=\"font-family: Arial, sans-serif;\"><span style=\"font-size: medium;\">Crystal Ral on bakalaureuse kraad sotsiaalantropoloogias maailma erinevatest tunnustatud \u00fclikoolidest (Oslo-, Kaplinn-, Troms\u00f6 \u00dclikoolid) ja ka magistrikraad visuaalses antropoloogias, mille \u00fche osana valmis kaks dokumentaalfilmi. Oma p\u00f5neva elu jagamist on ta kajastanud erinevates blogiartiklites v\u00f5i siis vabakutselise ajakirjanikuna erinevatest ajalehtedes ja ajakirjades ning muudes meediav\u00e4ljaannetes.<\/span><\/span><\/span><\/p>\n<p align=\"JUSTIFY\"><span style=\"color: #373737;\"><span style=\"font-family: Arial, sans-serif;\"><span style=\"font-size: medium;\">Wantra on Crystal Ra poolt arendatud veetehnika, mis \u00fchendab endas nii vett kui ka tantrat, mis aitab lahustada oma veehirmu, saada veega s\u00f5braks ning leevendada f\u00fc\u00fcsilisi kehavaevusi ning avardada oma elu igal tasandil. <\/span><\/span><\/span><\/p>\n<p align=\"JUSTIFY\"><span style=\"color: #373737;\"><span style=\"font-family: Arial, sans-serif;\"><span style=\"font-size: medium;\">Vesi pakkus Crystalile huvi juba v\u00e4iksest peale kui ta kohaliku kodukoha j\u00f5e \u00e4\u00e4res veetis enamus aega oma suvedest. Peale seda kui \u00fcks mustlane ennustas, et K\u00e4tlin (eelmine nimi) v\u00f5ib surra s\u00fcgavas vees, siis tekkis seet\u00f5ttu s\u00fcgavuse kartus. <\/span><\/span><\/span><\/p>\n<p align=\"JUSTIFY\"><span style=\"color: #373737;\"><span style=\"font-family: Arial, sans-serif;\"><span style=\"font-size: medium;\">Aastal 2009 reisis Crystal Ra esmakordselt Havaile. Seal olles juhtis s\u00fcda ja vaim teda veeteraapia kursusele, mille k\u00e4igus sai see hirm seljatatud. Mitte ainult, imev\u00e4el oli tal ka v\u00f5ime aidata teisi kelledel veega teemad v\u00f5i hirmud. T\u00e4naseks p\u00e4evaks (2018 aasta kevadel) on Crystal Ra merineitsi k\u00e4te pealt k\u00e4inud l\u00e4bi v\u00e4ga palju inimesi. <\/span><\/span><\/span><\/p>\n<p align=\"JUSTIFY\"><span style=\"color: #373737;\"><span style=\"font-family: Arial, sans-serif;\"><span style=\"font-size: medium;\">Et iseenda veehirmude k\u00f5ik j\u00e4\u00e4gid lahustada tegi Crystal Ra Havail l\u00e4bi ka Vabasukeldujate esimese astme litsentsi kursused 2011 aastal ja v\u00e4rskendas oma teadmisi 2018 aasta s\u00fcgisel.\u00a0<\/span><\/span><\/span><\/p>\n<p align=\"JUSTIFY\"><span style=\"color: #373737;\"><span style=\"font-family: Arial, sans-serif;\"><span style=\"font-size: medium;\">Julgemad on ka seigelnud Havaile koos Crystal Ra-ga, kus ta l\u00e4bi seikluskoolituste on aidanud neil inimestel vabaneda oma hirmudest ja tagasihoidmisest. Havai ja metsikud delfiinid avasid t\u00e4iesti uued dimensioonid nii elule kui ka elamisele ja unistustele. <\/span><\/span><\/span><\/p>\n<p align=\"JUSTIFY\"><span style=\"color: #373737;\"><span style=\"font-family: Arial, sans-serif;\"><span style=\"font-size: medium;\">Aastatatel 2011 &#8211; 2017 elas Crystal Ra ilma kodubaasita ja see \u00f5petas talle t\u00f5elise merineitsi elu voolamises ja kulgemises. Need aastad \u00f5petasid nii m\u00f5ndagi nii haavatavusest kui ka elu usaldamisest. Selles usalduse voos Mehhikos elades tutvuski ta Michaeliga &#8211; tema uue partneri ja elukaaslasega. Oma merekuningaga. Crystal Ra lemmikkoht on ookean ja eriti Vaikne ookean ja kui seal saab ka olla koos delfiinide, kilpkonnade ja toredate veeelukatega on see t\u00f5eline luksus. Crystal Ra kutsub ookeanit &#8216;vedelaks taevaks.&#8217; <\/span><\/span><\/span><\/p>\n<p align=\"JUSTIFY\"><span style=\"color: #373737;\"><span style=\"font-family: Arial, sans-serif;\"><span style=\"font-size: medium;\">Crystal Ra-le meeldib t\u00f6\u00f6tada kehasoojas vees. See aktiveerib tema s\u00fcgavad \u00fcrgse naise energiad, mis armastavad inimesi hoida, tekitada tunnet et nad v\u00f5ivad elu usaldada ja oma intuitsiooni ja julguse tiibadega kaugele lennata. Isegi kaugemale kui esialgselt oli plaanis.\u00a0\u00a0<\/span><\/span><\/span><\/p>\n<div id=\"attachment_4891\" style=\"width: 310px\" class=\"wp-caption alignleft\"><a href=\"https:\/\/crystalralaksmi.com\/eesti\/wp-content\/uploads\/2018\/04\/IMG_9932.jpg\"><img loading=\"lazy\" decoding=\"async\" aria-describedby=\"caption-attachment-4891\" class=\"wp-image-4891 size-medium\" src=\"https:\/\/crystalralaksmi.com\/eesti\/wp-content\/uploads\/2018\/04\/IMG_9932-300x200.jpg\" alt=\"\" width=\"300\" height=\"200\" \/><\/a><p id=\"caption-attachment-4891\" class=\"wp-caption-text\">Foto: Maris Saar<\/p><\/div>\n<p align=\"JUSTIFY\"><span style=\"font-family: Arial, sans-serif;\"><span style=\"font-size: medium;\"><span style=\"color: #373737;\">Crystal Ra on oma maailmar\u00e4nnakutel \u00f5ppinud palju erinevaid tehnikaid, mida jagades motiveerib ta oma kliente oma elu juhtimine iseenda k\u00e4tesse v\u00f5tma. <\/span><\/span><\/span><\/p>\n<p align=\"JUSTIFY\"><span style=\"font-family: Arial, sans-serif;\"><span style=\"font-size: medium;\"><span style=\"color: #373737;\">Praegu elab Crystal Ra koos oma ameeriklasest abikaasa <\/span><span style=\"color: #373737;\">Michaeliga <\/span><span style=\"color: #373737;\">Havai Big Islandi <\/span><span style=\"color: #373737;\">saarel<\/span> <span style=\"color: #373737;\">ja <\/span><span style=\"color: #373737;\">koos luua<\/span><span style=\"color: #373737;\">kse palju uusi v\u00f5imalusi, et<\/span><span style=\"color: #373737;\"> juhtida teisi nende \u00f5nnelikuma ja teadlikuma tuleviku suunas <\/span><span style=\"color: #373737;\">nii live kui ka online kursuste ja loengutega. <\/span><\/span><\/span><\/p>\n<p align=\"JUSTIFY\"><span style=\"font-family: Arial, sans-serif;\"><span style=\"font-size: medium;\"><span style=\"color: #373737;\">Loe lisa:<\/span><\/span><\/span><\/p>\n<p><a href=\"httpss:\/\/www.facebook.com\/liquidheavenfacilitator\">httpss:\/\/www.facebook.com\/liquidheavenfacilitator<\/a><\/p>\n<p align=\"JUSTIFY\">\n<p>[\/et_pb_text][\/et_pb_column][\/et_pb_row][\/et_pb_section]<\/p>\n<span class=\"et_bloom_bottom_trigger\"><\/span>","protected":false},"excerpt":{"rendered":"<p>Eestlannast maailmar\u00e4ndur ja mitmeid v\u00f5\u00f5rkeeli vabalt valdavat Crystal Rad v\u00f5iks kutsuda \u2018k\u00fclluse antropoloogiks\u2019, kes omab juba viimased k\u00fcmme aastat oma \u00e4ri, mis pakub rahvusvahelisi innovaatilisi live ja online enesearengukoolitusi nii [&hellip;]<\/p>\n","protected":false},"author":1,"featured_media":224880,"parent":2454,"menu_order":0,"comment_status":"closed","ping_status":"closed","template":"","meta":{"_acf_changed":false,"_et_pb_use_builder":"on","_et_pb_old_content":"[caption id=\"attachment_4890\" align=\"alignleft\" width=\"300\"]<a href=\"https:\/\/crystalralaksmi.com\/eesti\/wp-content\/uploads\/2018\/04\/IMG_9910.jpg\"><img class=\"wp-image-4890 size-medium\" src=\"https:\/\/crystalralaksmi.com\/eesti\/wp-content\/uploads\/2018\/04\/IMG_9910-300x200.jpg\" alt=\"\" width=\"300\" height=\"200\" \/><\/a> Foto: Maris Saar[\/caption]<p align=\"JUSTIFY\"><span style=\"color: #373737;\"><span style=\"font-family: Arial, sans-serif;\"><span style=\"font-size: medium;\">Eestlannast maailmar\u00e4ndur ja mitmeid v\u00f5\u00f5rkeeli vabalt valdavat Crystal Rad v\u00f5iks kutsuda \u2018k\u00fclluse antropoloogiks\u2019, kes omab juba viimased k\u00fcmme aastat oma \u00e4ri, mis pakub rahvusvahelisi innovaatilisi live ja online enesearengukoolitusi nii nagu ka privaatseansse. <\/span><\/span><\/span><\/p><p align=\"JUSTIFY\"><span style=\"color: #373737;\"><span style=\"font-family: Arial, sans-serif;\"><span style=\"font-size: medium;\">Enesearengu koreograafina seob ta kokku inimeste elud, suunates \u00fchenduma keha, meele ja vaimu nii et iga kliendi elu muutub muusikalisest fraasist transformeeritud s\u00fcmfooniaks. Elluj\u00e4\u00e4mise asemel hakkavad nad elu t\u00f5eliselt nautima \u2013 tehes seda teadlikult, t\u00e4henduslikult ja kasumlikult. Originaalsus ja julge pealehakkamine on Crystal Ra edu v\u00f5tmed.<\/span><\/span><\/span><\/p><p align=\"JUSTIFY\"><span style=\"color: #373737;\"><span style=\"font-family: Arial, sans-serif;\"><span style=\"font-size: medium;\">Oma purjetajast isast inspireerituna on Crystal Ra oma r\u00e4nnakutel k\u00fclastanud 30 erinevat riiki, elanud mitmel erineval kontinendil ja maal ning juhtinud paljusid rahvusvahelisi seikluskoolitusi erinevates kohtades. L\u00e4bi f\u00fc\u00fcsiliste seikluste on tema seikluskoolitused inspireerinud osalejaid \u00fchenduma s\u00fcgavamate varandustega iseendas, lahustama oma hirmud v\u00f5i siis \u00fcletama iseennast, avades seel\u00e4bi uued uksed uuele tulevikule.<\/span><\/span><\/span><\/p><p align=\"JUSTIFY\"><span style=\"color: #373737;\"><span style=\"font-family: Arial, sans-serif;\"><span style=\"font-size: medium;\">Crystal Ral on bakalaureuse kraad sotsiaalantropoloogias maailma erinevatest tunnustatud \u00fclikoolidest (Oslo-, Kaplinn-, Troms\u00f6 \u00dclikoolid) ja ka magistrikraad visuaalses antropoloogias, mille \u00fche osana valmis kaks dokumentaalfilmi. Oma p\u00f5neva elu jagamist on ta kajastanud erinevates blogiartiklites v\u00f5i siis vabakutselise ajakirjanikuna erinevatest ajalehtedes ja ajakirjades ning muudes meediav\u00e4ljaannetes.<\/span><\/span><\/span><\/p><p align=\"JUSTIFY\"><span style=\"color: #373737;\"><span style=\"font-family: Arial, sans-serif;\"><span style=\"font-size: medium;\">Wantra on Crystal Ra poolt arendatud veetehnika, mis \u00fchendab endas nii vett kui ka tantrat, mis aitab lahustada oma veehirmu, saada veega s\u00f5braks ning leevendada f\u00fc\u00fcsilisi kehavaevusi ning avardada oma elu igal tasandil. <\/span><\/span><\/span><\/p><p align=\"JUSTIFY\"><span style=\"color: #373737;\"><span style=\"font-family: Arial, sans-serif;\"><span style=\"font-size: medium;\">Vesi pakkus Crystalile huvi juba v\u00e4iksest peale kui ta kohaliku kodukoha j\u00f5e \u00e4\u00e4res veetis enamus aega oma suvedest. Peale seda kui \u00fcks mustlane ennustas, et K\u00e4tlin (eelmine nimi) v\u00f5ib surra s\u00fcgavas vees, siis tekkis seet\u00f5ttu s\u00fcgavuse kartus. <\/span><\/span><\/span><\/p><p align=\"JUSTIFY\"><span style=\"color: #373737;\"><span style=\"font-family: Arial, sans-serif;\"><span style=\"font-size: medium;\">Aastal 2009 reisis Crystal Ra esmakordselt Havaile. Seal olles juhtis s\u00fcda ja vaim teda veeteraapia kursusele, mille k\u00e4igus sai see hirm seljatatud. Mitte ainult, imev\u00e4el oli tal ka v\u00f5ime aidata teisi kelledel veega teemad v\u00f5i hirmud. T\u00e4naseks p\u00e4evaks (2018 aasta kevadel) on Crystal Ra merineitsi k\u00e4te pealt k\u00e4inud l\u00e4bi v\u00e4ga palju inimesi. <\/span><\/span><\/span><\/p><p align=\"JUSTIFY\"><span style=\"color: #373737;\"><span style=\"font-family: Arial, sans-serif;\"><span style=\"font-size: medium;\">Et iseenda veehirmude k\u00f5ik j\u00e4\u00e4gid lahustada tegi Crystal Ra Havail l\u00e4bi ka Vabasukeldujate esimese astme litsentsi kursused 2011 aastal ja v\u00e4rskendas oma teadmisi 2018 aasta s\u00fcgisel.\u00a0<\/span><\/span><\/span><\/p><p align=\"JUSTIFY\"><span style=\"color: #373737;\"><span style=\"font-family: Arial, sans-serif;\"><span style=\"font-size: medium;\">Julgemad on ka seigelnud Havaile koos Crystal Ra-ga, kus ta l\u00e4bi seikluskoolituste on aidanud neil inimestel vabaneda oma hirmudest ja tagasihoidmisest. Havai ja metsikud delfiinid avasid t\u00e4iesti uued dimensioonid nii elule kui ka elamisele ja unistustele. <\/span><\/span><\/span><\/p><p align=\"JUSTIFY\"><span style=\"color: #373737;\"><span style=\"font-family: Arial, sans-serif;\"><span style=\"font-size: medium;\">Aastatatel 2011 - 2017 elas Crystal Ra ilma kodubaasita ja see \u00f5petas talle t\u00f5elise merineitsi elu voolamises ja kulgemises. Need aastad \u00f5petasid nii m\u00f5ndagi nii haavatavusest kui ka elu usaldamisest. Selles usalduse voos Mehhikos elades tutvuski ta Michaeliga - tema uue partneri ja elukaaslasega. Oma merekuningaga. Crystal Ra lemmikkoht on ookean ja eriti Vaikne ookean ja kui seal saab ka olla koos delfiinide, kilpkonnade ja toredate veeelukatega on see t\u00f5eline luksus. Crystal Ra kutsub ookeanit 'vedelaks taevaks.' <\/span><\/span><\/span><\/p><p align=\"JUSTIFY\"><span style=\"color: #373737;\"><span style=\"font-family: Arial, sans-serif;\"><span style=\"font-size: medium;\">Crystal Ra-le meeldib t\u00f6\u00f6tada kehasoojas vees. See aktiveerib tema s\u00fcgavad \u00fcrgse naise energiad, mis armastavad inimesi hoida, tekitada tunnet et nad v\u00f5ivad elu usaldada ja oma intuitsiooni ja julguse tiibadega kaugele lennata. Isegi kaugemale kui esialgselt oli plaanis.\u00a0\u00a0<\/span><\/span><\/span><\/p>[caption id=\"attachment_4891\" align=\"alignleft\" width=\"300\"]<a href=\"https:\/\/crystalralaksmi.com\/eesti\/wp-content\/uploads\/2018\/04\/IMG_9932.jpg\"><img class=\"wp-image-4891 size-medium\" src=\"https:\/\/crystalralaksmi.com\/eesti\/wp-content\/uploads\/2018\/04\/IMG_9932-300x200.jpg\" alt=\"\" width=\"300\" height=\"200\" \/><\/a> Foto: Maris Saar[\/caption]<p align=\"JUSTIFY\"><span style=\"font-family: Arial, sans-serif;\"><span style=\"font-size: medium;\"><span style=\"color: #373737;\">Crystal Ra on oma maailmar\u00e4nnakutel \u00f5ppinud palju erinevaid tehnikaid, mida jagades motiveerib ta oma kliente oma elu juhtimine iseenda k\u00e4tesse v\u00f5tma. <\/span><\/span><\/span><\/p><p align=\"JUSTIFY\"><span style=\"font-family: Arial, sans-serif;\"><span style=\"font-size: medium;\"><span style=\"color: #373737;\">Praegu elab Crystal Ra koos oma ameeriklasest abikaasa <\/span><span style=\"color: #373737;\">Michaeliga <\/span><span style=\"color: #373737;\">Havai Big Islandi <\/span><span style=\"color: #373737;\">saarel<\/span> <span style=\"color: #373737;\">ja <\/span><span style=\"color: #373737;\">koos luua<\/span><span style=\"color: #373737;\">kse palju uusi v\u00f5imalusi, et<\/span><span style=\"color: #373737;\"> juhtida teisi nende \u00f5nnelikuma ja teadlikuma tuleviku suunas <\/span><span style=\"color: #373737;\">nii live kui ka online kursuste ja loengutega. <\/span><\/span><\/span><\/p><p align=\"JUSTIFY\"><span style=\"font-family: Arial, sans-serif;\"><span style=\"font-size: medium;\"><span style=\"color: #373737;\">Loe lisa:<\/span><\/span><\/span><\/p><p><a href=\"httpss:\/\/www.facebook.com\/liquidheavenfacilitator\">httpss:\/\/www.facebook.com\/liquidheavenfacilitator<\/a><\/p><p align=\"JUSTIFY\">\u00a0<\/p>","_et_gb_content_width":"","footnotes":""},"class_list":["post-4889","page","type-page","status-publish","has-post-thumbnail","hentry"],"acf":[],"_links":{"self":[{"href":"https:\/\/crystalralaksmi.com\/eesti\/wp-json\/wp\/v2\/pages\/4889","targetHints":{"allow":["GET"]}}],"collection":[{"href":"https:\/\/crystalralaksmi.com\/eesti\/wp-json\/wp\/v2\/pages"}],"about":[{"href":"https:\/\/crystalralaksmi.com\/eesti\/wp-json\/wp\/v2\/types\/page"}],"author":[{"embeddable":true,"href":"https:\/\/crystalralaksmi.com\/eesti\/wp-json\/wp\/v2\/users\/1"}],"replies":[{"embeddable":true,"href":"https:\/\/crystalralaksmi.com\/eesti\/wp-json\/wp\/v2\/comments?post=4889"}],"version-history":[{"count":2,"href":"https:\/\/crystalralaksmi.com\/eesti\/wp-json\/wp\/v2\/pages\/4889\/revisions"}],"predecessor-version":[{"id":225324,"href":"https:\/\/crystalralaksmi.com\/eesti\/wp-json\/wp\/v2\/pages\/4889\/revisions\/225324"}],"up":[{"embeddable":true,"href":"https:\/\/crystalralaksmi.com\/eesti\/wp-json\/wp\/v2\/pages\/2454"}],"wp:featuredmedia":[{"embeddable":true,"href":"https:\/\/crystalralaksmi.com\/eesti\/wp-json\/wp\/v2\/media\/224880"}],"wp:attachment":[{"href":"https:\/\/crystalralaksmi.com\/eesti\/wp-json\/wp\/v2\/media?parent=4889"}],"curies":[{"name":"wp","href":"https:\/\/api.w.org\/{rel}","templated":true}]}}