{"id":5040,"date":"2018-09-24T03:10:07","date_gmt":"2018-09-24T03:10:07","guid":{"rendered":"http:\/\/crystalralaksmi.com\/eesti\/?page_id=5040"},"modified":"2019-07-30T12:26:21","modified_gmt":"2019-07-30T09:26:21","slug":"2019-aasta-suveplaanid","status":"publish","type":"page","link":"https:\/\/crystalralaksmi.com\/eesti\/sundmused-maailmas\/eesti-2019-aasta-suvesundmuste-ulevaade\/2019-aasta-suveplaanid\/","title":{"rendered":"2019. aasta suveplaanid"},"content":{"rendered":"<p>[et_pb_section fb_built=&#8221;1&#8243; admin_label=&#8221;Section&#8221; _builder_version=&#8221;3.22.3&#8243; saved_tabs=&#8221;all&#8221; global_module=&#8221;225116&#8243;][et_pb_row _builder_version=&#8221;3.25&#8243; background_size=&#8221;initial&#8221; background_position=&#8221;top_left&#8221; background_repeat=&#8221;repeat&#8221;][et_pb_column type=&#8221;4_4&#8243; _builder_version=&#8221;3.25.3&#8243;][et_pb_post_title meta=&#8221;off&#8221; featured_image=&#8221;off&#8221; _builder_version=&#8221;3.25.3&#8243; title_font=&#8221;Poppins|600|||||||&#8221; custom_margin=&#8221;||0px|||&#8221;][\/et_pb_post_title][et_pb_divider color=&#8221;#57ca85&#8243; divider_weight=&#8221;5px&#8221; _builder_version=&#8221;3.25.3&#8243; width=&#8221;14%&#8221;][\/et_pb_divider][\/et_pb_column][\/et_pb_row][\/et_pb_section][et_pb_section fb_built=&#8221;1&#8243; _builder_version=&#8221;3.22&#8243;][et_pb_row _builder_version=&#8221;3.25&#8243; background_size=&#8221;initial&#8221; background_position=&#8221;top_left&#8221; background_repeat=&#8221;repeat&#8221;][et_pb_column type=&#8221;4_4&#8243; _builder_version=&#8221;3.25&#8243; custom_padding=&#8221;|||&#8221; custom_padding__hover=&#8221;|||&#8221;][et_pb_text _builder_version=&#8221;3.0.74&#8243; background_size=&#8221;initial&#8221; background_position=&#8221;top_left&#8221; background_repeat=&#8221;repeat&#8221;]<a href=\"https:\/\/crystalralaksmi.com\/eesti\/wp-content\/uploads\/2018\/07\/michaelminatantrafestipilt.jpg\"><img loading=\"lazy\" decoding=\"async\" class=\"alignleft size-medium wp-image-4968\" src=\"https:\/\/crystalralaksmi.com\/eesti\/wp-content\/uploads\/2018\/07\/michaelminatantrafestipilt-300x200.jpg\" alt=\"\" width=\"300\" height=\"200\" \/><\/a>Me nautisime t\u00e4ielikult oma suve Eestis aastal 2018 ja tundus et ei meie ise ega ka meie f\u00e4nnid ja kliendid ei saanud isu t\u00e4is. Seega tuleme j\u00e4rgmine kord natuke kauemaks, et saaksime ehitada tugevamat alust meie t\u00f6\u00f6le ja panusele Eestis.<br \/>\n***<br \/>\n2019. aastal on meil plaanis Eestis viibida v\u00e4hemalt 3 kuud. V\u00f5imalusel siis maist kuni augustikuuni. Edaspidi veedame Eestis suviti v\u00e4hemalt 3 kuud kui mitte rohkem.<br \/>\nSelle aja sisse paneme palju v\u00e4iksemaid koolitusi, \u00fcldisemaid kogunemisi ja palju v\u00f5imalusi meiega individuaalselt t\u00f6\u00f6tada. Kui me oleme Eestist eemal on sul v\u00f5imalus meiega t\u00f6\u00f6tada online v\u00f5i liituda meie seiklustega \u00fcle maailma.<br \/>\n<strong>V\u00f5imalike Suviste Koolituste teemad:\u00a0<\/strong><\/p>\n<ul>\n<li>Uue Aja Suhted<\/li>\n<li>Uue Aja Tantra<\/li>\n<li>Kuidas leida oma Kuningas v\u00f5i Kuninganna?<\/li>\n<li>K\u00fclluse Ratta minikoolitus<\/li>\n<li>Wantra eraseansid<\/li>\n<li>Uue Aja Kaalulangetus<\/li>\n<li>Wantra grupiseansid naistele<\/li>\n<li>Wantra Veejuhtide Koolitus (selle toimumiseks on vaja v\u00e4hemalt 6 eelkvalifitseerunud osalejat)<\/li>\n<li><strong><a href=\"https:\/\/crystalralaksmi.com\/eesti\/wp-content\/uploads\/2015\/08\/norramagi.jpg\"><img loading=\"lazy\" decoding=\"async\" class=\"alignleft size-medium wp-image-2871\" src=\"https:\/\/crystalralaksmi.com\/eesti\/wp-content\/uploads\/2015\/08\/norramagi-300x225.jpg\" alt=\"\" width=\"300\" height=\"225\" \/><\/a>Norra m\u00e4gede retriit<\/strong> (vaja on v\u00e4hemalt 6 osalejat) ja see kestab ca 14 p\u00e4eva. S\u00f5idame l\u00e4bi Soome ja Rootsi p\u00f5hja Norrasse ja seal oleme \u00fche p\u00fcha m\u00e4e otsas vaikuses ja kerguses mitmeid p\u00e4evi. Vaja on v\u00e4ga head f\u00fc\u00fcsilist vormi ja korralikku matkavarustust. M\u00e4e otsas teeme paar p\u00e4eva paastumist. Peaksid enne seiklusele tulemist kontrollima et sulle on paastumine tervise koha pealt lubatud.<\/li>\n<li>Eesti v\u00e4ekohtade seiklus koos kohalike vaimude suhtlemisega (Taevaskoda, T\u00fcrisalu pank, J\u00e4gala juga, Keila Juga, V\u00e4\u00e4na J\u00f5esuu vortex jpt)<\/li>\n<li>Eraseansid minu ja Michaeliga<\/li>\n<li><strong>High on Life Tantrafestivalil<\/strong> osalemine<\/li>\n<li>Minevikust ja vanast puhastamise koolitused<\/li>\n<li><strong>K\u00fclluse Seikluskoolitus Unistuste Ellu<\/strong> aktiivse grupi kohtumine<\/li>\n<li>Uue Hawaii seiklusgrupi kogunemine<\/li>\n<li>S\u00f5pradega sotsiaalne kogunemine (1-2 Tallinnas)<\/li>\n<li>Purjetamine Tallinna lahel koos meie ja Laur Lumetiga<\/li>\n<li>SUP laudadega seiklemine Pirital &#8211; integreerides oma 4 elementi<\/li>\n<li>Vee hirmust vabastamise kursused Crystal Ra-ga<\/li>\n<li>Elu\u00fclesande aktiveerimise kursused<\/li>\n<li>Holistilise k\u00fclluse aktiveerimine<\/li>\n<li>K\u00fclluse blokkide puhastamine<\/li>\n<li>Sisemise perekonna aktiivne minikursus<\/li>\n<li>Kolme s\u00fcdame puhastuse minikursus<\/li>\n<\/ul>\n<p>Programmi hakkame kokku panema ca 1. jaanuaril 2019 ja eelregistreerimine algab 15.jaanuarist. Eriti soovitaksin olla k\u00e4be neil kes soovivad Wantra seansse v\u00f5i gruppides osaleda, need m\u00fc\u00fcsid 2018. aastal v\u00e4lja vaid m\u00f5ne tunniga!<br \/>\n<strong>Auratransformatsiooni\u2122<\/strong> hind on t\u00f5usnud, aga kui sa paned oma aja kirja enne <strong>1. aprilli <\/strong>siis sulle on veel hind 280 eurot. Kui paned oma Auratransformatsiooni\u2122 aja kirja Eestis, siis sulle hind 300 eurot.<br \/>\n<strong>2.-4. august toimub suveretriit Matsalus<\/strong> (koos Wantraga) ja see on juba ajaliselt paigas. Programm on t\u00e4psustamisel.<br \/>\nKui sul on vaja t\u00e4psemat infot, siis kirjuta meile otse<a href=\"httpss:\/\/www.facebook.com\/infiniteactivation\/\"> meie FB lehele:\u00a0<\/a>ja sealt vali &#8211; send message;)<br \/>\nMeie FB lehel on ka pidev aktiivne toimetamine &#8211; blogide, videode ja muude pakkumiste n\u00e4ol, seega soovitame meile seal f\u00e4nniks hakata <a href=\"httpss:\/\/www.facebook.com\/infiniteactivation\/\">siin:\u00a0<\/a><br \/>\n<a href=\"https:\/\/crystalralaksmi.com\/eesti\/wp-content\/uploads\/2018\/07\/meiekooshoossailing.jpg\"><img loading=\"lazy\" decoding=\"async\" class=\"alignleft size-medium wp-image-4967\" src=\"https:\/\/crystalralaksmi.com\/eesti\/wp-content\/uploads\/2018\/07\/meiekooshoossailing-300x250.jpg\" alt=\"\" width=\"300\" height=\"250\" \/><\/a><br \/>\n[\/et_pb_text][\/et_pb_column][\/et_pb_row][\/et_pb_section]<\/p>\n<span class=\"et_bloom_bottom_trigger\"><\/span>","protected":false},"excerpt":{"rendered":"<p>Me nautisime t\u00e4ielikult oma suve Eestis aastal 2018 ja tundus et ei meie ise ega ka meie f\u00e4nnid ja kliendid ei saanud isu t\u00e4is. Seega tuleme j\u00e4rgmine kord natuke kauemaks, [&hellip;]<\/p>\n","protected":false},"author":1,"featured_media":224884,"parent":5317,"menu_order":0,"comment_status":"closed","ping_status":"closed","template":"","meta":{"_acf_changed":false,"_et_pb_use_builder":"on","_et_pb_old_content":"<p><a href=\"https:\/\/crystalralaksmi.com\/eesti\/wp-content\/uploads\/2018\/07\/michaelminatantrafestipilt.jpg\"><img class=\"alignleft size-medium wp-image-4968\" src=\"https:\/\/crystalralaksmi.com\/eesti\/wp-content\/uploads\/2018\/07\/michaelminatantrafestipilt-300x200.jpg\" alt=\"\" width=\"300\" height=\"200\" \/><\/a>Me nautisime t\u00e4ielikult oma suve Eestis aastal 2018 ja tundus et ei meie ise ega ka meie f\u00e4nnid ja kliendid ei saanud isu t\u00e4is. Seega tuleme j\u00e4rgmine kord natuke kauemaks, et saaksime ehitada tugevamat alust meie t\u00f6\u00f6le ja panusele Eestis.<br \/>***<br \/>2019. aastal on meil plaanis Eestis viibida v\u00e4hemalt 3 kuud. V\u00f5imalusel siis maist kuni augustikuuni. Edaspidi veedame Eestis suviti v\u00e4hemalt 3 kuud kui mitte rohkem.<br \/>Selle aja sisse paneme palju v\u00e4iksemaid koolitusi, \u00fcldisemaid kogunemisi ja palju v\u00f5imalusi meiega individuaalselt t\u00f6\u00f6tada. Kui me oleme Eestist eemal on sul v\u00f5imalus meiega t\u00f6\u00f6tada online v\u00f5i liituda meie seiklustega \u00fcle maailma.<br \/><strong>V\u00f5imalike Suviste Koolituste teemad:\u00a0<\/strong><\/p><ul><li>Uue Aja Suhted<\/li><li>Uue Aja Tantra<\/li><li>Kuidas leida oma Kuningas v\u00f5i Kuninganna?<\/li><li>K\u00fclluse Ratta minikoolitus<\/li><li>Wantra eraseansid<\/li><li>Uue Aja Kaalulangetus<\/li><li>Wantra grupiseansid naistele<\/li><li>Wantra Veejuhtide Koolitus (selle toimumiseks on vaja v\u00e4hemalt 6 eelkvalifitseerunud osalejat)<\/li><li><strong><a href=\"https:\/\/crystalralaksmi.com\/eesti\/wp-content\/uploads\/2015\/08\/norramagi.jpg\"><img class=\"alignleft size-medium wp-image-2871\" src=\"https:\/\/crystalralaksmi.com\/eesti\/wp-content\/uploads\/2015\/08\/norramagi-300x225.jpg\" alt=\"\" width=\"300\" height=\"225\" \/><\/a>Norra m\u00e4gede retriit<\/strong> (vaja on v\u00e4hemalt 6 osalejat) ja see kestab ca 14 p\u00e4eva. S\u00f5idame l\u00e4bi Soome ja Rootsi p\u00f5hja Norrasse ja seal oleme \u00fche p\u00fcha m\u00e4e otsas vaikuses ja kerguses mitmeid p\u00e4evi. Vaja on v\u00e4ga head f\u00fc\u00fcsilist vormi ja korralikku matkavarustust. M\u00e4e otsas teeme paar p\u00e4eva paastumist. Peaksid enne seiklusele tulemist kontrollima et sulle on paastumine tervise koha pealt lubatud.<\/li><li>Eesti v\u00e4ekohtade seiklus koos kohalike vaimude suhtlemisega (Taevaskoda, T\u00fcrisalu pank, J\u00e4gala juga, Keila Juga, V\u00e4\u00e4na J\u00f5esuu vortex jpt)<\/li><li>Eraseansid minu ja Michaeliga<\/li><li><strong>High on Life Tantrafestivalil<\/strong> osalemine<\/li><li>Minevikust ja vanast puhastamise koolitused<\/li><li><strong>K\u00fclluse Seikluskoolitus Unistuste Ellu<\/strong> aktiivse grupi kohtumine<\/li><li>Uue Hawaii seiklusgrupi kogunemine<\/li><li>S\u00f5pradega sotsiaalne kogunemine (1-2 Tallinnas)<\/li><li>Purjetamine Tallinna lahel koos meie ja Laur Lumetiga<\/li><li>SUP laudadega seiklemine Pirital - integreerides oma 4 elementi<\/li><li>Vee hirmust vabastamise kursused Crystal Ra-ga<\/li><li>Elu\u00fclesande aktiveerimise kursused<\/li><li>Holistilise k\u00fclluse aktiveerimine<\/li><li>K\u00fclluse blokkide puhastamine<\/li><li>Sisemise perekonna aktiivne minikursus<\/li><li>Kolme s\u00fcdame puhastuse minikursus<\/li><\/ul><p>Programmi hakkame kokku panema ca 1. jaanuaril 2019 ja eelregistreerimine algab 15.jaanuarist. Eriti soovitaksin olla k\u00e4be neil kes soovivad Wantra seansse v\u00f5i gruppides osaleda, need m\u00fc\u00fcsid 2018. aastal v\u00e4lja vaid m\u00f5ne tunniga!<br \/><strong>Auratransformatsiooni\u2122<\/strong> hind on t\u00f5usnud, aga kui sa paned oma aja kirja enne <strong>1. aprilli <\/strong>siis sulle on veel hind 280 eurot. Kui paned oma Auratransformatsiooni\u2122 aja kirja Eestis, siis sulle hind 300 eurot.<br \/><strong>2.-4. august toimub suveretriit Matsalus<\/strong> (koos Wantraga) ja see on juba ajaliselt paigas. Programm on t\u00e4psustamisel.<br \/>Kui sul on vaja t\u00e4psemat infot, siis kirjuta meile otse<a href=\"httpss:\/\/www.facebook.com\/infiniteactivation\/\"> meie FB lehele:\u00a0<\/a>ja sealt vali - send message;)<br \/>Meie FB lehel on ka pidev aktiivne toimetamine - blogide, videode ja muude pakkumiste n\u00e4ol, seega soovitame meile seal f\u00e4nniks hakata <a href=\"httpss:\/\/www.facebook.com\/infiniteactivation\/\">siin:\u00a0<\/a><br \/><a href=\"https:\/\/crystalralaksmi.com\/eesti\/wp-content\/uploads\/2018\/07\/meiekooshoossailing.jpg\"><img class=\"alignleft size-medium wp-image-4967\" src=\"https:\/\/crystalralaksmi.com\/eesti\/wp-content\/uploads\/2018\/07\/meiekooshoossailing-300x250.jpg\" alt=\"\" width=\"300\" height=\"250\" \/><\/a><\/p>","_et_gb_content_width":"","footnotes":""},"class_list":["post-5040","page","type-page","status-publish","has-post-thumbnail","hentry"],"acf":[],"_links":{"self":[{"href":"https:\/\/crystalralaksmi.com\/eesti\/wp-json\/wp\/v2\/pages\/5040","targetHints":{"allow":["GET"]}}],"collection":[{"href":"https:\/\/crystalralaksmi.com\/eesti\/wp-json\/wp\/v2\/pages"}],"about":[{"href":"https:\/\/crystalralaksmi.com\/eesti\/wp-json\/wp\/v2\/types\/page"}],"author":[{"embeddable":true,"href":"https:\/\/crystalralaksmi.com\/eesti\/wp-json\/wp\/v2\/users\/1"}],"replies":[{"embeddable":true,"href":"https:\/\/crystalralaksmi.com\/eesti\/wp-json\/wp\/v2\/comments?post=5040"}],"version-history":[{"count":2,"href":"https:\/\/crystalralaksmi.com\/eesti\/wp-json\/wp\/v2\/pages\/5040\/revisions"}],"predecessor-version":[{"id":225197,"href":"https:\/\/crystalralaksmi.com\/eesti\/wp-json\/wp\/v2\/pages\/5040\/revisions\/225197"}],"up":[{"embeddable":true,"href":"https:\/\/crystalralaksmi.com\/eesti\/wp-json\/wp\/v2\/pages\/5317"}],"wp:featuredmedia":[{"embeddable":true,"href":"https:\/\/crystalralaksmi.com\/eesti\/wp-json\/wp\/v2\/media\/224884"}],"wp:attachment":[{"href":"https:\/\/crystalralaksmi.com\/eesti\/wp-json\/wp\/v2\/media?parent=5040"}],"curies":[{"name":"wp","href":"https:\/\/api.w.org\/{rel}","templated":true}]}}