{"id":5190,"date":"2018-12-21T07:26:05","date_gmt":"2018-12-21T07:26:05","guid":{"rendered":"http:\/\/crystalralaksmi.com\/eesti\/?page_id=5190"},"modified":"2019-07-23T10:44:05","modified_gmt":"2019-07-23T07:44:05","slug":"kulluse-konsultatsioon","status":"publish","type":"page","link":"https:\/\/crystalralaksmi.com\/eesti\/kulluse-konsultatsioon\/","title":{"rendered":"K\u00fclluse Konsultatsioon"},"content":{"rendered":"[et_pb_section fb_built=&#8221;1&#8243; _builder_version=&#8221;3.22.3&#8243; saved_tabs=&#8221;all&#8221; global_module=&#8221;225116&#8243; admin_label=&#8221;Section&#8221;][et_pb_row _builder_version=&#8221;3.25&#8243; background_size=&#8221;initial&#8221; background_position=&#8221;top_left&#8221; background_repeat=&#8221;repeat&#8221;][et_pb_column type=&#8221;4_4&#8243; _builder_version=&#8221;3.25.3&#8243;][et_pb_post_title meta=&#8221;off&#8221; featured_image=&#8221;off&#8221; _builder_version=&#8221;3.25.3&#8243; title_font=&#8221;Poppins|600|||||||&#8221; custom_margin=&#8221;||0px|||&#8221;][\/et_pb_post_title][et_pb_divider color=&#8221;#57ca85&#8243; divider_weight=&#8221;5px&#8221; _builder_version=&#8221;3.25.3&#8243; width=&#8221;14%&#8221;][\/et_pb_divider][\/et_pb_column][\/et_pb_row][\/et_pb_section][et_pb_section fb_built=&#8221;1&#8243; _builder_version=&#8221;3.22&#8243;][et_pb_row _builder_version=&#8221;3.25&#8243; background_size=&#8221;initial&#8221; background_position=&#8221;top_left&#8221; background_repeat=&#8221;repeat&#8221;][et_pb_column type=&#8221;4_4&#8243; _builder_version=&#8221;3.25&#8243; custom_padding=&#8221;|||&#8221; custom_padding__hover=&#8221;|||&#8221;][et_pb_text _builder_version=&#8221;3.0.74&#8243; background_size=&#8221;initial&#8221; background_position=&#8221;top_left&#8221; background_repeat=&#8221;repeat&#8221;]\r\n<p>Alates esimesest p\u00e4evast kui alustasin t\u00f6\u00f6d inimestega, on 99% neist inimestest soovinud oma ellu tuua rohkem raha ja k\u00fcllust. Kuna olen n\u00fc\u00fcdseks v\u00e4lja t\u00f6\u00f6tanud v\u00e4ga palju t\u00f6\u00f6riistu kuidas selle teemaga t\u00f6\u00f6tada on huvilistel v\u00f5imalus selle teemaga alustada l\u00e4bi <strong>K\u00fclluse Konsultatsiooni<\/strong>.<\/p>\r\n\r\n\r\n\r\n<p>Enne <strong>K\u00fclluse Konsultatsiooni<\/strong> tellimist on soovitav osta <strong><a href=\"https:\/\/crystalralaksmi.com\/eesti\/crystal-ra-kulluse-akadeemia\/\">K\u00fclluse Akadeemia<\/a> Esimese astme <a href=\"https:\/\/crystalralaksmi.com\/eesti\/teenused\/rahamagnetid-1-8\/\">Kaheksa Rahamagnetit<\/a><\/strong> kuna materjalidega on kaasas ka kaks boonusmaterjali &#8211; K\u00fclluse blokkide kaardistamise minikursus ja lisaks veel ka delfiinikingitus otse Havailt.<\/p>\r\n\r\n\r\n\r\n<p>Soovituseks on esmaselt osta Kaheksa Rahamagnetit ja seej\u00e4rel nendega tegeleda v\u00e4hemalt 10 p\u00e4eva &#8211; tegeledes \u00fche magnetiga p\u00e4evas kaheksa p\u00e4eva j\u00e4rjest ja seej\u00e4rel \u00fche p\u00e4eva et teha<strong> K\u00fclluse Blokkide Kaardistust<\/strong> ja \u00fche p\u00e4eva et teha delfiinimeditatsiooni. Peale k\u00fcmmet p\u00e4eva on soovitav teha Crystal Ra-ga <strong>K\u00fclluse Konsultatsiooni<\/strong> coaching, kus on v\u00f5imalik teha \u00fclevaade just energeetiliselt kas ja kus teemad veel kinni on.<\/p>\r\n\r\n\r\n\r\n<p><strong>K\u00fclluse Konsultatsiooni <\/strong>kestus on 1,5 tundi ja enne seanssi peab klient saatma oma k\u00fclluse blokkide testi tulemused emailile. <strong><a href=\"https:\/\/crystalralaksmi.com\/eesti\/tootedpakkumised\/kulluse-seikluskoolitus-unistuste-ellu-8-kuuga\/\">K\u00fclluse Konsultatsiooni <\/a><\/strong>maksumus on 120 eurot + 40 eurot rahamagnetid ja boonused &#8211; kokku 160 eurot.<\/p>\r\n\r\n\r\n\r\n<p>Kui sul on olnud pikemalt k\u00fcllusega teemasid on soovitav osta pigem <strong><a href=\"https:\/\/crystalralaksmi.com\/eesti\/tootedpakkumised\/kulluse-seikluskoolitus-unistuste-ellu-8-kuuga\/\">K\u00fclluse Seikuskoolitus Unistuste Ellu<\/a> <\/strong>8-kuuline kursus kuna see l\u00e4heb v\u00e4ga s\u00fcgavuti k\u00fclluse teemadega.<\/p>\r\n\r\n\r\n\r\n<p>Kui sa aga soovid saada \u00fclevaadet kust alustada ja millega pihta hakata siis v\u00f5ib <strong>K\u00fclluse Konsultatsioon<\/strong> olla midagi just sulle.<\/p>\r\n\r\n\r\n\r\n<p>Anna teada kas ja kuidas saan olla sinu teejuhiks sinu unistuste teel!<\/p>\r\n\r\n\r\n\r\n<p>Aloha,<\/p>\r\n\r\n\r\n\r\n<p>Crystal Ra<\/p>\r\n\r\n\r\n\r\n<p>&nbsp;<\/p>\r\n\r[\/et_pb_text][\/et_pb_column][\/et_pb_row][\/et_pb_section]<span class=\"et_bloom_bottom_trigger\"><\/span>","protected":false},"excerpt":{"rendered":"<p>Alates esimesest p\u00e4evast kui alustasin t\u00f6\u00f6d inimestega, on 99% neist inimestest soovinud oma ellu tuua rohkem raha ja k\u00fcllust. Kuna olen n\u00fc\u00fcdseks v\u00e4lja t\u00f6\u00f6tanud v\u00e4ga palju t\u00f6\u00f6riistu kuidas selle teemaga [&hellip;]<\/p>\n","protected":false},"author":1,"featured_media":0,"parent":0,"menu_order":0,"comment_status":"closed","ping_status":"closed","template":"","meta":{"_acf_changed":false,"_et_pb_use_builder":"on","_et_pb_old_content":"<!-- wp:paragraph -->\r\n<p>Alates esimesest p\u00e4evast kui alustasin t\u00f6\u00f6d inimestega, on 99% neist inimestest soovinud oma ellu tuua rohkem raha ja k\u00fcllust. Kuna olen n\u00fc\u00fcdseks v\u00e4lja t\u00f6\u00f6tanud v\u00e4ga palju t\u00f6\u00f6riistu kuidas selle teemaga t\u00f6\u00f6tada on huvilistel v\u00f5imalus selle teemaga alustada l\u00e4bi <strong>K\u00fclluse Konsultatsiooni<\/strong>.<\/p>\r\n<!-- \/wp:paragraph --><!-- wp:paragraph -->\r\n<p>Enne <strong>K\u00fclluse Konsultatsiooni<\/strong> tellimist on soovitav osta <strong><a href=\"https:\/\/crystalralaksmi.com\/eesti\/crystal-ra-kulluse-akadeemia\/\">K\u00fclluse Akadeemia<\/a> Esimese astme <a href=\"https:\/\/crystalralaksmi.com\/eesti\/teenused\/rahamagnetid-1-8\/\">Kaheksa Rahamagnetit<\/a><\/strong> kuna materjalidega on kaasas ka kaks boonusmaterjali - K\u00fclluse blokkide kaardistamise minikursus ja lisaks veel ka delfiinikingitus otse Havailt.<\/p>\r\n<!-- \/wp:paragraph --><!-- wp:paragraph -->\r\n<p>Soovituseks on esmaselt osta Kaheksa Rahamagnetit ja seej\u00e4rel nendega tegeleda v\u00e4hemalt 10 p\u00e4eva - tegeledes \u00fche magnetiga p\u00e4evas kaheksa p\u00e4eva j\u00e4rjest ja seej\u00e4rel \u00fche p\u00e4eva et teha<strong> K\u00fclluse Blokkide Kaardistust<\/strong> ja \u00fche p\u00e4eva et teha delfiinimeditatsiooni. Peale k\u00fcmmet p\u00e4eva on soovitav teha Crystal Ra-ga <strong>K\u00fclluse Konsultatsiooni<\/strong> coaching, kus on v\u00f5imalik teha \u00fclevaade just energeetiliselt kas ja kus teemad veel kinni on.<\/p>\r\n<!-- \/wp:paragraph --><!-- wp:paragraph -->\r\n<p><strong>K\u00fclluse Konsultatsiooni <\/strong>kestus on 1,5 tundi ja enne seanssi peab klient saatma oma k\u00fclluse blokkide testi tulemused emailile. <strong><a href=\"https:\/\/crystalralaksmi.com\/eesti\/tootedpakkumised\/kulluse-seikluskoolitus-unistuste-ellu-8-kuuga\/\">K\u00fclluse Konsultatsiooni <\/a><\/strong>maksumus on 120 eurot + 40 eurot rahamagnetid ja boonused - kokku 160 eurot.<\/p>\r\n<!-- \/wp:paragraph --><!-- wp:paragraph -->\r\n<p>Kui sul on olnud pikemalt k\u00fcllusega teemasid on soovitav osta pigem <strong><a href=\"https:\/\/crystalralaksmi.com\/eesti\/tootedpakkumised\/kulluse-seikluskoolitus-unistuste-ellu-8-kuuga\/\">K\u00fclluse Seikuskoolitus Unistuste Ellu<\/a> <\/strong>8-kuuline kursus kuna see l\u00e4heb v\u00e4ga s\u00fcgavuti k\u00fclluse teemadega.<\/p>\r\n<!-- \/wp:paragraph --><!-- wp:paragraph -->\r\n<p>Kui sa aga soovid saada \u00fclevaadet kust alustada ja millega pihta hakata siis v\u00f5ib <strong>K\u00fclluse Konsultatsioon<\/strong> olla midagi just sulle.<\/p>\r\n<!-- \/wp:paragraph --><!-- wp:paragraph -->\r\n<p>Anna teada kas ja kuidas saan olla sinu teejuhiks sinu unistuste teel!<\/p>\r\n<!-- \/wp:paragraph --><!-- wp:paragraph -->\r\n<p>Aloha,<\/p>\r\n<!-- \/wp:paragraph --><!-- wp:paragraph -->\r\n<p>Crystal Ra<\/p>\r\n<!-- \/wp:paragraph --><!-- wp:paragraph -->\r\n<p>\u00a0<\/p>\r\n<!-- \/wp:paragraph -->","_et_gb_content_width":"","footnotes":""},"class_list":["post-5190","page","type-page","status-publish","hentry"],"acf":[],"_links":{"self":[{"href":"https:\/\/crystalralaksmi.com\/eesti\/wp-json\/wp\/v2\/pages\/5190","targetHints":{"allow":["GET"]}}],"collection":[{"href":"https:\/\/crystalralaksmi.com\/eesti\/wp-json\/wp\/v2\/pages"}],"about":[{"href":"https:\/\/crystalralaksmi.com\/eesti\/wp-json\/wp\/v2\/types\/page"}],"author":[{"embeddable":true,"href":"https:\/\/crystalralaksmi.com\/eesti\/wp-json\/wp\/v2\/users\/1"}],"replies":[{"embeddable":true,"href":"https:\/\/crystalralaksmi.com\/eesti\/wp-json\/wp\/v2\/comments?post=5190"}],"version-history":[{"count":2,"href":"https:\/\/crystalralaksmi.com\/eesti\/wp-json\/wp\/v2\/pages\/5190\/revisions"}],"predecessor-version":[{"id":225132,"href":"https:\/\/crystalralaksmi.com\/eesti\/wp-json\/wp\/v2\/pages\/5190\/revisions\/225132"}],"wp:attachment":[{"href":"https:\/\/crystalralaksmi.com\/eesti\/wp-json\/wp\/v2\/media?parent=5190"}],"curies":[{"name":"wp","href":"https:\/\/api.w.org\/{rel}","templated":true}]}}