{"id":5393,"date":"2019-06-05T08:22:58","date_gmt":"2019-06-05T08:22:58","guid":{"rendered":"http:\/\/crystalralaksmi.com\/eesti\/?page_id=5393"},"modified":"2019-06-05T08:22:58","modified_gmt":"2019-06-05T08:22:58","slug":"kuldajastu-kuningannaks-kasvamise-kasiraamat-ehk-uue-ajastu-suhete-valemid","status":"publish","type":"page","link":"https:\/\/crystalralaksmi.com\/eesti\/tootedpakkumised\/kuldajastu-kuningannaks-kasvamise-kasiraamat-ehk-uue-ajastu-suhete-valemid\/","title":{"rendered":"Kuldajastu Kuningannaks Kasvamise K\u00e4siraamat &#8211; ehk Uue Ajastu Suhete Valemid"},"content":{"rendered":"<p>Antud raamatu sisukord kuulub autori\u00f5igusega <strong>Crystal Ra Laksmi-Dittonile<\/strong> ja kopeerimisele ei kuulu. Palun seda austada.<br \/>\nRaamat on t\u00f6\u00f6s olnud 11 aastat ja see on nagu Tallinna ehitamine ning tundub et ei saa kunagi valmis. Kuid kunagi tuleb sellele panna punkt ja sellega praegu tegelemegi.<br \/>\nMida aeg edasi seda enam on n\u00e4ha et sellist raamatut on v\u00e4ga paljudele just naistele vaja!!! Ja ei j\u00f5ua ju iga\u00fchega eraldi kohtumisi maha pidada. Seep\u00e4rast olekski vaja seda rohkem avalikumalt jagada.<br \/>\n<strong>Siin saad v\u00e4ikese \u00fclevaate uue raamatu sisukorrast, kuid raamatu \u00fcldine struktuur ja s\u00fcsteem v\u00f5ib veel viimastel redigeerimistel muutuda. V\u00e4ga palju inspiratsiooni, mis tuli Bo Easoni koolituselt on vaja n\u00fc\u00fcd integreerida, mis teeb selle raamatu veelgi paremaks.\u00a0<\/strong><br \/>\nPraegune t\u00f6\u00f6tamisel olev tiitel:<\/p>\n<p class=\"p1\"><span class=\"s1\"><strong>&#8216;Kuldajastu Kuningannaks Kasvamise K\u00e4siraamat &#8211; ehk Uue Ajastu Suhete Valemid&#8217;<\/strong><\/span><\/p>\n<p class=\"p1\"><span class=\"s1\">T\u00e4nud\u00a0<\/span><\/p>\n<p class=\"p1\"><span class=\"s1\">Eess\u00f5na\u00a0<\/span><\/p>\n<p class=\"p1\"><span class=\"s1\">Proloog\u00a0<\/span><\/p>\n<p class=\"p1\"><span class=\"s1\">Tupikust f\u00f6\u00f6niksina v\u00e4lja!\u00a0<\/span><\/p>\n<p class=\"p1\"><span class=\"s1\">\u00d5unad kukuvad k\u00e4nnust kaugele\u00a0<\/span><\/p>\n<p class=\"p1\"><span class=\"s1\">Telefonik\u00f5ne, mis andis uue elu\u00a0<\/span><\/p>\n<p class=\"p1\"><span class=\"s1\">Nelja kuuga elule uus vundament\u00a0<\/span><\/p>\n<p class=\"p1\"><span class=\"s1\">Kes on konnad, printsid, kuningad ja printsessid ning kuningannad?\u00a0<\/span><\/p>\n<p class=\"p1\"><span class=\"s1\">K\u00fclluse ratta n\u00e4gemus\u00a0<\/span><\/p>\n<p class=\"p1\"><span class=\"s1\">Vana ajastu suhete d\u00fcnaamika\u00a0<\/span><\/p>\n<p class=\"p1\"><span class=\"s1\">M\u00e4\u00e4ramata suhted\u00a0<\/span><\/p>\n<p class=\"p1\"><span class=\"s1\">Kollektiivteadvuse m\u00f5ju suhetele\u00a0<\/span><\/p>\n<p class=\"p1\"><span class=\"s1\">Sisenemine transiittsooni\u00a0<\/span><\/p>\n<p class=\"p1\"><span class=\"s1\">Suhete defineerimine\u00a0<\/span><\/p>\n<p class=\"p1\"><span class=\"s1\">Suhete l\u00f5petamised transiittsoonis\u00a0<\/span><\/p>\n<p class=\"p1\"><span class=\"s1\">Kes on sisemine perekond?\u00a0<\/span><\/p>\n<p class=\"p1\"><span class=\"s1\">2.1 Sisemise pere seos sinu lapsep\u00f5lvega\u00a0<\/span><\/p>\n<p class=\"p1\"><span class=\"s1\">2.2. Sisemise mehe roll\u00a0<\/span><\/p>\n<p class=\"p1\"><span class=\"s1\">2.3. Sisemise naise roll\u00a0<\/span><\/p>\n<p class=\"p1\"><span class=\"s1\">2.4. Sisemise lapse roll\u00a0<\/span><\/p>\n<p class=\"p1\"><span class=\"s1\">2.5. Sisemise perekonna sisemine koost\u00f6\u00f6\u00a0<\/span><\/p>\n<p class=\"p1\"><span class=\"s1\">2.6. Sisemise pere v\u00f5tmed\u00fcnaamika\u00a0<\/span><\/p>\n<p class=\"p1\"><span class=\"s1\">\u201cMina\u201d ja \u201cMeie\u201d platvormi loomise t\u00e4htsus \u00fcleminekul uue ajastu suhetesse\u00a0<\/span><\/p>\n<p class=\"p1\"><span class=\"s1\">3.1. \u201cMina platvormi\u201d ehitamine\u00a0<\/span><\/p>\n<p class=\"p1\"><span class=\"s1\">3.2. \u201cMeie platvormi\u201d ehitamine\u00a0<\/span><\/p>\n<p class=\"p1\"><span class=\"s1\">V\u00e4lise ja sisemise maailma vaheline sild\u00a0<\/span><\/p>\n<p class=\"p1\"><span class=\"s1\">Uue ajastu suhete multidimensionaalsus\u00a0<\/span><\/p>\n<p class=\"p1\"><span class=\"s1\">Armastus igas ilmakaares\u00a0<\/span><\/p>\n<p class=\"p1\"><span class=\"s1\">Teadlik kolmiksuhe \u2013 kaks naist ja \u00fcks mees\u00a0<\/span><\/p>\n<p class=\"p1\"><span class=\"s1\">Kohtumine oma sisemise mehega\u00a0<\/span><\/p>\n<p class=\"p1\"><span class=\"s1\">Meie oma muinasjutt\u00a0<\/span><\/p>\n<p class=\"p1\"><span class=\"s1\">Kahesuunalise liikluse algus\u00a0<\/span><\/p>\n<p class=\"p1\"><span class=\"s1\">Kahesuunalise liikluse t\u00e4ielik k\u00e4ivitus suhetes\u00a0<\/span><\/p>\n<p class=\"p1\"><span class=\"s1\">\u00dcmbers\u00f5it Guatemalasse\u00a0<\/span><\/p>\n<p class=\"p1\"><span class=\"s1\">5. \u201cKolme Mina\u201d ja Huna praktika\u00a0<\/span><\/p>\n<p class=\"p1\"><span class=\"s1\">5.1. Kes on \u201cKolm Mina\u201d ja kuidas on sellega seotud Huna praktika?\u00a0<\/span><\/p>\n<p class=\"p1\"><span class=\"s1\">5.2. Milline on K\u00f5rgema Mina ja sisemise naise seos?\u00a0<\/span><\/p>\n<p class=\"p1\"><span class=\"s1\">5.3. Milline on Keskmise Mina ja sisemise mehe seos?\u00a0<\/span><\/p>\n<p class=\"p1\"><span class=\"s1\">5.4. Madalama Mina ja sisemise lapse seos?\u00a0<\/span><\/p>\n<p class=\"p1\"><span class=\"s1\">5.5. V\u00e4lise perekonna muut(u)mine algab sisemisest muundumisest\u00a0<\/span><\/p>\n<p class=\"p1\"><span class=\"s1\">6. Sisemise pere ja Kolme Mina koosloome\u00a0<\/span><\/p>\n<p class=\"p1\"><span class=\"s1\">6.1. Lapsep\u00f5lve konteinerid\u00a0<\/span><\/p>\n<p class=\"p1\"><span class=\"s1\">6.2. Lapsep\u00f5lve haavad\u00a0<\/span><\/p>\n<p class=\"p1\"><span class=\"s1\">6.3. Kuidas aru saada, kas mingi haav on aktiivne?\u00a0<\/span><\/p>\n<p class=\"p1\"><span class=\"s1\">6.4. Mis juhtub siis, kui me oma haavadega teadlikult ei tegele?\u00a0<\/span><\/p>\n<p class=\"p1\"><span class=\"s1\">6.5. Kokkuv\u00f5te haavade teemast\u00a0<\/span><\/p>\n<p class=\"p1\"><span class=\"s1\">7. Abielu iseendaga \u2013 tee igavese \u00f5nneni\u00a0<\/span><\/p>\n<p class=\"p1\"><span class=\"s1\">7.1. Vundament uue aja armastusele\u00a0<\/span><\/p>\n<p class=\"p1\"><span class=\"s1\">7.2. Enesedeklaratsioon \u2013 sinu \u00f5nne p\u00f5hikiri\u00a0<\/span><\/p>\n<p class=\"p1\"><span class=\"s1\">7.3. Minu iseendaga abiellumise lugu\u00a0<\/span><\/p>\n<p class=\"p1\"><span class=\"s1\">7.4. Mida julgelt elamine v\u00f5ib luua?\u00a0<\/span><\/p>\n<p class=\"p1\"><span class=\"s1\">7.5. Kas v\u00e4lise mehe Michaeliga abiellumine on truudusemurdmine?\u00a0<\/span><\/p>\n<p class=\"p1\"><span class=\"s1\">7.6. Uue ajastu suhetes liituvad kaks sisemist perekonda\u00a0<\/span><\/p>\n<p class=\"p1\"><span class=\"s1\">8. Uue ajastu suhete d\u00fcnaamika\u00a0<\/span><\/p>\n<p class=\"p1\"><span class=\"s1\">8.1. Uue ajastu energiad\u00a0<\/span><\/p>\n<p class=\"p1\"><span class=\"s1\">8.2. Uue ajastu m\u00e4\u00e4ratud suhted\u00a0<\/span><\/p>\n<p class=\"p1\"><span class=\"s1\">8.3. Uue ajastu armastus\u00a0<\/span><\/p>\n<p class=\"p1\"><span class=\"s1\">8.4. Teadlikkuse partnerid\u00a0<\/span><\/p>\n<p class=\"p1\"><span class=\"s1\">8.5. Individuaalne elu\u00fclesanne\u00a0<\/span><\/p>\n<p class=\"p1\"><span class=\"s1\">8.6. Kaksikvaim\u00a0<\/span><\/p>\n<p class=\"p1\"><span class=\"s1\">8.7. Minu teekond kaksikvaimuni\u00a0<\/span><\/p>\n<p class=\"p1\"><span class=\"s1\">8.8 Globaalne elu\u00fclesanne\u00a0<\/span><\/p>\n<p class=\"p1\"><span class=\"s1\">8.9. Suhete multidimensionaalsuse avanemine\u00a0<\/span><\/p>\n<p class=\"p1\"><span class=\"s1\">8.10. Neli elementi uue ajastu suhetes\u00a0<\/span><\/p>\n<p class=\"p1\"><span class=\"s1\">8.11 Elementide avaldumine uue ajastu suhetes\u00a0<\/span><\/p>\n<p class=\"p1\"><span class=\"s1\">8.12. Elementide aktiivsuse olulisus uue ajastu suhetes\u00a0<\/span><\/p>\n<p class=\"p1\"><span class=\"s1\">8.13. Teadlikud \u201csuhtepuhkused\u201d uues ajas\u00a0<\/span><\/p>\n<p class=\"p1\"><span class=\"s1\">9. Uue aja tantra\u00a0<\/span><\/p>\n<p class=\"p1\"><span class=\"s1\">9.1. Energeetika uues ajas\u00a0<\/span><\/p>\n<p class=\"p1\"><span class=\"s1\">9.2. T\u00f6\u00f6 kolme uue energiakeskusega uue aja tantra kohaselt\u00a0<\/span><\/p>\n<p class=\"p1\"><span class=\"s1\">9.3. Seksuaalsus uues ajas\u00a0<\/span><\/p>\n<p class=\"p1\"><span class=\"s1\">9.4. Elemendid Uue Ajastu Tantras\u00a0<\/span><\/p>\n<p class=\"p1\"><span class=\"s1\">9.5. Vanade suhete puhastus uues ajas\u00a0<\/span><\/p>\n<p class=\"p1\"><span class=\"s1\">10. Kokkuv\u00f5te\u00a0<\/span><\/p>\n<p>**<br \/>\n<a href=\"https:\/\/crystalralaksmi.com\/eesti\/wp-content\/uploads\/2019\/05\/happy-san-diego-birthday-crystal-tuulest-viidud.jpg\"><img loading=\"lazy\" decoding=\"async\" class=\"alignleft size-medium wp-image-5366\" src=\"https:\/\/crystalralaksmi.com\/eesti\/wp-content\/uploads\/2019\/05\/happy-san-diego-birthday-crystal-tuulest-viidud-243x300.jpg\" alt=\"\" width=\"243\" height=\"300\" \/><\/a>Olen <strong>Crystal Ra Laksmi-Ditton<\/strong>. Just hiljuti tuli minu juurde \u00fcks naine, kes leidis minu FB live-i kus ma oma elulugusid pajatasin. Ta oli nii \u00fcllatunud ja imestanud et kuidas \u00fcks naine saab nii julge olla! Tema on elanud terve elu metsas ja pole kuhugi reisinud. Oma s\u00fcdames soovib ta ka rohkem reisida. Ta arvas et tal on vaja tulla minu m\u00f5nele s\u00fcndmusele ja mind ja Michaelit ise oma silmaga \u00fcle vaadata. Ja ta tuligi \u00fchele meie sisemise perekonna p\u00e4evasele koolitusele. See oli \u00fclivinge koolitus ja ta sai endale v\u00e4ga palju vastuseid ja taipamisi selle p\u00e4eva jooksul. Mul oli nii hea meel n\u00e4ha, et minu elu, minu lood oli kedagi teisel pool ekraani inspireeirnud ja mitte ainult &#8211; vaid et ta v\u00f5ttis ka jalad alla ja tuli kohale! Kui palju on neid kes seda teevad? Ikkagi \u00fcsna v\u00e4he! Ta tegutses ja oli valmis oma elu viima uuele tasandile l\u00e4bi nende kogemuste. Seep\u00e4rast mulle v\u00e4ga v\u00e4ga meeldib inimestega personaalselt suhelda ja ka LIVE k\u00f5nesid teha. See vahetu kontakt on midagi mida ei saa kunagi p\u00e4ris t\u00e4pselt selliselt kogeda l\u00e4bi interneti. Ja seep\u00e4rast ma ka teen mida ma teen &#8211; et inimesed mitte ainult ei korjaks inspiratsiooni nagu mesilased k\u00e4rjemett, vaid tuleksid ka kohale, saaks k\u00e4egakatsutava kogemuse ja siis toimetaksid selle k\u00f5igega ise edasi. On \u00fclim nauding seda teha! See pakub mulle r\u00f5\u00f5mu ja paneb mu s\u00fcdame laulma!<br \/>\nKui sa soovid toetada selle raamatu kiiremat ilmumist, v\u00f5ta minuga \u00fchendust <a href=\"httpss:\/\/www.facebook.com\/crystalralaksmiditton\">siin.<\/a><br \/>\nAloha ja imelist kulgemist su eluteel!<\/p>\n<span class=\"et_bloom_bottom_trigger\"><\/span>","protected":false},"excerpt":{"rendered":"<p>Antud raamatu sisukord kuulub autori\u00f5igusega Crystal Ra Laksmi-Dittonile ja kopeerimisele ei kuulu. Palun seda austada. Raamat on t\u00f6\u00f6s olnud 11 aastat ja see on nagu Tallinna ehitamine ning tundub et [&hellip;]<\/p>\n","protected":false},"author":1,"featured_media":224893,"parent":224785,"menu_order":0,"comment_status":"closed","ping_status":"closed","template":"","meta":{"_acf_changed":false,"_et_pb_use_builder":"","_et_pb_old_content":"","_et_gb_content_width":"","footnotes":""},"class_list":["post-5393","page","type-page","status-publish","has-post-thumbnail","hentry"],"acf":[],"_links":{"self":[{"href":"https:\/\/crystalralaksmi.com\/eesti\/wp-json\/wp\/v2\/pages\/5393","targetHints":{"allow":["GET"]}}],"collection":[{"href":"https:\/\/crystalralaksmi.com\/eesti\/wp-json\/wp\/v2\/pages"}],"about":[{"href":"https:\/\/crystalralaksmi.com\/eesti\/wp-json\/wp\/v2\/types\/page"}],"author":[{"embeddable":true,"href":"https:\/\/crystalralaksmi.com\/eesti\/wp-json\/wp\/v2\/users\/1"}],"replies":[{"embeddable":true,"href":"https:\/\/crystalralaksmi.com\/eesti\/wp-json\/wp\/v2\/comments?post=5393"}],"version-history":[{"count":0,"href":"https:\/\/crystalralaksmi.com\/eesti\/wp-json\/wp\/v2\/pages\/5393\/revisions"}],"up":[{"embeddable":true,"href":"https:\/\/crystalralaksmi.com\/eesti\/wp-json\/wp\/v2\/pages\/224785"}],"wp:featuredmedia":[{"embeddable":true,"href":"https:\/\/crystalralaksmi.com\/eesti\/wp-json\/wp\/v2\/media\/224893"}],"wp:attachment":[{"href":"https:\/\/crystalralaksmi.com\/eesti\/wp-json\/wp\/v2\/media?parent=5393"}],"curies":[{"name":"wp","href":"https:\/\/api.w.org\/{rel}","templated":true}]}}