{"id":6440,"date":"2020-12-04T05:47:37","date_gmt":"2020-12-04T05:47:37","guid":{"rendered":"https:\/\/naenshop.eu\/crystaltest\/?page_id=6440"},"modified":"2020-12-04T05:47:37","modified_gmt":"2020-12-04T05:47:37","slug":"kulluse-ja-eluulesannete-kiirkaivituse-kursuse-tutvustus","status":"publish","type":"page","link":"https:\/\/crystalralaksmi.com\/eesti\/kulluse-ja-eluulesannete-kiirkaivituse-kursuse-tutvustus\/","title":{"rendered":"K\u00fclluse ja Elu\u00fclesannete Kiirk\u00e4ivituse Kursuse tutvustus"},"content":{"rendered":"<p>Oktoobris 2020 toimus esimene <strong>K\u00fclluse ja Elu\u00fclesannete<\/strong>\u00a0<strong>Kiirk\u00e4ivituse\u00a0<\/strong>minikursus. Siin saad esmase info et v\u00e4lja selgitada kas see kursus on midagi sulle. Vaata l\u00e4bi k\u00f5ik k\u00fcsimused ja vastused ning kui sul on programmi suhtes lisak\u00fcsimusi, v\u00f5ta kindlasti \u00fchendust.<\/p>\n<p>Vaata siit l\u00fchidat \u00fclevaadet sisu ja ka osalejate tagasiside kohta kursust tutvustavast <strong><a href=\"https:\/\/youtu.be\/pHmoyEAa8o8\">videost siit:<\/a><\/strong><\/p>\n<p><b>? MIS ON OPTIMAALSEM PROGRAMMI L\u00c4BIMISE AEG?<\/b><\/p>\n<p>Sa v\u00f5id ise valida kas ja kui kiiresti antud programmi l\u00e4bid.<\/p>\n<p>Kui sa valid selle l\u00e4bi k\u00e4ia t\u00e4iesti iseseisvalt siis on mu soovitus siiski endale panna mingid t\u00e4htajad kuna vastasel juhul j\u00e4\u00e4b materjal lihtsalt seisma. On v\u00e4ga tark ka endale leida keegi p\u00f5nev kaasseikleja, kes on ka programmi ka endale ostnud, et saaksite koos ennast j\u00e4rjel hoida.<\/p>\n<p>Maksimaalne minimaalne aeg programmi l\u00e4bimiseks oleks<b>\u00a0viis n\u00e4dalat<\/b>\u00a0\u2013 nii nagu see oli ka originaalse testigrupiga, kellega sai tehtud l\u00e4bi LIVE k\u00f5ned. Kuid kui sa soovid \u2013 v\u00f5id ju v\u00f5tta \u00fche n\u00e4dala teemad ja v\u00f5tta selleks lausa kuu aega. See on sinu valik.<\/p>\n<p><b>? MILLISED ON PROGRAMMIGA LIITUMISE KOLM V\u00d5IMALUST?<\/b><\/p>\n<p><strong>1. Osta vaid iseseisvaks t\u00f6\u00f6ks online programm ja liituda ka privaatse FB grupiga<\/strong>. FB grupis n\u00e4ed mis olid aktuaalsed postitused ja ka kommentaarid sel ajal kui LIVE k\u00f5nede grupp oli aktiivne. Praegu grupp enam aktiivne ei ole, aga vahest v\u00f5ib keegi ikkagi ka m\u00f5ne postituse teema kohaselt teha et oma kogemusi jagada. Sul on see v\u00f5imalus, aga kohustust pole ja Crystal Ra ei ole kohustatud seal ka praegu aktiivselt vastama. See FB grupp annab sulle \u00fclevaate kas ja kuidas saad nende teemadega tegeleda ja kas ning kuidas teised sellega tegelesid. V\u00e4ga inspireeriv ja sinu kogemust rikastav.<\/p>\n<p><strong>2. Osta online programm, saa FB grupi liikmeks ja samuti osta veel juurde ka Crystal Ra personaalne coaching.<\/strong>\u00a0Sellisel juhul saad k\u00f5ik online materjalid k\u00e4tte ja sul on siis kokkuleppeliselt aega kas kuu aega v\u00f5i kaks ja selle aja jooksul paned kokku iga n\u00e4dala kirjat\u00f6\u00f6, mis siis kokkuv\u00f5tteks saadad Crystal Ra-le teatud ajaks ning seej\u00e4rel ta annab sulle video tagasiside.<\/p>\n<p><strong>T\u00e4psed tingimused selleks paketiks saadetakse osalejale konkreetselt enne algust.\u00a0<\/strong><\/p>\n<p><strong>3. V\u00f5ta t\u00e4ispaketi coaching Crystaliga<\/strong>\u00a0\u2013 mis t\u00e4hendab et saadad igal n\u00e4dalal sisse (viis n\u00e4dalat) oma kirjat\u00f6\u00f6 koos praktikate vastustega ning ta saadab sulle video tagasiside iga korra kohta (ehk siis 5 tagasisidet) ja sul on v\u00f5imalus samuti ka veel lisak\u00fcsimusi k\u00fcsida oma kirjat\u00f6\u00f6s. Kogu kuu l\u00f5pus tuleb veel lisaks ka \u00fcks 1 tunnine LIVE online coaching Crystal Ra-ga seonduvalt kui oled \u00e4ra teinud ka programmi eksami.<\/p>\n<p><strong>T\u00e4psed tingimused selleks paketiks saadetakse osalejale konkreetselt enne algust.<\/strong><\/p>\n<p><b>? MIS ON PROGRAMMI HINNAD?<\/b><\/p>\n<p>Programmi maksumus on praegu \u2013<\/p>\n<p><strong>a) M\u00e4rtsis 2021 \u2013 150 eurot online programm,<\/strong> kuid\u00a0mille tegelik v\u00e4\u00e4rtus ulatub 500 -1000 euroni<\/p>\n<p>b) Kui soovid lisa\u00a0<strong>coachingut Crystal Ra-ga koos tagasisidega su kirjat\u00f6\u00f6le (vaid \u00fche korra k\u00f5ige l\u00f5pus)<\/strong>\u00a0\u2013 siis selle v\u00e4\u00e4rtus on\u00a0<strong>praegu 100 eurot lisaks programmi hinnale\u00a0<\/strong>(tavav\u00e4\u00e4rtus sedasorti tagasisidel oleks iseenesest 150 eurot)<strong>.<\/strong><\/p>\n<p>c) T\u00e4ispaketi lisacoaching Crystal Ra-ga mis sisaldab 5 video tagasiside ja 1 LIVE online coaching sinuga on v\u00e4\u00e4rtusega\u00a0<strong>600 eurot lisaks.<\/strong><\/p>\n<p><b>Ehk siis kaks esimest v\u00f5imalust loob programmi j\u00e4tkuvaks tutvumishinnaks 250 eurot (150 + 100). Kui v\u00f5tad t\u00e4ispaketi siis on hinnaks 750 eurot (150 + 600).\u00a0<\/b><\/p>\n<p><strong>Jaanuarist 2022 selle programmi hinnad t\u00f5usevad.<\/strong><\/p>\n<p><strong>***<\/strong><\/p>\n<p><b>? MIS ON ANTUD PROGRAMMI TAUST?<\/b><\/p>\n<p>Crystal Ra on tegelenud energiate ja enesearenguga 25 aastat ja viimati on v\u00e4lja arendanud ka\u00a0<strong>Uue Aja Numeroloogia ja Energiat\u00f6\u00f6 minikursused ja Energiat\u00f6\u00f6 ja Energiav\u00f5imete Kiirk\u00e4ivituse kursused,<\/strong>\u00a0mis sobituvad v\u00e4ga h\u00e4sti antud programmiga kui edasij\u00f5udnute programmid. Crystal Ra on k\u00fcllusega tegelenud v\u00e4ga palju aastaid &#8211; nii terapeudi kui ka \u00e4rinaisena &#8211; tal on oma firmad olnud nii Eestis, Norras, kui ka Mehhikos ja praegu j\u00e4tkuvalt nii Eestis kui ka USAs. Lisaks ka Ettev\u00f5tlusjooga online koolitus (6 kuud), seej\u00e4rel<strong> Kiirtee Iseendasse<\/strong> online koolitus (12 kuud), siis <strong>K\u00fclluse Seikluskoolitus Unistuste Ellu<\/strong> (8 kuud) ja seej\u00e4rel tuli miniversioon et teemat tutvustada l\u00fchidalt kuna see v\u00f5tab ka fookusesse<strong> Sisemise Pere Arhet\u00fc\u00fcbid<\/strong> mis on uus v\u00f5imas coachingu programm, mis on andnud v\u00e4ga palju v\u00f5imsaid tulemusi viimase viie aasta jooksul.<\/p>\n<p><b>? KELLELE K\u00dcLLUSE JA ELU\u00dcLESANNETE KIIRK\u00c4IVITUSE PROGRAMM SOBIKS?<\/b><\/p>\n<p class=\"p1\"><span class=\"s1\">\u2013 Kui sa oled endaga juba natuke aega tegelenud ja oled uudishimulik antud kursuse teema suhtes<\/span><\/p>\n<p class=\"p1\"><span class=\"s1\">\u2013 Kui oled endaga juba pikemalt tegelenud aga tahad veelgi s\u00fcgavsukelduda<\/span><\/p>\n<p class=\"p1\"><span class=\"s1\">\u2013 Kui sa oled alustaja ja ka l\u00e4biviija ja l\u00f5petaja<\/span><\/p>\n<p class=\"p1\"><span class=\"s1\">\u2013 Kui sa oled just huvitatud Uue Aja K\u00fclluse ja Elu\u00fclesannete Kiirk\u00e4ivituse n\u00e4gemusest<\/span><\/p>\n<p class=\"p1\"><span class=\"s1\">\u2013 Kui sa juba tead v\u00f5i oled huvitatud Indigo-, Kristall- ja kuldenergiatest<\/span><\/p>\n<p class=\"p1\"><span class=\"s1\">\u2013 Kui oled s\u00fcndinud enne 1986. aastat ja su aura on transformeeritud Aura Mediaatori poolt<\/span><\/p>\n<p class=\"p1\"><span class=\"s1\">\u2013 Kui sa pole veel oma aurat transformeerinud, aga sul on m\u00f5ttes v\u00f5i huvi oma aurat tulevikus kaasajastada<\/span><\/p>\n<p class=\"p1\"><span class=\"s1\">\u2013 Sul pole m\u00f5ttes oma aurat kaasajastada, aga oled avatud meelega<\/span><\/p>\n<p class=\"p1\"><span class=\"s1\">\u2013 Oled avatud meele ja m\u00f5ttemaailmaga<\/span><\/p>\n<p class=\"p1\"><span class=\"s1\">\u2013 Crystal Ra kui teejuht heliseb sinuga ja oled tema suhtes s\u00f5bralikult meelestatud<\/span><\/p>\n<p class=\"p1\"><span class=\"s1\">\u2013 Usud et me ise saame m\u00f5jutada oma maailma l\u00e4bi oma m\u00f5tete, s\u00f5nade ja tegude ning pole ainult oma elu ja tingimuste ohvrid<\/span><\/p>\n<p class=\"p1\"><span class=\"s1\">\u2013 Oled huvitatud p\u00f5nevast n\u00e4htamatust maailmast ning soovid oskust seda rohkem t\u00f5lgendada ja lugeda ja iseenda elu jaoks kasutada<\/span><\/p>\n<p class=\"p1\"><span class=\"s1\">\u2013 Usud et n\u00e4htamatu maailm m\u00f5jutab n\u00e4htavat maailma ja saab sulle anda juhiseid su elu\u00fcelsannete ja k\u00fclluse kohta<\/span><\/p>\n<p class=\"p1\"><span class=\"s1\">\u2013 Usud et sul on olemas Sisemine Pere ja et nendega suhestudes ja koost\u00f6\u00f6d tehes saad muuta oma elu paremaks<\/span><\/p>\n<p class=\"p1\"><span class=\"s1\">\u2013 Oled pealehakkaja ja julgelt uudishimulik oma elus ja tegemistes<\/span><\/p>\n<p>\u2013 Sa soovid saada paremat \u00fclevaadet kas ja kuidas n\u00e4htamatu maailm sinuga suhtleb ja \u00f5ppida kuidas seda k\u00f5ike t\u00f5lgendada ja sellega paremini suhestuda<\/p>\n<p>\u2013 Sa soovid ennast paremini tundma \u00f5ppida<\/p>\n<p>\u2013 Sa oled huvitatud vaimsest enesearengust ja soovid seda teha s\u00fcgavuti ja Uue Aja Eneergiate taktis<\/p>\n<p>\u2013 Oled huvitatud Uue Aja Energiate toimimisest ja ka nippidest<\/p>\n<p>\u2013 Crystal Ra kui coach heliseb sinuga ja sa soovid saad selgemat \u00fclevaadet kuidas ta maailma n\u00e4eb ja selle vahendamist jagab Imelise kohtumiseni!<\/p>\n<p><strong>? MUL ON HUVI AGA TAHAKSIN EELNEVATE OSALEJATE TAGASISIDE KUULDA. KUS MA SAAN SEDA TEHA?<\/strong><\/p>\n<p><strong><a href=\"https:\/\/www.youtube.com\/watch?v=pHmoyEAa8o8&amp;feature=youtu.be\">Vaata seda videot siit:\u00a0<\/a><\/strong><\/p>\n<p>Sageli aitab kaasa kui me kuulame teiste inimeste kogemusi ja lugusid oma otsuste ja valikute tegemisel.<\/p>\n<p><strong>?MILLEGA TULEKS VEEL ARVESTADA?<\/strong><\/p>\n<p>Kui sa soetad programmi t\u00e4iesti individuaalse programmina v\u00f5iksid arvestada sellega et see n\u00f5uab palju p\u00fchendumist ja aega et sellega tegeleda ja selleks ka aega v\u00f5tta. Kui sa vaid vaatad videosid ja loed praktikate kohta infot \u2013 siis see sageli ei toimi. See on oma olemuselt ka \u00fcsnagi praktiline kursus \u2013 kus on vaja \u00f5pitu kohe ka praktikasse panna ja soovitan soojalt ka m\u00f5elda kasv\u00f5i \u00fche coachingu peale Crystal Ra-ga et saada kursusest maksimaalne kogemus.<\/p>\n<p><strong>? OLEN HUVITATUD. MIS ON J\u00c4RGMINE SAMM?\u00a0<\/strong><\/p>\n<p>Kuna kogu materjal on alles \u00fclesse panekul meie rahvusvahelisel Kajabi platvormil, siis me ajutiselt pakume huvilistel v\u00f5imalust teha kanne meie\u00a0<strong>Eesti firma arvele\u00a0O\u00fc New Flow<\/strong>\u00a0 EE552200221039028272 m\u00e4rkega K\u00fclluse Kiirk\u00e4ivituse kursus. Peale makset saada maksekoopia emailiga\u00a0<strong>crystalralaksmi@gmail.com<\/strong>\u00a0ja v\u00f5ta temaga \u00fchendust ka<strong><a href=\"https:\/\/www.facebook.com\/crystalralaksmiditton\">\u00a0FB messengeris siit<\/a>\u00a0kuna vahest l\u00e4hevad uute inimeste emailid sp\u00e4mmi. Kui oled makse \u00e4ra kinnitanud, saad ligip\u00e4\u00e4su programmi online materjalidele ja videodele ning praktikatele.<\/strong><\/p>\n<p>Kui sa soovid oma firmale arvet, v\u00f5ta ka \u00fchendust.<\/p>\n<p>Kui sul tekib ka lisak\u00fcsimusi antud programmi kohta siis emaili siin antud emailile:\u00a0<strong>crystalralaksmi@gmail.com<\/strong><\/p>\n<p>Meie eestikeelse kodulehe e-pood on samuti tegemisel. Ait\u00e4h kannatlikkuse eest.<\/p>\n<p>Imelist toimetamist imelises numbrite maailmas!<\/p>\n<p><a href=\"https:\/\/crystalralaksmi.com\/eesti\/wp-content\/uploads\/2020\/08\/aloha-crystal-lei.jpg\"><img loading=\"lazy\" decoding=\"async\" class=\"alignleft size-medium wp-image-6273\" src=\"https:\/\/crystalralaksmi.com\/eesti\/wp-content\/uploads\/2020\/08\/aloha-crystal-lei-300x300.jpg\" sizes=\"auto, (max-width: 300px) 100vw, 300px\" srcset=\"https:\/\/crystalralaksmi.com\/eesti\/wp-content\/uploads\/2020\/08\/aloha-crystal-lei-300x300.jpg 300w, https:\/\/crystalralaksmi.com\/eesti\/wp-content\/uploads\/2020\/08\/aloha-crystal-lei-150x150.jpg 150w, https:\/\/crystalralaksmi.com\/eesti\/wp-content\/uploads\/2020\/08\/aloha-crystal-lei.jpg 759w\" alt=\"\" width=\"300\" height=\"300\" \/><\/a>Olgu aloha alati sinuga,<\/p>\n<p>Crystal Ra<\/p>\n<p>San Diego, California<\/p>\n<div id=\"mx-toolbar\" class=\"w3eden\"><\/div>\n<p>&nbsp;<\/p>\n<p>&nbsp;<\/p>\n<p>&nbsp;<\/p>\n<p>&nbsp;<\/p>\n<div id=\"mx-toolbar\" class=\"w3eden\"><\/div>\n<span class=\"et_bloom_bottom_trigger\"><\/span>","protected":false},"excerpt":{"rendered":"<p>Oktoobris 2020 toimus esimene K\u00fclluse ja Elu\u00fclesannete\u00a0Kiirk\u00e4ivituse\u00a0minikursus. Siin saad esmase info et v\u00e4lja selgitada kas see kursus on midagi sulle. Vaata l\u00e4bi k\u00f5ik k\u00fcsimused ja vastused ning kui sul on [&hellip;]<\/p>\n","protected":false},"author":5,"featured_media":6441,"parent":0,"menu_order":0,"comment_status":"closed","ping_status":"closed","template":"","meta":{"_acf_changed":false,"_et_pb_use_builder":"","_et_pb_old_content":"","_et_gb_content_width":"","footnotes":""},"class_list":["post-6440","page","type-page","status-publish","has-post-thumbnail","hentry"],"acf":[],"_links":{"self":[{"href":"https:\/\/crystalralaksmi.com\/eesti\/wp-json\/wp\/v2\/pages\/6440","targetHints":{"allow":["GET"]}}],"collection":[{"href":"https:\/\/crystalralaksmi.com\/eesti\/wp-json\/wp\/v2\/pages"}],"about":[{"href":"https:\/\/crystalralaksmi.com\/eesti\/wp-json\/wp\/v2\/types\/page"}],"author":[{"embeddable":true,"href":"https:\/\/crystalralaksmi.com\/eesti\/wp-json\/wp\/v2\/users\/5"}],"replies":[{"embeddable":true,"href":"https:\/\/crystalralaksmi.com\/eesti\/wp-json\/wp\/v2\/comments?post=6440"}],"version-history":[{"count":1,"href":"https:\/\/crystalralaksmi.com\/eesti\/wp-json\/wp\/v2\/pages\/6440\/revisions"}],"predecessor-version":[{"id":225881,"href":"https:\/\/crystalralaksmi.com\/eesti\/wp-json\/wp\/v2\/pages\/6440\/revisions\/225881"}],"wp:featuredmedia":[{"embeddable":true,"href":"https:\/\/crystalralaksmi.com\/eesti\/wp-json\/"}],"wp:attachment":[{"href":"https:\/\/crystalralaksmi.com\/eesti\/wp-json\/wp\/v2\/media?parent=6440"}],"curies":[{"name":"wp","href":"https:\/\/api.w.org\/{rel}","templated":true}]}}