{"id":225854,"date":"2021-09-25T16:42:20","date_gmt":"2021-09-25T13:42:20","guid":{"rendered":"https:\/\/crystalralaksmi.com\/eesti\/?post_type=product&#038;p=225854"},"modified":"2021-09-29T21:15:23","modified_gmt":"2021-09-29T18:15:23","slug":"wildfit-90-paevane-koolitus-ettemaks","status":"publish","type":"product","link":"https:\/\/crystalralaksmi.com\/eesti\/product\/wildfit-90-paevane-koolitus-ettemaks\/","title":{"rendered":"Wildfit 90 p\u00e4evane koolitus (ettemaks)"},"content":{"rendered":"<p>Alates detsembrist 2020 on Crystal Ra olnud Wildfiti maailmas. Esmalt sai l\u00e4bitud Wildfiti 90-p\u00e4evane katsumus, seej\u00e4rel toetatud teistkordselt l\u00e4bides ka oma abikaasat Michaelit ning samaaegselt olles ka globaalse v\u00e4ljakutse osaleja sai Crystal Ra nii palju innustust et otsustas selle teekonnaga s\u00fcgavamale minna. Et seda veelgi rohkem toetada \u2013 pakkus ta v\u00e4lja oma abi iseenda Wildfit Coachile \u2013 Harri Parkerile. Harrit toetas Crystal Ra Fb grupis ja samaaegselt h\u00fcppas siis koheselt ka Wildfiti Coachide programmi. Suvel 2021 l\u00e4bis Crystal Ra lisaks ka uue globaalse Wildfiti v\u00e4ljakutse ning samal ajal oli ka omal initsiatiivil Wildfiti Coachide mastermindi grupi juht. Lisaks osaleb ta sageli ka Living Wildfiti kogukonnas ja on v\u00e4ga aktiivne Wildfiti f\u00e4nn.<\/p>\n<p>Oma esmase Wildfiti pilootprojekti l\u00e4biviimisel oli Crystal Ra-l juba neljakordne Wildfiti kogemus. Seda on v\u00e4ga v\u00e4hestel alustavatel Wildfiti coachidel. Lisaks on Crystal Ra olnud ka coach \u00fcle 20 aasta \u2013 nii et kliendid saavad olema heades k\u00e4tes.<\/p>\n<span class=\"et_bloom_bottom_trigger\"><\/span>","protected":false},"excerpt":{"rendered":"<p>Alates detsembrist 2020 on Crystal Ra olnud Wildfiti maailmas. Esmalt sai l\u00e4bitud Wildfiti 90-p\u00e4evane katsumus, seej\u00e4rel toetatud teistkordselt l\u00e4bides ka oma abikaasat Michaelit ning samaaegselt olles ka globaalse v\u00e4ljakutse osaleja [&hellip;]<\/p>\n","protected":false},"featured_media":225876,"comment_status":"open","ping_status":"closed","template":"","meta":{"_acf_changed":false,"_et_pb_use_builder":"","_et_pb_old_content":"","_et_gb_content_width":""},"product_cat":[1351],"product_tag":[],"class_list":{"0":"post-225854","1":"product","2":"type-product","3":"status-publish","4":"has-post-thumbnail","6":"product_cat-kajabi","8":"first","9":"instock","10":"shipping-taxable","11":"purchasable","12":"product-type-simple"},"acf":[],"_links":{"self":[{"href":"https:\/\/crystalralaksmi.com\/eesti\/wp-json\/wp\/v2\/product\/225854","targetHints":{"allow":["GET"]}}],"collection":[{"href":"https:\/\/crystalralaksmi.com\/eesti\/wp-json\/wp\/v2\/product"}],"about":[{"href":"https:\/\/crystalralaksmi.com\/eesti\/wp-json\/wp\/v2\/types\/product"}],"replies":[{"embeddable":true,"href":"https:\/\/crystalralaksmi.com\/eesti\/wp-json\/wp\/v2\/comments?post=225854"}],"wp:featuredmedia":[{"embeddable":true,"href":"https:\/\/crystalralaksmi.com\/eesti\/wp-json\/wp\/v2\/media\/225876"}],"wp:attachment":[{"href":"https:\/\/crystalralaksmi.com\/eesti\/wp-json\/wp\/v2\/media?parent=225854"}],"wp:term":[{"taxonomy":"product_cat","embeddable":true,"href":"https:\/\/crystalralaksmi.com\/eesti\/wp-json\/wp\/v2\/product_cat?post=225854"},{"taxonomy":"product_tag","embeddable":true,"href":"https:\/\/crystalralaksmi.com\/eesti\/wp-json\/wp\/v2\/product_tag?post=225854"}],"curies":[{"name":"wp","href":"https:\/\/api.w.org\/{rel}","templated":true}]}}