{"id":226274,"date":"2022-08-31T01:13:18","date_gmt":"2022-08-30T22:13:18","guid":{"rendered":"https:\/\/crystalralaksmi.com\/eesti\/?post_type=product&#038;p=226274"},"modified":"2023-02-01T23:03:59","modified_gmt":"2023-02-01T21:03:59","slug":"tervise-taaskaivituse-valjakutse-2","status":"publish","type":"product","link":"https:\/\/crystalralaksmi.com\/eesti\/product\/tervise-taaskaivituse-valjakutse-2\/","title":{"rendered":"Tervise Taask\u00e4ivituse V\u00e4ljakutse"},"content":{"rendered":"<p>Siit saad teha oma esimesed sammud oma Tervise Taask\u00e4ivituseks. Nii lihtsad ja nii elumuutvad. Antud v\u00e4ljakutse eesm\u00e4rk on anda sulle kogemus mismoodi su elu v\u00f5ib muutuda lihtsate sammudega oma tervise poole. Vaid need 5 sammu v\u00f5ivad anda sulle juba v\u00f5imaluse ehitada \u00fclesse uus tervis uutel alustelgedel.<\/p>\n<span class=\"et_bloom_bottom_trigger\"><\/span>","protected":false},"excerpt":{"rendered":"<p><strong>Antud toode on virtuaalne ja sisaldab iseseisvaks \u00f5ppeks juhiseid ja materjale. <\/strong><\/p>\n<p><strong>Selles tootes sisaldub:<\/strong><\/p>\n<ul>\n<li>Viis Sammu Tervise Taask\u00e4ivituseks PDF juhistega<\/li>\n<li>Viie Sammu juhis videod &#8211; neli neist koos grupi coachinguga<\/li>\n<li>Boonus Video &#8211; programmi kokkuv\u00f5te ja esimese grupi tagasiside<\/li>\n<li>Boonus Video &#8211; Podcasti formaadi kokkuv\u00f5te<\/li>\n<li>Kehakonteineri n\u00e4dala graafik<\/li>\n<li>Kehakonteineri kuu graafik<\/li>\n<li>FB grupp<\/li>\n<li>Lisa boonus videod + postitused Fb grupis v\u00e4ljakutselt jaanuaris 2023<\/li>\n<\/ul>\n","protected":false},"featured_media":226275,"comment_status":"open","ping_status":"closed","template":"","meta":{"_acf_changed":false,"_et_pb_use_builder":"","_et_pb_old_content":"","_et_gb_content_width":""},"product_cat":[1352],"product_tag":[],"class_list":{"0":"post-226274","1":"product","2":"type-product","3":"status-publish","4":"has-post-thumbnail","6":"product_cat-montonio","8":"first","9":"instock","10":"shipping-taxable","11":"purchasable","12":"product-type-simple"},"acf":[],"_links":{"self":[{"href":"https:\/\/crystalralaksmi.com\/eesti\/wp-json\/wp\/v2\/product\/226274","targetHints":{"allow":["GET"]}}],"collection":[{"href":"https:\/\/crystalralaksmi.com\/eesti\/wp-json\/wp\/v2\/product"}],"about":[{"href":"https:\/\/crystalralaksmi.com\/eesti\/wp-json\/wp\/v2\/types\/product"}],"replies":[{"embeddable":true,"href":"https:\/\/crystalralaksmi.com\/eesti\/wp-json\/wp\/v2\/comments?post=226274"}],"wp:featuredmedia":[{"embeddable":true,"href":"https:\/\/crystalralaksmi.com\/eesti\/wp-json\/wp\/v2\/media\/226275"}],"wp:attachment":[{"href":"https:\/\/crystalralaksmi.com\/eesti\/wp-json\/wp\/v2\/media?parent=226274"}],"wp:term":[{"taxonomy":"product_cat","embeddable":true,"href":"https:\/\/crystalralaksmi.com\/eesti\/wp-json\/wp\/v2\/product_cat?post=226274"},{"taxonomy":"product_tag","embeddable":true,"href":"https:\/\/crystalralaksmi.com\/eesti\/wp-json\/wp\/v2\/product_tag?post=226274"}],"curies":[{"name":"wp","href":"https:\/\/api.w.org\/{rel}","templated":true}]}}