{"id":226358,"date":"2022-10-25T05:44:56","date_gmt":"2022-10-25T02:44:56","guid":{"rendered":"https:\/\/crystalralaksmi.com\/eesti\/?post_type=product&#038;p=226358"},"modified":"2023-01-02T23:00:23","modified_gmt":"2023-01-02T21:00:23","slug":"edu-lainetes-surfamise-kaivitamise-online-mangutuba","status":"publish","type":"product","link":"https:\/\/crystalralaksmi.com\/eesti\/product\/edu-lainetes-surfamise-kaivitamise-online-mangutuba\/","title":{"rendered":"Edu Lainetes Surfamise K\u00e4ivitus"},"content":{"rendered":"<p>Kui sa ostad selle toote &#8211; siis saad juba 1. jaanuaril 2023 aastal olla t\u00e4iesti hoos ja ei pea enam k\u00e4ivitamisega venitama. Lisaks saad ka palju boonuseid.<\/p>\n<p>See v\u00f5ib tunduda utoopia &#8211; kuna hinnad t\u00f5usevad, elektrihindadega on t\u00e4iesti jama Eestis, samuti palgad ei t\u00f5use.<\/p>\n<p>Mis Edust me r\u00e4\u00e4gime? Edu on alati v\u00f5imallik. Edu on nagu p\u00e4ike. Ta on alati olemas &#8211; iseasi kus meie ise asume &#8211; ja mis ilma oma keha, meele ja vaimuga v\u00e4lja v\u00f5lume?<\/p>\n<p><strong>Selles tootes saad 4 tunnise m\u00e4ngutoa video ja lisaks palju lisaboonuseid.<\/strong><\/p>\n<p>&#8211; Mida t\u00e4hendab Taotluse ja Taotlusk\u00fcsimusega Elu? Mida see muudab?<\/p>\n<p>Kas ja mida t\u00e4hendab see Uue Aja Energiate kohaselt?<\/p>\n<p>&#8211; Kuidas saab protsessi aidata ja toetada K\u00fclluse Ratta s\u00fcsteem (seksuaalsus, suhted, tervis, Elu Missioon, Holistiline K\u00fcllus).<\/p>\n<p>&#8211; Miks on oluline teha praeguse aasta kaardistus ja kokkuv\u00f5te enne kui alustad uute taotluste ja sihtm\u00e4rkide paikapanemist?<\/p>\n<p>&#8211; Mismoodi elada oma elu ilma tahtej\u00f5u punnitamiseta ja nii et t\u00f5esti tundub et Universum on su parim koost\u00f6\u00f6partner?<\/p>\n<p>&#8211; Kuidas saab tulevik meid praeguses olevikus aidata liikuda kergemini tulevikku?<\/p>\n<p>&#8211; Mis rolli m\u00e4ngivad harjumused ja rituaalid meie tuleviku tee sillutamisel ja mis on esmased sammud sellel teel?<\/p>\n<p>&#8211; Miks on oluline oma Unistuste Elu loomisel saada paika oma Keha, Meel ja Vaim?<\/p>\n<p>&#8211; Miks on oluline oma protsessidesse kaasata vastutuspartnereid?<\/p>\n<p>&#8211; Kuhu ja miks j\u00e4\u00e4vad veel meie unistused kinni?<\/p>\n<p>&#8211; Kuidas m\u00f5jutavad kogu protsessi meie Sisemised Sabot\u00f6\u00f6rid?<\/p>\n<p>&#8211; Kas ja kuidas saab aja ja elu planeerimisel aidata meid meie Sisemise Pere Arhet\u00fc\u00fcbid?<\/p>\n<p>&#8211; Grupi meditatsioon<\/p>\n<p><strong>Tootega lisandub 1 l\u00e4bimurde seanss &#8211; kui toode ostetakse enne 31. jaanuarit 2022 ja oma aeg pannakse kirja minu online kalendris hiljemalt 31.12.2022<a href=\"https:\/\/calendly.com\/coachcrystalra\/60\"> siin\u00a0<\/a><\/strong><\/p>\n<p><strong>Videos\u00fcndmusega kaasnevad j\u00e4rgnevad boonused (v\u00e4\u00e4rtuses 4000 eurot!!!):\u00a0<\/strong><\/p>\n<ul>\n<li style=\"list-style-type: none;\">\n<ul>\n<li><strong>Sisemise Pere Arhet\u00fc\u00fcpide Meditatsioon<\/strong>\u00a0\u2013 aitab sul kohtuda oma Sisemise Lapse, Sisemise Naise ja Sisemise Mehega ning nendega uutmoodi suhtlemist alustada<\/li>\n<li><strong>Aarete Laeka Meditatsioon<\/strong>\u00a0\u2013 kuidas julgusega oma Elu Missiooni looma hakata<\/li>\n<li><strong>Miljon\u00e4ri 20 v\u00f5tit edule PDF<\/strong><\/li>\n<li><strong>Tasuta Toote Loomise PDF<\/strong><\/li>\n<li><strong>Uue Ajastu V\u00f5lurite Kursus \u2013 PDF<\/strong><\/li>\n<li><strong>Kuidas luua oma elu l\u00e4bi Holistilise K\u00fclluse spektrumi<\/strong>\u00a0\u2013 31 p\u00e4evase v\u00e4ljakutse videod ja t\u00f6\u00f6lehed (ca 15+ tundi videosid ja 31 t\u00f6\u00f6lehte)<\/li>\n<li><strong>Vajadused Uues ja Vanas Ajas PDF<\/strong><\/li>\n<li><strong>Sabot\u00f6\u00f6ride Meistriklassi tutvustus<\/strong><a href=\"https:\/\/youtu.be\/8mAG5ZvMSwc\">:<\/a><\/li>\n<li>Imelist maiustamist!<br \/>\nCrystal Ra<\/li>\n<\/ul>\n<\/li>\n<\/ul>\n<ul>\n<li style=\"list-style-type: none;\"><\/li>\n<\/ul>\n<span class=\"et_bloom_bottom_trigger\"><\/span>","protected":false},"excerpt":{"rendered":"<p>Kui sa registreerid sellele tootele &#8211; saad otse oma postkasti s\u00fcndmuse Zoomi k\u00f5ne lingi. Ole hea ja jaga selle toote linki teistega keda soovid s\u00fcndmusele kutsuda &#8211; nii saavad ka nemad s\u00fcndmusele konkreetselt registreeritud.<\/p>\n<p>Lisainfot saad crystalralaksmi@gmail.com aadressilt.<\/p>\n<p>&nbsp;<\/p>\n","protected":false},"featured_media":226481,"comment_status":"open","ping_status":"closed","template":"","meta":{"_acf_changed":false,"_et_pb_use_builder":"","_et_pb_old_content":"","_et_gb_content_width":""},"product_cat":[1352],"product_tag":[],"class_list":{"0":"post-226358","1":"product","2":"type-product","3":"status-publish","4":"has-post-thumbnail","6":"product_cat-montonio","8":"first","9":"instock","10":"shipping-taxable","11":"purchasable","12":"product-type-simple"},"acf":[],"_links":{"self":[{"href":"https:\/\/crystalralaksmi.com\/eesti\/wp-json\/wp\/v2\/product\/226358","targetHints":{"allow":["GET"]}}],"collection":[{"href":"https:\/\/crystalralaksmi.com\/eesti\/wp-json\/wp\/v2\/product"}],"about":[{"href":"https:\/\/crystalralaksmi.com\/eesti\/wp-json\/wp\/v2\/types\/product"}],"replies":[{"embeddable":true,"href":"https:\/\/crystalralaksmi.com\/eesti\/wp-json\/wp\/v2\/comments?post=226358"}],"wp:featuredmedia":[{"embeddable":true,"href":"https:\/\/crystalralaksmi.com\/eesti\/wp-json\/wp\/v2\/media\/226481"}],"wp:attachment":[{"href":"https:\/\/crystalralaksmi.com\/eesti\/wp-json\/wp\/v2\/media?parent=226358"}],"wp:term":[{"taxonomy":"product_cat","embeddable":true,"href":"https:\/\/crystalralaksmi.com\/eesti\/wp-json\/wp\/v2\/product_cat?post=226358"},{"taxonomy":"product_tag","embeddable":true,"href":"https:\/\/crystalralaksmi.com\/eesti\/wp-json\/wp\/v2\/product_tag?post=226358"}],"curies":[{"name":"wp","href":"https:\/\/api.w.org\/{rel}","templated":true}]}}