{"id":226421,"date":"2022-11-25T04:33:32","date_gmt":"2022-11-25T02:33:32","guid":{"rendered":"https:\/\/crystalralaksmi.com\/eesti\/?post_type=product&#038;p=226421"},"modified":"2024-12-06T23:21:33","modified_gmt":"2024-12-06T21:21:33","slug":"musta-reede-pakett","status":"publish","type":"product","link":"https:\/\/crystalralaksmi.com\/eesti\/product\/musta-reede-pakett\/","title":{"rendered":"Musta Reede pakett &#8211; Kvanttervise Kiirk\u00e4ivitus, kaalu langetus &#038; Edu Lainetes Surfamise valemid ja 1 tunnine online l\u00e4bimurde seanss Crystal Ra-ga &#8211; Hind 111 eurot &#8211; kogu paketi v\u00e4\u00e4rtus 1100 eurot"},"content":{"rendered":"<p><strong>Antud paketiga saad super diili:\u00a0<\/strong><\/p>\n<ol>\n<li><strong>Kvanttervise Kiirk\u00e4ivitus, Kaalu Langetuse online ise\u00f5ppe koolitus koos grupicoachingu videoga<\/strong> (2 tundi ja 42 min) (V\u00e4\u00e4rtus 300 + eurot)<\/li>\n<li><strong>Edu Lainetes Surfamise online ise\u00f5ppe koolitus &#8211; kuidas luua oma Unistuste Aasta &#8211; koos grupicoachingu videoga<\/strong> (3 tundi ja 52 min)\u00a0 (V\u00e4\u00e4rtus 500 + eurot)<\/li>\n<li><strong>1 tund L\u00e4bimurde online seanss personaalselt koos Crystal Ra-ga<\/strong> koos seansi video, m\u00e4rkmete ja soovitustega j\u00e4rgnevaks 30ks p\u00e4evaks koos l\u00f5pu kokkuv\u00f5tte saatmise v\u00f5imalusega (V\u00e4\u00e4rtus 300 + eurot). Seanss tuleb tellida ja \u00e4ra teha detsembrikuu jooksul.<\/li>\n<\/ol>\n<p><strong>Kasuta v\u00f5imalust! Pakkumine vaid 111 euroga on j\u00f5us vaid kuni 5.12.2024<\/strong><\/p>\n<p>** Lisa \u00fclevaade toote sisust:<\/p>\n<ol>\n<li><strong>Kvanttervise Kiirk\u00e4ivitus, Kaalu Langetuse online ise\u00f5ppe koolitus koos grupicoachingu videoga<\/strong><\/li>\n<\/ol>\n<p>Antud s\u00fcndmus toimus 29. m\u00e4rtsil 2022 et tutvustada imelist raamatut\u00a0\u00a0<strong>Doktor Leann Fritzilt &#8220;Kvantum Kaalu Kaotuse Valem&#8221;<\/strong>\u00a0T\u00f5de kuidas s\u00f5nad saavad m\u00e4\u00e4ravaks su kaaluga nii nagu ka tutvustada kergelt WILDFIT 90 programmi.<\/p>\n<p><strong>Teemadena k\u00e4ime l\u00e4bi:<\/strong><\/p>\n<p>&#8211; Mis on tervise definitsioon?<\/p>\n<p>&#8211; Kust tuleb energia?<\/p>\n<p>&#8211; Rakkude osat\u00e4htsus tervise t\u00f6\u00f6s<\/p>\n<p>&#8211; Kes on kvantuminimene?<\/p>\n<p>&#8211; Mis on Kvanttervis?<\/p>\n<p>&#8211; Mis asi on Healy ja Timewaver?<\/p>\n<p>&#8211; Mis on kaalulangetuse m\u00fc\u00fcdid<\/p>\n<p>&#8211; Holistilised kaalu langetamise elemendid<\/p>\n<p>&#8211; Kaalu langetamise lisa h\u00e4kid ja soovitused<\/p>\n<p>&#8211; S\u00f6\u00f6mise ja toitumise kaardistamine<\/p>\n<p>&#8211; Mis on toitumise kuldreegel?<\/p>\n<p>&#8211; Mida arvata loomsetest toitudest?<\/p>\n<p>&#8211; Keto dieedi n\u00e4ide<\/p>\n<p>&#8211; Toidukordade ajad ja miks sa s\u00f6\u00f6d?<\/p>\n<p>&#8211; M\u00fcrgid<\/p>\n<p>&#8211; Rafineeritud suhkur<\/p>\n<p>&#8211; Head rasvad?<\/p>\n<p>&#8211; Aeg \u00f5livahetuseks?<\/p>\n<p>&#8211; Sool<\/p>\n<p>&#8211; Treenimine<\/p>\n<p>&#8211; Hormoonid &#8211; maks ja sapp<\/p>\n<p>&#8211; Kilpn\u00e4\u00e4rme teemad<\/p>\n<p>&#8211; Leptiini resistentsus ja \u00f6strogeen<\/p>\n<p>&#8211; Energiav\u00e4lja segajad<\/p>\n<p>&#8211; Stress ja emotsioonid<\/p>\n<p>&#8211; Optimaalne dieet dr Leann Fritzi soovitusel<\/p>\n<p>&#8211; Rohesmuuti eelised<\/p>\n<p>&#8211; NLP aktiivse kasutamsie n\u00e4ide<\/p>\n<p>&#8211; Kvanttervise kaalulangetuse 5 sammu<\/p>\n<p>&#8211; Tervise Taask\u00e4ivituse 5 sammu<\/p>\n<p>&#8211; Kuidas osta Leann-i raamatut?<\/p>\n<p>&#8211; Kui oleks huvi sarnast toitumist proovida &#8211; kas ja kuidas saaks WILDFIT 90 aidata?<\/p>\n<p>&#8211; J\u00e4rgmised sammud<\/p>\n<p><strong>2. Edu Lainetes Surfamise valemid:\u00a0<\/strong><\/p>\n<p>M\u00f5nus pea neljatunnine maraton koos p\u00f5nevate grupi coachingu n\u00e4idete ja massiivselt mahlaka materjaliga kuidas oma aastat teistmoodi luua;)<\/p>\n<p>&#8211; Mida t\u00e4hendab Taotluse ja Taotlusk\u00fcsimusega Elu? Mida see muudab? Kas ja mida t\u00e4hendab see Uue Aja Energiate kohaselt?<\/p>\n<p>&#8211; Kuidas saab protsessi aidata ja toetada K\u00fclluse Ratta s\u00fcsteem (seksuaalsus, suhted, tervis, Elu Missioon, Holistiline K\u00fcllus).<\/p>\n<p>&#8211; Miks on oluline teha praeguse aasta kaardistus ja kokkuv\u00f5te enne kui alustad uute taotluste ja sihtm\u00e4rkide paikapanemist?<\/p>\n<p>&#8211; Mismoodi elada oma elu ilma tahtej\u00f5u punnitamiseta ja nii et t\u00f5esti tundub et Universum on su parim koost\u00f6\u00f6partner?<\/p>\n<p>&#8211; Kuidas saab tulevik meid praeguses olevikus aidata liikuda kergemini tulevikku?<\/p>\n<p>&#8211; Mis rolli m\u00e4ngivad harjumused ja rituaalid meie tuleviku tee sillutamisel ja mis on esmased sammud sellel teel?<\/p>\n<p>&#8211; Miks on oluline oma Unistuste Elu loomisel saada paika oma Keha, Meel ja Vaim?<\/p>\n<p>&#8211; Miks on oluline oma protsessidesse kaasata vastutuspartnereid?<\/p>\n<p>&#8211; Kuhu ja miks j\u00e4\u00e4vad veel meie unistused kinni?<\/p>\n<p>&#8211; Kuidas m\u00f5jutavad kogu protsessi meie Sisemised Sabot\u00f6\u00f6rid?<\/p>\n<p>&#8211; Kas ja kuidas saab aja ja elu planeerimisel aidata meid meie Sisemise Pere Arhet\u00fc\u00fcbid?<\/p>\n<p>&#8211; Grupi meditatsioon<\/p>\n<p><strong>3. L\u00e4bimurde Seansil minuga saad ise valida teema v\u00f5i teemad kus sa tunned vajad l\u00e4bimurret v\u00f5i edasiliikumist.<\/strong> Koost\u00f6\u00f6s minuga saad j\u00e4rgmised sammud kuidas tupikust v\u00f5i seiskunud olukorrast v\u00e4lja tulla ja edasi liikuda. Kuna mul on 20+ aastat rahvusvahelist coachi kogemust &#8211; siis ma saan sinuga jagada ka paljusid t\u00f6\u00f6riistu mis v\u00f5ivad sulle hetkel kasulikud olla.<\/p>\n<p>Imelise kohtumiseni,<\/p>\n<p>Crystal Ra<\/p>\n<span class=\"et_bloom_bottom_trigger\"><\/span>","protected":false},"excerpt":{"rendered":"<p>Antud paketiga saad super diili:\u00a0 Kvanttervise Kiirk\u00e4ivitus, Kaalu Langetuse online ise\u00f5ppe koolitus koos grupicoachingu videoga (2 tundi ja 42 min) (V\u00e4\u00e4rtus 300 + eurot) Edu Lainetes Surfamise online ise\u00f5ppe koolitus [&hellip;]<\/p>\n","protected":false},"featured_media":226799,"comment_status":"open","ping_status":"closed","template":"","meta":{"_acf_changed":false,"_et_pb_use_builder":"","_et_pb_old_content":"","_et_gb_content_width":""},"product_cat":[1014],"product_tag":[],"class_list":{"0":"post-226421","1":"product","2":"type-product","3":"status-publish","4":"has-post-thumbnail","6":"product_cat-uncategorized","8":"first","9":"instock","10":"shipping-taxable","11":"purchasable","12":"product-type-simple"},"acf":[],"_links":{"self":[{"href":"https:\/\/crystalralaksmi.com\/eesti\/wp-json\/wp\/v2\/product\/226421","targetHints":{"allow":["GET"]}}],"collection":[{"href":"https:\/\/crystalralaksmi.com\/eesti\/wp-json\/wp\/v2\/product"}],"about":[{"href":"https:\/\/crystalralaksmi.com\/eesti\/wp-json\/wp\/v2\/types\/product"}],"replies":[{"embeddable":true,"href":"https:\/\/crystalralaksmi.com\/eesti\/wp-json\/wp\/v2\/comments?post=226421"}],"wp:featuredmedia":[{"embeddable":true,"href":"https:\/\/crystalralaksmi.com\/eesti\/wp-json\/wp\/v2\/media\/226799"}],"wp:attachment":[{"href":"https:\/\/crystalralaksmi.com\/eesti\/wp-json\/wp\/v2\/media?parent=226421"}],"wp:term":[{"taxonomy":"product_cat","embeddable":true,"href":"https:\/\/crystalralaksmi.com\/eesti\/wp-json\/wp\/v2\/product_cat?post=226421"},{"taxonomy":"product_tag","embeddable":true,"href":"https:\/\/crystalralaksmi.com\/eesti\/wp-json\/wp\/v2\/product_tag?post=226421"}],"curies":[{"name":"wp","href":"https:\/\/api.w.org\/{rel}","templated":true}]}}