{"id":226800,"date":"2023-11-20T08:03:48","date_gmt":"2023-11-20T06:03:48","guid":{"rendered":"https:\/\/crystalralaksmi.com\/eesti\/?post_type=product&#038;p=226800"},"modified":"2023-11-28T23:16:30","modified_gmt":"2023-11-28T21:16:30","slug":"musta-reede-pakett-2-8-rahamagnetit-kvantkulluse-ja-eluulesannete-kiirkaivitus","status":"publish","type":"product","link":"https:\/\/crystalralaksmi.com\/eesti\/product\/musta-reede-pakett-2-8-rahamagnetit-kvantkulluse-ja-eluulesannete-kiirkaivitus\/","title":{"rendered":"Musta Reede pakett # 2  &#8211; 8 Rahamagnetit + Kvantk\u00fclluse ja Elu\u00fclesannete Kiirk\u00e4ivitus"},"content":{"rendered":"<p><strong>Antud paketiga saad super diili:\u00a0<\/strong><\/p>\n<ol>\n<li><strong>Kvantk\u00fclluse ja Elu\u00fclesannete Kiirk\u00e4ivituse (v\u00e4\u00e4rtus 125 eurot) sinu erihind 60 eurot<\/strong><\/li>\n<li><strong>8 Rahamagneti videot (v\u00e4\u00e4rtus 40 eurot) sinu erihind 30 eurot!<\/strong><\/li>\n<li><strong>Kogu paketi hind 90 eurot (tavahind 165 eurot)<\/strong><\/li>\n<\/ol>\n<p><strong>Kasuta v\u00f5imalust! Pakkumine on j\u00f5us vaid kuni 27.11.2023<\/strong><\/p>\n<p>** Lisa \u00fclevaade toodete sisust:<\/p>\n<h1><strong>Kvantk\u00fclluse ja Elu\u00fclesannete Kiirk\u00e4ivituse kursus:<\/strong><\/h1>\n<p class=\"p1\">Kuigi paljud manifesteerimiskursused v\u00e4idavad et k\u00f5ik algab m\u00f5ttest siis mina \u00fctleks et k\u00f5ik algab energiast. Kuna ka meie ise oleme eelk\u00f5ige energia. Seep\u00e4rast olen kokku pannud Kvantk\u00fclluse- ja Elu\u00fclesannete Kiirk\u00e4ivituse Kursuse kus on v\u00f5imalus 5 n\u00e4dala jooksul sukelduda k\u00fclluse teemasse pikuti ja laiuti samal ajal vastu v\u00f5tta teiselt poolt maakera kvantresonantsi energiaid ja ja samuti ka buuste &#8211; mis hakkab ka tegelema meie infov\u00e4lja puhastumise ja avardumisega.<\/p>\n<p class=\"p1\"><b>Mida programm t\u00e4psemalt sisaldab?<\/b><\/p>\n<p class=\"p1\">&#8211; 5 n\u00e4dala PDF juhiseid<\/p>\n<p class=\"p1\">&#8211; 5 n\u00e4dala grupi coachingu k\u00f5nesid eelnevalt kursuselt<\/p>\n<p class=\"p1\">&#8211; 3 sisu selgitavat video<\/p>\n<p class=\"p1\">&#8211; Talentide m\u00e4ngu selgitus materjalid<\/p>\n<p class=\"p1\">&#8211; Uue Aja Numeroloogia p\u00f5hinumbrite \u00fclevaade<\/p>\n<p class=\"p1\">&#8211; Bhastrika hingamistehnika selgitusvideo<\/p>\n<p class=\"p1\">&#8211; Sisemise Pere meditatsioon<\/p>\n<p class=\"p1\">&#8211; Valu kingitused kingitus<\/p>\n<p class=\"p1\">&#8211; Miksi harjutus, t\u00f6\u00f6lehed ja t\u00e4itmise juhised<\/p>\n<p class=\"p1\">&#8211; Elu\u00fclesande kaardistuse lisaharjutus<\/p>\n<p class=\"p1\">&#8211; Kaasajastamine Uue Aja Energiatega video<\/p>\n<p class=\"p1\">&#8211; Esimesed sammud videode esitlusega<\/p>\n<p class=\"p1\">&#8211; K\u00fclluse blokkide kaardistamise test<\/p>\n<p class=\"p1\">&#8211; Holistilise K\u00fclluse Katsumus 15 tundi videomaterjali ja 31 t\u00f6\u00f6lehte<\/p>\n<p class=\"p1\">&#8211; Uue 5 n\u00e4dala grupicoachingu videod koos kvantsageduse resonantsiga<\/p>\n<p class=\"p1\"><b>Mida t\u00e4hendab kvantk\u00fcllus?<\/b><\/p>\n<p class=\"p1\">Kvantk\u00fcllus t\u00e4hendab see on holistiline k\u00fcllus ja see pole vaid kinni kas rahas v\u00f5i mateerias. See on k\u00fcllus mis v\u00f5ib saabuda uue m\u00f5tte, idee v\u00f5i v\u00f5imalusena ja kuna su keha, meel ja vaim on sedav\u00f5rda rohkem puhastunud siis saad ka vastu v\u00f5tta suuremal moel. Kuna su keha saab hakata nii s\u00fcgavalt puhastuma siis see t\u00e4iega toetab sind ka muudes avardumistes &#8211; nagu oma suhete parandamises, tervises, seksuaalsused, elu\u00fclesannetes jms.<\/p>\n<h1><strong>8 Rahamagnetit\u00a0<\/strong><\/h1>\n<p class=\"p1\">Aloha, Siin on sul v\u00f5imalus osta endale K\u00fclluse Akadeemia esimese astme Kaheksa Rahamagnetit, mis v\u00f5ivad t\u00e4ielikult muuta sinu raha ja k\u00fclluse olukorda sinu elus. Sa v\u00f5id ise otsustada kas soovid materjali l\u00e4bida kaheksa tunni, kaheksa p\u00e4eva, n\u00e4dala v\u00f5i kuuga. Ait\u00e4h ja edu sulle!<\/p>\n<p>Imelist toimetamist,<\/p>\n<p>Crystal Ra<\/p>\n<p>&nbsp;<\/p>\n<span class=\"et_bloom_bottom_trigger\"><\/span>","protected":false},"excerpt":{"rendered":"<p>Antud paketiga saad super diili:\u00a0 Kvantk\u00fclluse ja Elu\u00fclesannete Kiirk\u00e4ivituse (v\u00e4\u00e4rtus 125 eurot) sinu erihind 60 eurot 8 Rahamagneti videot (v\u00e4\u00e4rtus 40 eurot) sinu erihind 30 eurot! Kogu paketi hind 90 [&hellip;]<\/p>\n","protected":false},"featured_media":226802,"comment_status":"open","ping_status":"closed","template":"","meta":{"_acf_changed":false,"_et_pb_use_builder":"","_et_pb_old_content":"","_et_gb_content_width":""},"product_cat":[1014,1352],"product_tag":[],"class_list":{"0":"post-226800","1":"product","2":"type-product","3":"status-publish","4":"has-post-thumbnail","6":"product_cat-uncategorized","7":"product_cat-montonio","9":"first","10":"instock","11":"shipping-taxable","12":"purchasable","13":"product-type-simple"},"acf":[],"_links":{"self":[{"href":"https:\/\/crystalralaksmi.com\/eesti\/wp-json\/wp\/v2\/product\/226800","targetHints":{"allow":["GET"]}}],"collection":[{"href":"https:\/\/crystalralaksmi.com\/eesti\/wp-json\/wp\/v2\/product"}],"about":[{"href":"https:\/\/crystalralaksmi.com\/eesti\/wp-json\/wp\/v2\/types\/product"}],"replies":[{"embeddable":true,"href":"https:\/\/crystalralaksmi.com\/eesti\/wp-json\/wp\/v2\/comments?post=226800"}],"wp:featuredmedia":[{"embeddable":true,"href":"https:\/\/crystalralaksmi.com\/eesti\/wp-json\/wp\/v2\/media\/226802"}],"wp:attachment":[{"href":"https:\/\/crystalralaksmi.com\/eesti\/wp-json\/wp\/v2\/media?parent=226800"}],"wp:term":[{"taxonomy":"product_cat","embeddable":true,"href":"https:\/\/crystalralaksmi.com\/eesti\/wp-json\/wp\/v2\/product_cat?post=226800"},{"taxonomy":"product_tag","embeddable":true,"href":"https:\/\/crystalralaksmi.com\/eesti\/wp-json\/wp\/v2\/product_tag?post=226800"}],"curies":[{"name":"wp","href":"https:\/\/api.w.org\/{rel}","templated":true}]}}